{"id":2058,"date":"2018-05-02T16:10:46","date_gmt":"2018-05-02T16:10:46","guid":{"rendered":"https:\/\/www.a-tributario.cl\/?page_id=2058"},"modified":"2023-11-25T03:35:58","modified_gmt":"2023-11-25T03:35:58","slug":"preguntas-frecuentes","status":"publish","type":"page","link":"https:\/\/a-tributario.cl\/index.php\/preguntas-frecuentes\/","title":{"rendered":"PREGUNTAS FRECUENTES"},"content":{"rendered":"<p>[vc_row][vc_column width=\u00bb1\/2&#8243;][vc_toggle title=\u00bb\u00bfPrescriben las deudas con el fisco? \u00ab]Todas las deudas prescriben, incluso aquellas que se tiene con el fisco. Sin embargo se deben alegar en el plazo que establece la ley.-[\/vc_toggle][vc_toggle title=\u00bbSi la deuda es antigua y no tengo dinero \u00bfQu\u00e9 puedo hacer? \u00ab]Se pueden utilizar recursos procesales para la eliminaci\u00f3n de la deuda[\/vc_toggle][vc_toggle title=\u00bb\u00bfD\u00f3nde deben practicarme la notificaci\u00f3n?\u00bb]<a href=\"https:\/\/iusasesores.webnode.cl\/articulos\/las-notificaciones-en-materia-tributaria\/\" target=\"_blank\" rel=\"noopener noreferrer\">VER ART\u00cdCULO<\/a>[\/vc_toggle][vc_toggle title=\u00bb\u00bfPueden notificarme en un domicilio ajeno, es decir que no era mi domicilio al momento de la notificaci\u00f3n? \u00ab]<a href=\"https:\/\/iusasesores.webnode.cl\/articulos\/las-notificaciones-en-materia-tributaria\/\" target=\"_blank\" rel=\"noopener noreferrer\">VER ART\u00cdCULO<\/a>[\/vc_toggle][vc_toggle title=\u00bb\u00bfPueden embargar mis remuneraciones?\u00bb]En efecto, pueden embargar sus remuneraciones en todo lo que exceda a 5 UTM. Esta norma es una herramienta muy poderosa del Servicio de Tesorer\u00eda ya que, a diferencia de todas las normas legales que permiten el embargo de remuneraciones en las cuales solo se pueden embargar o retener hasta cierto monto o porcentaje, en este caso se puede embargar todo lo que exceda a 5 UTM. Por lo tanto, si su remuneraci\u00f3n es de dos millones de pesos todo lo que exceda a 5 UTM va a ir directo a Tesorer\u00eda. Ejemplo: Valor UTM $ 40.935,00 por 5 es igual a $204.675.<\/p>\n<p>Entonces, si usted gana dos millones de pesos le pueden embargar hasta $1.795.325.[\/vc_toggle][vc_toggle title=\u00bb\u00bfPueden embargar mis ahorros y mis fondos de mis cuentas corrientes? \u00ab]S\u00ed, este embargo es muy habitual y no tiene tope, por lo cual pueden embargarse dineros hasta la totalidad del monto adeudado.[\/vc_toggle][vc_toggle title=\u00bb\u00bfSon heredables las deudas?\u00bb]S\u00ed, las deudas forman parte del patrimonio de una persona, por tal raz\u00f3n junto con los bienes que pueda transmitir la persona al momento de su fallecimiento va igualmente a transmitir las deudas.<\/p>\n<p>Existen herramientas legales para no arriesgar el patrimonio, como el beneficio de inventario, o la repudiaci\u00f3n de la herencia.-[\/vc_toggle][\/vc_column][vc_column width=\u00bb1\/2&#8243;][vc_toggle title=\u00bb\u00bfCu\u00e1les son los reajustes, intereses y las multas que me cobra tesorer\u00eda que pueden aumentar mi deuda? \u00ab]REAJUSTE: Todo impuesto o contribuci\u00f3n que no se pague dentro del plazo legal se reajustar\u00e1 en el mismo porcentaje de aumento que haya experimentado el \u00cdndice de Precios al Consumidor.<\/p>\n<p>INTER\u00c9S: El contribuyente estar\u00e1 afecto a un inter\u00e9s penal del uno y medio por ciento mensual por cada mes o fracci\u00f3n de mes, en caso de mora en el pago del todo o de la parte que adeudare de cualquier clase de impuestos y contribuciones. Este inter\u00e9s se calcular\u00e1 sobre los valores reajustados.<\/p>\n<p>MULTA: El retardo en enterar en Tesorer\u00eda impuestos sujetos a retenci\u00f3n o recargo, se sanciona con multa de un diez por ciento de los impuestos adeudados. La multa indicada se aumentar\u00e1 en un dos por ciento por cada mes o fracci\u00f3n de mes de retardo, no pudiendo exceder el total de ella del treinta por ciento de los impuestos adeudados.<\/p>\n<p>[\/vc_toggle][vc_toggle title=\u00bb\u00bfPuede un recaudador fiscal ir con la fuerza p\u00fablica a mi domicilio? \u00ab]S\u00ed, el recaudador fiscal tiene facultades que le otorga la ley y se encuentran descritas adem\u00e1s en el mandamiento de ejecuci\u00f3n y embargo.[\/vc_toggle][vc_toggle title=\u00bb\u00bfPuedo reclamar si soy v\u00edctima de un mal trato de palabra de un funcionario de Tesorer\u00eda, si no me entregan informaci\u00f3n o si me faltan a la verdad? \u00ab]En caso de falta o abuso cometido durante el juicio por parte del juez sustanciador o sus auxiliares los contribuyentes tienen derecho a reclamar ante el Abogado Provincial, el cual deber\u00e1 adoptar las resoluciones que tengan por objeto poner pronto remedio al mal que motiva la reclamaci\u00f3n. El Abogado deber\u00e1 informar al Tesorero para que adopte medidas administrativas y sanciones si proceden.[\/vc_toggle][vc_toggle title=\u00bb\u00bfAnte qui\u00e9n m\u00e1s se puede hacer este reclamo? \u00ab]Se puede realizar directamente al Jefe del Servicio P\u00fablico o a la Contralor\u00eda General de la Rep\u00fablica.[\/vc_toggle][vc_toggle title=\u00bb\u00bfQu\u00e9 sucede si existen faltas o abusos por parte de funcionarios p\u00fablicos cometidos fuera del juicio ejecutivo? \u00ab]Toda otra infracci\u00f3n a las obligaciones y deberes funcionarios y a las leyes cometida por un funcionario p\u00fablico en el ejercicio de sus funciones es sancionada por la ley N\u00b0 18.834, sobre Estatuto Administrativo. Como por ejemplo, no cumplir con la obligaci\u00f3n de observar estrictamente el Principio de Probidad Administrativa o la obligaci\u00f3n de realizar sus labores con esmero, cortes\u00eda, dedicaci\u00f3n y eficiencia.[\/vc_toggle][vc_toggle title=\u00bb\u00bfMe pueden llevar bajo arresto si no acompa\u00f1o la Declaraci\u00f3n Jurada de Bienes? \u00ab]Es una facultad que dispone Tesorer\u00eda y que puede ser evitada con la interposici\u00f3n de los recursos judiciales correspondientes.[\/vc_toggle][\/vc_column][\/vc_row]<\/p>\n","protected":false},"excerpt":{"rendered":"<p>[vc_row][vc_column width=\u00bb1\/2&#8243;][vc_toggle title=\u00bb\u00bfPrescriben las deudas con el fisco? \u00ab]Todas las deudas prescriben, incluso aquellas que se tiene con el fisco. Sin embargo se deben alegar en el plazo que establece la ley.-[\/vc_toggle][vc_toggle title=\u00bbSi la deuda es antigua y no tengo dinero \u00bfQu\u00e9 puedo hacer? \u00ab]Se pueden utilizar recursos procesales para la eliminaci\u00f3n de la deuda[\/vc_toggle][vc_toggle [&hellip;]<\/p>\n","protected":false},"author":1,"featured_media":0,"parent":0,"menu_order":0,"comment_status":"closed","ping_status":"closed","template":"","meta":{"_monsterinsights_skip_tracking":false,"_monsterinsights_sitenote_active":false,"_monsterinsights_sitenote_note":"","_monsterinsights_sitenote_category":0,"footnotes":"","_joinchat":[]},"yoast_head":"<!-- This site is optimized with the Yoast SEO plugin v21.5 - https:\/\/yoast.com\/wordpress\/plugins\/seo\/ -->\n<title>PREGUNTAS FRECUENTES - ABOGADO TRIBUTARIO R&amp;R<\/title>\n<meta name=\"description\" content=\"\u00bfPueden embargar mis remuneraciones?- \u00bfPueden embargar mis ahorros y mis fondos de mis cuentas corrientes?.- \u00bfSon heredables las deudas?\" \/>\n<meta name=\"robots\" content=\"index, follow, max-snippet:-1, max-image-preview:large, max-video-preview:-1\" \/>\n<link rel=\"canonical\" href=\"https:\/\/a-tributario.cl\/index.php\/preguntas-frecuentes\/\" \/>\n<meta property=\"og:locale\" content=\"es_ES\" \/>\n<meta property=\"og:type\" content=\"article\" \/>\n<meta property=\"og:title\" content=\"PREGUNTAS FRECUENTES - ABOGADO TRIBUTARIO R&amp;R\" \/>\n<meta property=\"og:description\" content=\"\u00bfPueden embargar mis remuneraciones?- \u00bfPueden embargar mis ahorros y mis fondos de mis cuentas corrientes?.- \u00bfSon heredables las deudas?\" \/>\n<meta property=\"og:url\" content=\"https:\/\/a-tributario.cl\/index.php\/preguntas-frecuentes\/\" \/>\n<meta property=\"og:site_name\" content=\"ABOGADO TRIBUTARIO R&amp;R\" \/>\n<meta property=\"article:publisher\" content=\"https:\/\/www.facebook.com\/AbogadosTributariosIUS\/\" \/>\n<meta property=\"article:modified_time\" content=\"2023-11-25T03:35:58+00:00\" \/>\n<meta name=\"twitter:card\" content=\"summary_large_image\" \/>\n<meta name=\"twitter:site\" content=\"@ius_asesores\" \/>\n<meta name=\"twitter:label1\" content=\"Tiempo de lectura\" \/>\n\t<meta name=\"twitter:data1\" content=\"4 minutos\" \/>\n<script type=\"application\/ld+json\" class=\"yoast-schema-graph\">{\"@context\":\"https:\/\/schema.org\",\"@graph\":[{\"@type\":\"WebPage\",\"@id\":\"https:\/\/a-tributario.cl\/index.php\/preguntas-frecuentes\/\",\"url\":\"https:\/\/a-tributario.cl\/index.php\/preguntas-frecuentes\/\",\"name\":\"PREGUNTAS FRECUENTES - ABOGADO TRIBUTARIO R&amp;R\",\"isPartOf\":{\"@id\":\"https:\/\/a-tributario.cl\/#website\"},\"datePublished\":\"2018-05-02T16:10:46+00:00\",\"dateModified\":\"2023-11-25T03:35:58+00:00\",\"description\":\"\u00bfPueden embargar mis remuneraciones?- \u00bfPueden embargar mis ahorros y mis fondos de mis cuentas corrientes?.- \u00bfSon heredables las deudas?\",\"breadcrumb\":{\"@id\":\"https:\/\/a-tributario.cl\/index.php\/preguntas-frecuentes\/#breadcrumb\"},\"inLanguage\":\"es\",\"potentialAction\":[{\"@type\":\"ReadAction\",\"target\":[\"https:\/\/a-tributario.cl\/index.php\/preguntas-frecuentes\/\"]}]},{\"@type\":\"BreadcrumbList\",\"@id\":\"https:\/\/a-tributario.cl\/index.php\/preguntas-frecuentes\/#breadcrumb\",\"itemListElement\":[{\"@type\":\"ListItem\",\"position\":1,\"name\":\"Portada\",\"item\":\"https:\/\/a-tributario.cl\/\"},{\"@type\":\"ListItem\",\"position\":2,\"name\":\"PREGUNTAS FRECUENTES\"}]},{\"@type\":\"WebSite\",\"@id\":\"https:\/\/a-tributario.cl\/#website\",\"url\":\"https:\/\/a-tributario.cl\/\",\"name\":\"ABOGADO TRIBUTARIO R&amp;R\",\"description\":\"ASESOR\u00cdA TRIBUTARIA, DEFENSA LIQUIDACI\u00d3N Y GIRO SII, PRESCRIPCI\u00d3N IMPUESTOS DEFENSA COBRO TESORER\u00cdA\",\"publisher\":{\"@id\":\"https:\/\/a-tributario.cl\/#organization\"},\"potentialAction\":[{\"@type\":\"SearchAction\",\"target\":{\"@type\":\"EntryPoint\",\"urlTemplate\":\"https:\/\/a-tributario.cl\/?s={search_term_string}\"},\"query-input\":\"required name=search_term_string\"}],\"inLanguage\":\"es\"},{\"@type\":\"Organization\",\"@id\":\"https:\/\/a-tributario.cl\/#organization\",\"name\":\"Abogado Tributario Let\",\"url\":\"https:\/\/a-tributario.cl\/\",\"logo\":{\"@type\":\"ImageObject\",\"inLanguage\":\"es\",\"@id\":\"https:\/\/a-tributario.cl\/#\/schema\/logo\/image\/\",\"url\":\"https:\/\/a-tributario.cl\/wp-content\/uploads\/2019\/04\/Image-2018-e1556290954199.jpeg\",\"contentUrl\":\"https:\/\/a-tributario.cl\/wp-content\/uploads\/2019\/04\/Image-2018-e1556290954199.jpeg\",\"width\":128,\"height\":128,\"caption\":\"Abogado Tributario Let\"},\"image\":{\"@id\":\"https:\/\/a-tributario.cl\/#\/schema\/logo\/image\/\"},\"sameAs\":[\"https:\/\/www.facebook.com\/AbogadosTributariosIUS\/\",\"https:\/\/twitter.com\/ius_asesores\",\"https:\/\/www.linkedin.com\/in\/abogadotributario\/\"]}]}<\/script>\n<!-- \/ Yoast SEO plugin. -->","yoast_head_json":{"title":"PREGUNTAS FRECUENTES - ABOGADO TRIBUTARIO R&amp;R","description":"\u00bfPueden embargar mis remuneraciones?- \u00bfPueden embargar mis ahorros y mis fondos de mis cuentas corrientes?.- \u00bfSon heredables las deudas?","robots":{"index":"index","follow":"follow","max-snippet":"max-snippet:-1","max-image-preview":"max-image-preview:large","max-video-preview":"max-video-preview:-1"},"canonical":"https:\/\/a-tributario.cl\/index.php\/preguntas-frecuentes\/","og_locale":"es_ES","og_type":"article","og_title":"PREGUNTAS FRECUENTES - ABOGADO TRIBUTARIO R&amp;R","og_description":"\u00bfPueden embargar mis remuneraciones?- \u00bfPueden embargar mis ahorros y mis fondos de mis cuentas corrientes?.- \u00bfSon heredables las deudas?","og_url":"https:\/\/a-tributario.cl\/index.php\/preguntas-frecuentes\/","og_site_name":"ABOGADO TRIBUTARIO R&amp;R","article_publisher":"https:\/\/www.facebook.com\/AbogadosTributariosIUS\/","article_modified_time":"2023-11-25T03:35:58+00:00","twitter_card":"summary_large_image","twitter_site":"@ius_asesores","twitter_misc":{"Tiempo de lectura":"4 minutos"},"schema":{"@context":"https:\/\/schema.org","@graph":[{"@type":"WebPage","@id":"https:\/\/a-tributario.cl\/index.php\/preguntas-frecuentes\/","url":"https:\/\/a-tributario.cl\/index.php\/preguntas-frecuentes\/","name":"PREGUNTAS FRECUENTES - ABOGADO TRIBUTARIO R&amp;R","isPartOf":{"@id":"https:\/\/a-tributario.cl\/#website"},"datePublished":"2018-05-02T16:10:46+00:00","dateModified":"2023-11-25T03:35:58+00:00","description":"\u00bfPueden embargar mis remuneraciones?- \u00bfPueden embargar mis ahorros y mis fondos de mis cuentas corrientes?.- \u00bfSon heredables las deudas?","breadcrumb":{"@id":"https:\/\/a-tributario.cl\/index.php\/preguntas-frecuentes\/#breadcrumb"},"inLanguage":"es","potentialAction":[{"@type":"ReadAction","target":["https:\/\/a-tributario.cl\/index.php\/preguntas-frecuentes\/"]}]},{"@type":"BreadcrumbList","@id":"https:\/\/a-tributario.cl\/index.php\/preguntas-frecuentes\/#breadcrumb","itemListElement":[{"@type":"ListItem","position":1,"name":"Portada","item":"https:\/\/a-tributario.cl\/"},{"@type":"ListItem","position":2,"name":"PREGUNTAS FRECUENTES"}]},{"@type":"WebSite","@id":"https:\/\/a-tributario.cl\/#website","url":"https:\/\/a-tributario.cl\/","name":"ABOGADO TRIBUTARIO R&amp;R","description":"ASESOR\u00cdA TRIBUTARIA, DEFENSA LIQUIDACI\u00d3N Y GIRO SII, PRESCRIPCI\u00d3N IMPUESTOS DEFENSA COBRO TESORER\u00cdA","publisher":{"@id":"https:\/\/a-tributario.cl\/#organization"},"potentialAction":[{"@type":"SearchAction","target":{"@type":"EntryPoint","urlTemplate":"https:\/\/a-tributario.cl\/?s={search_term_string}"},"query-input":"required name=search_term_string"}],"inLanguage":"es"},{"@type":"Organization","@id":"https:\/\/a-tributario.cl\/#organization","name":"Abogado Tributario Let","url":"https:\/\/a-tributario.cl\/","logo":{"@type":"ImageObject","inLanguage":"es","@id":"https:\/\/a-tributario.cl\/#\/schema\/logo\/image\/","url":"https:\/\/a-tributario.cl\/wp-content\/uploads\/2019\/04\/Image-2018-e1556290954199.jpeg","contentUrl":"https:\/\/a-tributario.cl\/wp-content\/uploads\/2019\/04\/Image-2018-e1556290954199.jpeg","width":128,"height":128,"caption":"Abogado Tributario Let"},"image":{"@id":"https:\/\/a-tributario.cl\/#\/schema\/logo\/image\/"},"sameAs":["https:\/\/www.facebook.com\/AbogadosTributariosIUS\/","https:\/\/twitter.com\/ius_asesores","https:\/\/www.linkedin.com\/in\/abogadotributario\/"]}]}},"_links":{"self":[{"href":"https:\/\/a-tributario.cl\/index.php\/wp-json\/wp\/v2\/pages\/2058"}],"collection":[{"href":"https:\/\/a-tributario.cl\/index.php\/wp-json\/wp\/v2\/pages"}],"about":[{"href":"https:\/\/a-tributario.cl\/index.php\/wp-json\/wp\/v2\/types\/page"}],"author":[{"embeddable":true,"href":"https:\/\/a-tributario.cl\/index.php\/wp-json\/wp\/v2\/users\/1"}],"replies":[{"embeddable":true,"href":"https:\/\/a-tributario.cl\/index.php\/wp-json\/wp\/v2\/comments?post=2058"}],"version-history":[{"count":10,"href":"https:\/\/a-tributario.cl\/index.php\/wp-json\/wp\/v2\/pages\/2058\/revisions"}],"predecessor-version":[{"id":5745,"href":"https:\/\/a-tributario.cl\/index.php\/wp-json\/wp\/v2\/pages\/2058\/revisions\/5745"}],"wp:attachment":[{"href":"https:\/\/a-tributario.cl\/index.php\/wp-json\/wp\/v2\/media?parent=2058"}],"curies":[{"name":"wp","href":"https:\/\/api.w.org\/{rel}","templated":true}]}}