{"id":2689,"date":"2019-05-23T22:05:35","date_gmt":"2019-05-23T22:05:35","guid":{"rendered":"https:\/\/www.a-tributario.cl\/?page_id=2689"},"modified":"2023-12-12T14:52:09","modified_gmt":"2023-12-12T14:52:09","slug":"sii-perdida-de-arrastre","status":"publish","type":"page","link":"https:\/\/a-tributario.cl\/index.php\/sii-perdida-de-arrastre\/","title":{"rendered":"PERDIDA DE ARRASTRE"},"content":{"rendered":"[vc_row][vc_column width=\u00bb1\/2&#8243;][vc_cta h2=\u00bbSENTENCIA 09\/05\/2019, RECURSO ROL 18222-2017 CORTE SUPREMA\u00bb]<p><!-- \/wp:paragraph --><\/p>\n<p><!-- wp:paragraph --><\/p>\n<h4 style=\"text-align: center;\">LIQUIDACI\u00d3N PUEDE HACERSE MIENTRAS NO SE IMPUTEN A UN A\u00d1O TRIBUTARIO EN ESPEC\u00cdFICO<\/h4>\n<p><!-- \/wp:paragraph --><\/p>\n<p><!-- wp:paragraph --><\/p>\n<p>\u00abTrat\u00e1ndose de la determinaci\u00f3n de un impuesto actual en que el contribuyente invoca un gasto, haciendo valer gastos o p\u00e9rdidas de arrastre provenientes de ejercicios anteriores al amparo del art\u00edculo 31 de la ley de impuesto a la renta, no procede que el servicio de impuestos internos, al exigir que se acrediten fehacientemente tales gastos o p\u00e9rdidas, ejerza sus facultades fiscalizadoras para revisar impuestos prescritos, sino que solo puede controlar que los gastos que se hacen valer respecto de la determinaci\u00f3n de un impuesto actual se encuentren justificados\u00bb.<\/p>\n<p>\u00abMientras los aludidos gastos o p\u00e9rdidas no se imputen a utilidades de un ejercicio determinado, el servicio de impuestos internos podr\u00e1 revisarlas, desde que las mismas se generaron, sin que se le pueda oponer prescripci\u00f3n alguna\u00bb.<\/p>\n<p>\u00abLa jurisprudencia asentada de esta corte en materia de gastos o p\u00e9rdidas de arrastre permite la revisi\u00f3n de operaciones que exceden el per\u00edodo de prescripci\u00f3n siempre que incidan en tributos actuales, por lo que no resulta procedente rever el conflicto jur\u00eddico, sobradamente resuelto\u00bb.<\/p>[\/vc_cta][\/vc_column][vc_column width=\u00bb1\/2&#8243;][vc_single_image image=\u00bb1992&#8243; img_size=\u00bblarge\u00bb][vc_column_text]<p><!-- wp:image {\"id\":1992,\"align\":\"center\",\"width\":139,\"height\":77} --><\/p>\n<p><!-- \/wp:image --><\/p>\n<p><!-- wp:paragraph --><\/p>\n<p><!-- \/wp:paragraph --><\/p>\n<p><!-- wp:paragraph --><\/p>\n<p><span style=\"color: #003300;\"><strong><a style=\"color: #003300;\" href=\"https:\/\/www.a-tributario.cl\/sentencia-del-9-de-mayo-de-2019-recurso-rol-18222-2017-corte-suprema-perdida-de-arrastre\/\" target=\"_blank\" rel=\"noreferrer noopener\" aria-label=\"SENTENCIA DEL 9 DE MAYO DE 2019, RECURSO ROL 18222-2017 CORTE SUPREMA - PERDIDA DE ARRASTRE (abrir en una nueva pesta\u00f1a)\">SENTENCIA DEL 9 DE MAYO DE 2019, RECURSO ROL 18222-2017 CORTE SUPREMA &#8211; PERDIDA DE ARRASTRE<\/a><\/strong><\/span><\/p>\n<p><!-- \/wp:paragraph --><\/p>[\/vc_column_text][\/vc_column][\/vc_row]","protected":false},"excerpt":{"rendered":"<p>[vc_row][vc_column width=\u00bb1\/2&#8243;][vc_cta h2=\u00bbSENTENCIA 09\/05\/2019, RECURSO ROL 18222-2017 CORTE SUPREMA\u00bb] LIQUIDACI\u00d3N PUEDE HACERSE MIENTRAS NO SE IMPUTEN A UN A\u00d1O TRIBUTARIO EN ESPEC\u00cdFICO \u00abTrat\u00e1ndose de la determinaci\u00f3n de un impuesto actual en que el contribuyente invoca un gasto, haciendo valer gastos o p\u00e9rdidas de arrastre provenientes de ejercicios anteriores al amparo del art\u00edculo 31 de la [&hellip;]<\/p>\n","protected":false},"author":1,"featured_media":0,"parent":0,"menu_order":0,"comment_status":"closed","ping_status":"closed","template":"","meta":{"_monsterinsights_skip_tracking":false,"_monsterinsights_sitenote_active":false,"_monsterinsights_sitenote_note":"","_monsterinsights_sitenote_category":0,"footnotes":"","_joinchat":{"message_send":"CONSULTAS VIA WHATSAPP"}},"yoast_head":"<!-- This site is optimized with the Yoast SEO plugin v21.5 - https:\/\/yoast.com\/wordpress\/plugins\/seo\/ -->\n<title>PERDIDA DE ARRASTRE - ABOGADO TRIBUTARIO R&amp;R<\/title>\n<meta name=\"description\" content=\"SII PERDIDA DE ARRASTRE- SENTENCIA CORTE SUPREMA\" \/>\n<meta name=\"robots\" content=\"index, follow, max-snippet:-1, max-image-preview:large, max-video-preview:-1\" \/>\n<link rel=\"canonical\" href=\"https:\/\/a-tributario.cl\/index.php\/sii-perdida-de-arrastre\/\" \/>\n<meta property=\"og:locale\" content=\"es_ES\" \/>\n<meta property=\"og:type\" content=\"article\" \/>\n<meta property=\"og:title\" content=\"PERDIDA DE ARRASTRE - ABOGADO TRIBUTARIO R&amp;R\" \/>\n<meta property=\"og:description\" content=\"SII PERDIDA DE ARRASTRE- SENTENCIA CORTE SUPREMA\" \/>\n<meta property=\"og:url\" content=\"https:\/\/a-tributario.cl\/index.php\/sii-perdida-de-arrastre\/\" \/>\n<meta property=\"og:site_name\" content=\"ABOGADO TRIBUTARIO R&amp;R\" \/>\n<meta property=\"article:publisher\" content=\"https:\/\/www.facebook.com\/AbogadosTributariosIUS\/\" \/>\n<meta property=\"article:modified_time\" content=\"2023-12-12T14:52:09+00:00\" \/>\n<meta name=\"twitter:card\" content=\"summary_large_image\" \/>\n<meta name=\"twitter:site\" content=\"@ius_asesores\" \/>\n<meta name=\"twitter:label1\" content=\"Tiempo de lectura\" \/>\n\t<meta name=\"twitter:data1\" content=\"1 minuto\" \/>\n<script type=\"application\/ld+json\" class=\"yoast-schema-graph\">{\"@context\":\"https:\/\/schema.org\",\"@graph\":[{\"@type\":\"WebPage\",\"@id\":\"https:\/\/a-tributario.cl\/index.php\/sii-perdida-de-arrastre\/\",\"url\":\"https:\/\/a-tributario.cl\/index.php\/sii-perdida-de-arrastre\/\",\"name\":\"PERDIDA DE ARRASTRE - ABOGADO TRIBUTARIO R&amp;R\",\"isPartOf\":{\"@id\":\"https:\/\/a-tributario.cl\/#website\"},\"datePublished\":\"2019-05-23T22:05:35+00:00\",\"dateModified\":\"2023-12-12T14:52:09+00:00\",\"description\":\"SII PERDIDA DE ARRASTRE- SENTENCIA CORTE SUPREMA\",\"breadcrumb\":{\"@id\":\"https:\/\/a-tributario.cl\/index.php\/sii-perdida-de-arrastre\/#breadcrumb\"},\"inLanguage\":\"es\",\"potentialAction\":[{\"@type\":\"ReadAction\",\"target\":[\"https:\/\/a-tributario.cl\/index.php\/sii-perdida-de-arrastre\/\"]}]},{\"@type\":\"BreadcrumbList\",\"@id\":\"https:\/\/a-tributario.cl\/index.php\/sii-perdida-de-arrastre\/#breadcrumb\",\"itemListElement\":[{\"@type\":\"ListItem\",\"position\":1,\"name\":\"Portada\",\"item\":\"https:\/\/a-tributario.cl\/\"},{\"@type\":\"ListItem\",\"position\":2,\"name\":\"PERDIDA DE ARRASTRE\"}]},{\"@type\":\"WebSite\",\"@id\":\"https:\/\/a-tributario.cl\/#website\",\"url\":\"https:\/\/a-tributario.cl\/\",\"name\":\"ABOGADO TRIBUTARIO R&amp;R\",\"description\":\"ASESOR\u00cdA TRIBUTARIA, DEFENSA LIQUIDACI\u00d3N Y GIRO SII, PRESCRIPCI\u00d3N IMPUESTOS DEFENSA COBRO TESORER\u00cdA\",\"publisher\":{\"@id\":\"https:\/\/a-tributario.cl\/#organization\"},\"potentialAction\":[{\"@type\":\"SearchAction\",\"target\":{\"@type\":\"EntryPoint\",\"urlTemplate\":\"https:\/\/a-tributario.cl\/?s={search_term_string}\"},\"query-input\":\"required name=search_term_string\"}],\"inLanguage\":\"es\"},{\"@type\":\"Organization\",\"@id\":\"https:\/\/a-tributario.cl\/#organization\",\"name\":\"Abogado Tributario Let\",\"url\":\"https:\/\/a-tributario.cl\/\",\"logo\":{\"@type\":\"ImageObject\",\"inLanguage\":\"es\",\"@id\":\"https:\/\/a-tributario.cl\/#\/schema\/logo\/image\/\",\"url\":\"https:\/\/a-tributario.cl\/wp-content\/uploads\/2019\/04\/Image-2018-e1556290954199.jpeg\",\"contentUrl\":\"https:\/\/a-tributario.cl\/wp-content\/uploads\/2019\/04\/Image-2018-e1556290954199.jpeg\",\"width\":128,\"height\":128,\"caption\":\"Abogado Tributario Let\"},\"image\":{\"@id\":\"https:\/\/a-tributario.cl\/#\/schema\/logo\/image\/\"},\"sameAs\":[\"https:\/\/www.facebook.com\/AbogadosTributariosIUS\/\",\"https:\/\/twitter.com\/ius_asesores\",\"https:\/\/www.linkedin.com\/in\/abogadotributario\/\"]}]}<\/script>\n<!-- \/ Yoast SEO plugin. -->","yoast_head_json":{"title":"PERDIDA DE ARRASTRE - ABOGADO TRIBUTARIO R&amp;R","description":"SII PERDIDA DE ARRASTRE- SENTENCIA CORTE SUPREMA","robots":{"index":"index","follow":"follow","max-snippet":"max-snippet:-1","max-image-preview":"max-image-preview:large","max-video-preview":"max-video-preview:-1"},"canonical":"https:\/\/a-tributario.cl\/index.php\/sii-perdida-de-arrastre\/","og_locale":"es_ES","og_type":"article","og_title":"PERDIDA DE ARRASTRE - ABOGADO TRIBUTARIO R&amp;R","og_description":"SII PERDIDA DE ARRASTRE- SENTENCIA CORTE SUPREMA","og_url":"https:\/\/a-tributario.cl\/index.php\/sii-perdida-de-arrastre\/","og_site_name":"ABOGADO TRIBUTARIO R&amp;R","article_publisher":"https:\/\/www.facebook.com\/AbogadosTributariosIUS\/","article_modified_time":"2023-12-12T14:52:09+00:00","twitter_card":"summary_large_image","twitter_site":"@ius_asesores","twitter_misc":{"Tiempo de lectura":"1 minuto"},"schema":{"@context":"https:\/\/schema.org","@graph":[{"@type":"WebPage","@id":"https:\/\/a-tributario.cl\/index.php\/sii-perdida-de-arrastre\/","url":"https:\/\/a-tributario.cl\/index.php\/sii-perdida-de-arrastre\/","name":"PERDIDA DE ARRASTRE - ABOGADO TRIBUTARIO R&amp;R","isPartOf":{"@id":"https:\/\/a-tributario.cl\/#website"},"datePublished":"2019-05-23T22:05:35+00:00","dateModified":"2023-12-12T14:52:09+00:00","description":"SII PERDIDA DE ARRASTRE- SENTENCIA CORTE SUPREMA","breadcrumb":{"@id":"https:\/\/a-tributario.cl\/index.php\/sii-perdida-de-arrastre\/#breadcrumb"},"inLanguage":"es","potentialAction":[{"@type":"ReadAction","target":["https:\/\/a-tributario.cl\/index.php\/sii-perdida-de-arrastre\/"]}]},{"@type":"BreadcrumbList","@id":"https:\/\/a-tributario.cl\/index.php\/sii-perdida-de-arrastre\/#breadcrumb","itemListElement":[{"@type":"ListItem","position":1,"name":"Portada","item":"https:\/\/a-tributario.cl\/"},{"@type":"ListItem","position":2,"name":"PERDIDA DE ARRASTRE"}]},{"@type":"WebSite","@id":"https:\/\/a-tributario.cl\/#website","url":"https:\/\/a-tributario.cl\/","name":"ABOGADO TRIBUTARIO R&amp;R","description":"ASESOR\u00cdA TRIBUTARIA, DEFENSA LIQUIDACI\u00d3N Y GIRO SII, PRESCRIPCI\u00d3N IMPUESTOS DEFENSA COBRO TESORER\u00cdA","publisher":{"@id":"https:\/\/a-tributario.cl\/#organization"},"potentialAction":[{"@type":"SearchAction","target":{"@type":"EntryPoint","urlTemplate":"https:\/\/a-tributario.cl\/?s={search_term_string}"},"query-input":"required name=search_term_string"}],"inLanguage":"es"},{"@type":"Organization","@id":"https:\/\/a-tributario.cl\/#organization","name":"Abogado Tributario Let","url":"https:\/\/a-tributario.cl\/","logo":{"@type":"ImageObject","inLanguage":"es","@id":"https:\/\/a-tributario.cl\/#\/schema\/logo\/image\/","url":"https:\/\/a-tributario.cl\/wp-content\/uploads\/2019\/04\/Image-2018-e1556290954199.jpeg","contentUrl":"https:\/\/a-tributario.cl\/wp-content\/uploads\/2019\/04\/Image-2018-e1556290954199.jpeg","width":128,"height":128,"caption":"Abogado Tributario Let"},"image":{"@id":"https:\/\/a-tributario.cl\/#\/schema\/logo\/image\/"},"sameAs":["https:\/\/www.facebook.com\/AbogadosTributariosIUS\/","https:\/\/twitter.com\/ius_asesores","https:\/\/www.linkedin.com\/in\/abogadotributario\/"]}]}},"_links":{"self":[{"href":"https:\/\/a-tributario.cl\/index.php\/wp-json\/wp\/v2\/pages\/2689"}],"collection":[{"href":"https:\/\/a-tributario.cl\/index.php\/wp-json\/wp\/v2\/pages"}],"about":[{"href":"https:\/\/a-tributario.cl\/index.php\/wp-json\/wp\/v2\/types\/page"}],"author":[{"embeddable":true,"href":"https:\/\/a-tributario.cl\/index.php\/wp-json\/wp\/v2\/users\/1"}],"replies":[{"embeddable":true,"href":"https:\/\/a-tributario.cl\/index.php\/wp-json\/wp\/v2\/comments?post=2689"}],"version-history":[{"count":10,"href":"https:\/\/a-tributario.cl\/index.php\/wp-json\/wp\/v2\/pages\/2689\/revisions"}],"predecessor-version":[{"id":5792,"href":"https:\/\/a-tributario.cl\/index.php\/wp-json\/wp\/v2\/pages\/2689\/revisions\/5792"}],"wp:attachment":[{"href":"https:\/\/a-tributario.cl\/index.php\/wp-json\/wp\/v2\/media?parent=2689"}],"curies":[{"name":"wp","href":"https:\/\/api.w.org\/{rel}","templated":true}]}}