{"id":3042,"date":"2019-09-08T23:08:26","date_gmt":"2019-09-08T23:08:26","guid":{"rendered":"https:\/\/www.a-tributario.cl\/?page_id=3042"},"modified":"2022-05-19T00:25:02","modified_gmt":"2022-05-19T00:25:02","slug":"planificacion-tributaria-no-elusiva","status":"publish","type":"page","link":"https:\/\/a-tributario.cl\/index.php\/planificacion-tributaria-no-elusiva\/","title":{"rendered":"PLANIFICACI\u00d3N TRIBUTARIA NO ELUSIVA"},"content":{"rendered":"<p>\u00a0<\/p>\n<h1 style=\"text-align: center;\">PLANIFICACI\u00d3N TRIBUTARIA NO ELUSIVA<\/h1>\n<h2 class=\"has-medium-font-size\" align=\"center\"><a href=\"https:\/\/www.a-tributario.cl\/index.php\/elusion-tributaria\/\"><b>Qu\u00e9 es la Elusi\u00f3n tributaria en Chile<\/b><\/a><\/h2>\n<p class=\"has-medium-font-size\"><a href=\"https:\/\/www.a-tributario.cl\/index.php\/elusion-tributaria\/\"><img loading=\"lazy\" decoding=\"async\" class=\"aligncenter\" src=\"https:\/\/www.a-tributario.cl\/wp-content\/uploads\/2018\/08\/que-es-el-sii-1024x536.jpg\" alt=\"\" width=\"275\" height=\"144\" \/><\/a><\/p>\n<p class=\"has-medium-font-size\">\u00a0<\/p>\n<h2 class=\"has-medium-font-size\" style=\"text-align: center;\" align=\"center\"><b><span style=\"font-size: 16.0pt; font-family: 'Verdana',sans-serif;\">Qu\u00e9 es la <a href=\"https:\/\/www.a-tributario.cl\/index.php\/elusion-tributaria\/\" target=\"_blank\" rel=\"noopener noreferrer\">Elusi\u00f3n tributaria<\/a> en Chile<\/span><\/b><\/h2>\n<p class=\"has-medium-font-size\" style=\"text-align: justify;\"><span style=\"font-family: 'Verdana',sans-serif;\">\u00a0<\/span><\/p>\n<h3 style=\"text-align: left;\">Son las conductas de simulaci\u00f3n y abuso de formas jur\u00eddicas como una forma de burlar la aplicaci\u00f3n de normas tributarias, sea evitando o difiriendo la configuraci\u00f3n del hecho gravado o bien disminuyendo la base imponible de un impuesto<\/h3>\n<p class=\"has-medium-font-size\" style=\"text-align: justify;\"><span style=\"font-family: 'Verdana',sans-serif;\">\u00a0<\/span><\/p>\n<p class=\"has-medium-font-size\" style=\"text-align: left;\"><span style=\"font-family: 'Verdana',sans-serif;\">La Ley N\u00b0 20.780 modific\u00f3 sustancialmente el Sistema de Tributaci\u00f3n de la Renta e introdujo adem\u00e1s diversos ajustes en el Sistema Tributario, entre ellos, aparece modificado el C\u00f3digo Tributario<\/span><\/p>\n<p>\u00a0<\/p>\n<h3><a href=\"https:\/\/www.google.com\/search?q=ABOGADO+ALEJANDRO+RAMIREZ+VALDIVIA&amp;newwindow=1&amp;sxsrf=ALiCzsbtKAnHOvZvFJq8DL_zSujCZtuQzg:1652901606391&amp;ei=5kaFYpGnF-681sQP-oyvyAc&amp;start=0&amp;sa=N&amp;ved=2ahUKEwiRsuOo4un3AhVunpUCHXrGC3k4ChDy0wN6BAgBED0&amp;biw=1517&amp;bih=694&amp;dpr=0.9\" target=\"_blank\" rel=\"noopener\"><strong>ALEJANDRO RAMIREZ VALDIVIA<\/strong><\/a><\/h3>\n<p>\u00a0<\/p>\n<h3 style=\"text-align: center;\"><strong>ANTECEDENTES NORMATIVOS DE PLANIFICACI\u00d3N TRIBUTARIA NO ELUSIVA<\/strong><\/h3>\n<p>\u00a0<\/p>\n<p>\u00a0<\/p>\n\n\n<\/p>\n<p class=\"wp-block-gallery-1 is-layout-flex wp-block-gallery-is-layout-flex\">\n\n\n<p>\u00a0<\/p>\n<p><a href=\"https:\/\/www.a-tributario.cl\/wp-content\/uploads\/2019\/09\/circu65-2015-IMPARTE-INSTRUCCIONES-ACERCA-DE-LAS-NORMAS-INCORPORADAS-EN-EL-C\u00d3DIGO-TRIBUTARIO-POR-LA-LEY-N\u00b0-20780-EN-MATERIA-DE-MEDIDAS-ANTI-ELUSI\u00d3N.-.pdf\">circu65 2015 IMPARTE INSTRUCCIONES ACERCA DE LAS NORMAS INCORPORADAS EN EL C\u00d3DIGO TRIBUTARIO POR LA LEY N\u00b0 20780 EN MATERIA DE MEDIDAS ANTI ELUSI\u00d3N<\/a><\/p>\n<p>\u00a0<\/p>\n<p><a href=\"https:\/\/www.a-tributario.cl\/wp-content\/uploads\/2019\/09\/circu42-VIGENCIA-Y-APLICACI\u00d3N-DE-LAS-NORMAS-ANTI-ELUSI\u00d3N-ESTABLECIDAS-EN-LOS-ART\u00cdCULOS-4\u00b0-BIS-4\u00b0-TER-4\u00b0-QU\u00c1TER-4\u00b0-QUINQUIES-100-BIS-119-Y-160-BIS-DEL-C\u00d3DIGO-TRIBUTARIO.-.pdf\">circu42 VIGENCIA Y APLICACI\u00d3N DE LAS NORMAS ANTI ELUSI\u00d3N ESTABLECIDAS EN LOS ART\u00cdCULOS 4\u00b0 BIS 4\u00b0 TER 4\u00b0 QU\u00c1TER 4\u00b0 QUINQUIES 100 BIS 119 Y 160 BIS DEL C\u00d3DIGO TRIBUTARIO.<\/a><\/p>\n<p>\u00a0<\/p>\n<h2 style=\"text-align: center;\"><strong>CATALOGO 2019<\/strong><\/h2>\n<p style=\"text-align: left;\">El Servicio de Impuestos Internos ha venido impulsando diferentes acciones para asegurar el cumplimiento tributario de los contribuyentes, particularmente aquellas que promueven la prevenci\u00f3n, la colaboraci\u00f3n y el conocimiento compartido, de modo tal de focalizar los esfuerzos de fiscalizaci\u00f3n y detecci\u00f3n en aquellos contribuyentes que de manera intencionada han decidido incumplir sus obligaciones tributarias<\/p>\n<p style=\"text-align: left;\">En el marco de las acciones preventivas desarrolladas para facilitar y potenciar el correcto cumplimiento de la normativa tributaria, la publicaci\u00f3n por cuarto a\u00f1o consecutivo del Cat\u00e1logo de Esquemas Tributarios, junto con ser una pr\u00e1ctica recomendada globalmente, ha permitido seguir avanzando en incrementar los niveles de certeza tributaria<\/p>\n<div class=\"page\" data-page-number=\"2\" data-loaded=\"true\">\n<div class=\"textLayer\" style=\"text-align: left;\">Los casos incluidos en este documento y las materias tratadas, son concordantes con las distintas tem\u00e1ticas abordadas por el PGCT 2019 (disponible en www.sii.cl), que se asocian a distintos segmentos, sectores econ\u00f3micos, procesos o brechas definidos como prioritarios, dado su alto impacto tributario, los cuales han sido identificados a partir de la aplicaci\u00f3n de los distintos instrumentos que ofrece el Modelo de Gesti\u00f3n de Cumplimiento Tributario de la instituci\u00f3n<\/div>\n<div>\u00a0<\/div>\n<div class=\"textLayer\" style=\"text-align: left;\">En la versi\u00f3n 2019,el SII a partir de los hallazgos realizados en los equipos de fiscalizaci\u00f3n del pa\u00eds, se agregan casos observados principalmente en dos segmentos relevantes de contribuyentes incluidos en el PGCT, Altos Patrimonios y Multinacionales.<\/div>\n<div>\u00a0<\/div>\n<div class=\"textLayer\" style=\"text-align: left;\">Respecto del primer segmento, cabe destacar su incidencia en el nivel de cumplimiento de los impuestos personales y de herencia y donaciones donde representan parte importante de la recaudaci\u00f3n, lo que viene acompa\u00f1ado de operaciones y estructuras m\u00e1s complejas, adem\u00e1s de la opci\u00f3n de acceder a asesor\u00edas tributarias.<\/div>\n<div>\u00a0<\/div>\n<div class=\"textLayer\" style=\"text-align: left;\">Por otra parte, el segmento de Multinacionales, actualmente no solo tiene relevancia interna, en donde tiene una alta incidencia en el impuesto de primera categor\u00eda e impuesto al valor agregado, sino que tambi\u00e9n en el marco de la tributaci\u00f3n internacional, en donde ya existen esfuerzos entre administraciones tributarias, por ejemplo mediante la implementaci\u00f3n del Plan BEPS liderado por el G20 y OCDE, para hacer frente a la erosi\u00f3n de bases imponibles y traslados de beneficios, asegurando que la renta se grave donde el valor es creado<\/div>\n<div>\u00a0<\/div>\n<div class=\"textLayer\">\n<div class=\"endOfContent active\" style=\"text-align: left;\">En la versi\u00f3n 2019 del cat\u00e1logo se incluyen 17 nuevos casos, de los cuales 13 tienen alcance nacional y 4 internacional. En su mayo-r\u00eda se trata de esquemas que abordan principalmente los impuestos de las empresas, agregando 3 casos asociados al impuesto al valor agregado, y otros 3 al impuesto a las herencias y donaciones<\/div>\n<\/div>\n<h3><strong>VER CATALOGO<\/strong><\/h3>\n<\/div>\n<h2><a href=\"https:\/\/www.sii.cl\/destacados\/catalogo_esquemas\/index.html\" target=\"_blank\" rel=\"noopener noreferrer\">https:\/\/www.sii.cl\/destacados\/catalogo_esquemas\/index.html<\/a><\/h2>\n<p>\u00a0<\/p>\n<h2 style=\"text-align: center;\"><strong><a href=\"https:\/\/www.a-tributario.cl\/wp-content\/uploads\/2021\/01\/catalogo_esquemas_sii-2020.pdf\" target=\"_blank\" rel=\"noopener noreferrer\">catalogo_esquemas_sii-2020<\/a><\/strong><\/h2>\n<p>\u00a0<\/p>\n<p class=\"has-medium-font-size\"><a href=\"https:\/\/www.a-tributario.cl\/index.php\/contact-us\/\"><b>CONS\u00daLTENOS \u2013 EVITE INCURRIR EN ACTOS ELUSIVOS<\/b><\/a><\/p>\n<h3><a href=\"https:\/\/www.a-tributario.cl\/wp-content\/uploads\/2020\/01\/catalogo_esquemas_2019-ELUSION-.pdf\"><strong>C<\/strong><\/a><strong><a href=\"https:\/\/www.a-tributario.cl\/wp-content\/uploads\/2020\/01\/catalogo_esquemas_2019-ELUSION-.pdf\">atalogo_Esquemas_2019-ELUSION-.pdf<\/a><\/strong><\/h3>\n<p>\u00a0<\/p>","protected":false},"excerpt":{"rendered":"<p>\u00a0 PLANIFICACI\u00d3N TRIBUTARIA NO ELUSIVA Qu\u00e9 es la Elusi\u00f3n tributaria en Chile \u00a0 Qu\u00e9 es la Elusi\u00f3n tributaria en Chile \u00a0 Son las conductas de simulaci\u00f3n y abuso de formas jur\u00eddicas como una forma de burlar la aplicaci\u00f3n de normas tributarias, sea evitando o difiriendo la configuraci\u00f3n del hecho gravado o bien disminuyendo la base [&hellip;]<\/p>\n","protected":false},"author":1,"featured_media":0,"parent":0,"menu_order":0,"comment_status":"closed","ping_status":"closed","template":"","meta":{"_monsterinsights_skip_tracking":false,"_monsterinsights_sitenote_active":false,"_monsterinsights_sitenote_note":"","_monsterinsights_sitenote_category":0,"footnotes":"","_joinchat":[]},"yoast_head":"<!-- This site is optimized with the Yoast SEO plugin v21.5 - https:\/\/yoast.com\/wordpress\/plugins\/seo\/ -->\n<title>PLANIFICACI\u00d3N TRIBUTARIA NO ELUSIVA<\/title>\n<meta name=\"description\" content=\"circular 65 SII 2015 INSTRUCCIONES ACERCA DE LAS NORMAS INCORPORADAS EN EL C\u00d3DIGO TRIBUTARIO EN MATERIA DE MEDIDAS ANTI ELUSI\u00d3N\" \/>\n<meta name=\"robots\" content=\"index, follow, max-snippet:-1, max-image-preview:large, max-video-preview:-1\" \/>\n<link rel=\"canonical\" href=\"https:\/\/a-tributario.cl\/index.php\/planificacion-tributaria-no-elusiva\/\" \/>\n<meta property=\"og:locale\" content=\"es_ES\" \/>\n<meta property=\"og:type\" content=\"article\" \/>\n<meta property=\"og:title\" content=\"PLANIFICACI\u00d3N TRIBUTARIA NO ELUSIVA\" \/>\n<meta property=\"og:description\" content=\"circular 65 SII 2015 INSTRUCCIONES ACERCA DE LAS NORMAS INCORPORADAS EN EL C\u00d3DIGO TRIBUTARIO EN MATERIA DE MEDIDAS ANTI ELUSI\u00d3N\" \/>\n<meta property=\"og:url\" content=\"https:\/\/a-tributario.cl\/index.php\/planificacion-tributaria-no-elusiva\/\" \/>\n<meta property=\"og:site_name\" content=\"ABOGADO TRIBUTARIO R&amp;R\" \/>\n<meta property=\"article:publisher\" content=\"https:\/\/www.facebook.com\/AbogadosTributariosIUS\/\" \/>\n<meta property=\"article:modified_time\" content=\"2022-05-19T00:25:02+00:00\" \/>\n<meta property=\"og:image\" content=\"https:\/\/www.a-tributario.cl\/wp-content\/uploads\/2018\/08\/que-es-el-sii-1024x536.jpg\" \/>\n<meta name=\"twitter:card\" content=\"summary_large_image\" \/>\n<meta name=\"twitter:site\" content=\"@ius_asesores\" \/>\n<meta name=\"twitter:label1\" content=\"Tiempo de lectura\" \/>\n\t<meta name=\"twitter:data1\" content=\"5 minutos\" \/>\n<script type=\"application\/ld+json\" class=\"yoast-schema-graph\">{\"@context\":\"https:\/\/schema.org\",\"@graph\":[{\"@type\":\"WebPage\",\"@id\":\"https:\/\/a-tributario.cl\/index.php\/planificacion-tributaria-no-elusiva\/\",\"url\":\"https:\/\/a-tributario.cl\/index.php\/planificacion-tributaria-no-elusiva\/\",\"name\":\"PLANIFICACI\u00d3N TRIBUTARIA NO ELUSIVA\",\"isPartOf\":{\"@id\":\"https:\/\/a-tributario.cl\/#website\"},\"datePublished\":\"2019-09-08T23:08:26+00:00\",\"dateModified\":\"2022-05-19T00:25:02+00:00\",\"description\":\"circular 65 SII 2015 INSTRUCCIONES ACERCA DE LAS NORMAS INCORPORADAS EN EL C\u00d3DIGO TRIBUTARIO EN MATERIA DE MEDIDAS ANTI ELUSI\u00d3N\",\"breadcrumb\":{\"@id\":\"https:\/\/a-tributario.cl\/index.php\/planificacion-tributaria-no-elusiva\/#breadcrumb\"},\"inLanguage\":\"es\",\"potentialAction\":[{\"@type\":\"ReadAction\",\"target\":[\"https:\/\/a-tributario.cl\/index.php\/planificacion-tributaria-no-elusiva\/\"]}]},{\"@type\":\"BreadcrumbList\",\"@id\":\"https:\/\/a-tributario.cl\/index.php\/planificacion-tributaria-no-elusiva\/#breadcrumb\",\"itemListElement\":[{\"@type\":\"ListItem\",\"position\":1,\"name\":\"Portada\",\"item\":\"https:\/\/a-tributario.cl\/\"},{\"@type\":\"ListItem\",\"position\":2,\"name\":\"PLANIFICACI\u00d3N TRIBUTARIA NO ELUSIVA\"}]},{\"@type\":\"WebSite\",\"@id\":\"https:\/\/a-tributario.cl\/#website\",\"url\":\"https:\/\/a-tributario.cl\/\",\"name\":\"ABOGADO TRIBUTARIO R&amp;R\",\"description\":\"ASESOR\u00cdA TRIBUTARIA, DEFENSA LIQUIDACI\u00d3N Y GIRO SII, PRESCRIPCI\u00d3N IMPUESTOS DEFENSA COBRO TESORER\u00cdA\",\"publisher\":{\"@id\":\"https:\/\/a-tributario.cl\/#organization\"},\"potentialAction\":[{\"@type\":\"SearchAction\",\"target\":{\"@type\":\"EntryPoint\",\"urlTemplate\":\"https:\/\/a-tributario.cl\/?s={search_term_string}\"},\"query-input\":\"required name=search_term_string\"}],\"inLanguage\":\"es\"},{\"@type\":\"Organization\",\"@id\":\"https:\/\/a-tributario.cl\/#organization\",\"name\":\"Abogado Tributario Let\",\"url\":\"https:\/\/a-tributario.cl\/\",\"logo\":{\"@type\":\"ImageObject\",\"inLanguage\":\"es\",\"@id\":\"https:\/\/a-tributario.cl\/#\/schema\/logo\/image\/\",\"url\":\"https:\/\/a-tributario.cl\/wp-content\/uploads\/2019\/04\/Image-2018-e1556290954199.jpeg\",\"contentUrl\":\"https:\/\/a-tributario.cl\/wp-content\/uploads\/2019\/04\/Image-2018-e1556290954199.jpeg\",\"width\":128,\"height\":128,\"caption\":\"Abogado Tributario Let\"},\"image\":{\"@id\":\"https:\/\/a-tributario.cl\/#\/schema\/logo\/image\/\"},\"sameAs\":[\"https:\/\/www.facebook.com\/AbogadosTributariosIUS\/\",\"https:\/\/twitter.com\/ius_asesores\",\"https:\/\/www.linkedin.com\/in\/abogadotributario\/\"]}]}<\/script>\n<!-- \/ Yoast SEO plugin. -->","yoast_head_json":{"title":"PLANIFICACI\u00d3N TRIBUTARIA NO ELUSIVA","description":"circular 65 SII 2015 INSTRUCCIONES ACERCA DE LAS NORMAS INCORPORADAS EN EL C\u00d3DIGO TRIBUTARIO EN MATERIA DE MEDIDAS ANTI ELUSI\u00d3N","robots":{"index":"index","follow":"follow","max-snippet":"max-snippet:-1","max-image-preview":"max-image-preview:large","max-video-preview":"max-video-preview:-1"},"canonical":"https:\/\/a-tributario.cl\/index.php\/planificacion-tributaria-no-elusiva\/","og_locale":"es_ES","og_type":"article","og_title":"PLANIFICACI\u00d3N TRIBUTARIA NO ELUSIVA","og_description":"circular 65 SII 2015 INSTRUCCIONES ACERCA DE LAS NORMAS INCORPORADAS EN EL C\u00d3DIGO TRIBUTARIO EN MATERIA DE MEDIDAS ANTI ELUSI\u00d3N","og_url":"https:\/\/a-tributario.cl\/index.php\/planificacion-tributaria-no-elusiva\/","og_site_name":"ABOGADO TRIBUTARIO R&amp;R","article_publisher":"https:\/\/www.facebook.com\/AbogadosTributariosIUS\/","article_modified_time":"2022-05-19T00:25:02+00:00","og_image":[{"url":"https:\/\/www.a-tributario.cl\/wp-content\/uploads\/2018\/08\/que-es-el-sii-1024x536.jpg"}],"twitter_card":"summary_large_image","twitter_site":"@ius_asesores","twitter_misc":{"Tiempo de lectura":"5 minutos"},"schema":{"@context":"https:\/\/schema.org","@graph":[{"@type":"WebPage","@id":"https:\/\/a-tributario.cl\/index.php\/planificacion-tributaria-no-elusiva\/","url":"https:\/\/a-tributario.cl\/index.php\/planificacion-tributaria-no-elusiva\/","name":"PLANIFICACI\u00d3N TRIBUTARIA NO ELUSIVA","isPartOf":{"@id":"https:\/\/a-tributario.cl\/#website"},"datePublished":"2019-09-08T23:08:26+00:00","dateModified":"2022-05-19T00:25:02+00:00","description":"circular 65 SII 2015 INSTRUCCIONES ACERCA DE LAS NORMAS INCORPORADAS EN EL C\u00d3DIGO TRIBUTARIO EN MATERIA DE MEDIDAS ANTI ELUSI\u00d3N","breadcrumb":{"@id":"https:\/\/a-tributario.cl\/index.php\/planificacion-tributaria-no-elusiva\/#breadcrumb"},"inLanguage":"es","potentialAction":[{"@type":"ReadAction","target":["https:\/\/a-tributario.cl\/index.php\/planificacion-tributaria-no-elusiva\/"]}]},{"@type":"BreadcrumbList","@id":"https:\/\/a-tributario.cl\/index.php\/planificacion-tributaria-no-elusiva\/#breadcrumb","itemListElement":[{"@type":"ListItem","position":1,"name":"Portada","item":"https:\/\/a-tributario.cl\/"},{"@type":"ListItem","position":2,"name":"PLANIFICACI\u00d3N TRIBUTARIA NO ELUSIVA"}]},{"@type":"WebSite","@id":"https:\/\/a-tributario.cl\/#website","url":"https:\/\/a-tributario.cl\/","name":"ABOGADO TRIBUTARIO R&amp;R","description":"ASESOR\u00cdA TRIBUTARIA, DEFENSA LIQUIDACI\u00d3N Y GIRO SII, PRESCRIPCI\u00d3N IMPUESTOS DEFENSA COBRO TESORER\u00cdA","publisher":{"@id":"https:\/\/a-tributario.cl\/#organization"},"potentialAction":[{"@type":"SearchAction","target":{"@type":"EntryPoint","urlTemplate":"https:\/\/a-tributario.cl\/?s={search_term_string}"},"query-input":"required name=search_term_string"}],"inLanguage":"es"},{"@type":"Organization","@id":"https:\/\/a-tributario.cl\/#organization","name":"Abogado Tributario Let","url":"https:\/\/a-tributario.cl\/","logo":{"@type":"ImageObject","inLanguage":"es","@id":"https:\/\/a-tributario.cl\/#\/schema\/logo\/image\/","url":"https:\/\/a-tributario.cl\/wp-content\/uploads\/2019\/04\/Image-2018-e1556290954199.jpeg","contentUrl":"https:\/\/a-tributario.cl\/wp-content\/uploads\/2019\/04\/Image-2018-e1556290954199.jpeg","width":128,"height":128,"caption":"Abogado Tributario Let"},"image":{"@id":"https:\/\/a-tributario.cl\/#\/schema\/logo\/image\/"},"sameAs":["https:\/\/www.facebook.com\/AbogadosTributariosIUS\/","https:\/\/twitter.com\/ius_asesores","https:\/\/www.linkedin.com\/in\/abogadotributario\/"]}]}},"_links":{"self":[{"href":"https:\/\/a-tributario.cl\/index.php\/wp-json\/wp\/v2\/pages\/3042"}],"collection":[{"href":"https:\/\/a-tributario.cl\/index.php\/wp-json\/wp\/v2\/pages"}],"about":[{"href":"https:\/\/a-tributario.cl\/index.php\/wp-json\/wp\/v2\/types\/page"}],"author":[{"embeddable":true,"href":"https:\/\/a-tributario.cl\/index.php\/wp-json\/wp\/v2\/users\/1"}],"replies":[{"embeddable":true,"href":"https:\/\/a-tributario.cl\/index.php\/wp-json\/wp\/v2\/comments?post=3042"}],"version-history":[{"count":12,"href":"https:\/\/a-tributario.cl\/index.php\/wp-json\/wp\/v2\/pages\/3042\/revisions"}],"predecessor-version":[{"id":5637,"href":"https:\/\/a-tributario.cl\/index.php\/wp-json\/wp\/v2\/pages\/3042\/revisions\/5637"}],"wp:attachment":[{"href":"https:\/\/a-tributario.cl\/index.php\/wp-json\/wp\/v2\/media?parent=3042"}],"curies":[{"name":"wp","href":"https:\/\/api.w.org\/{rel}","templated":true}]}}