{"id":3185,"date":"2020-01-28T01:43:57","date_gmt":"2020-01-28T01:43:57","guid":{"rendered":"https:\/\/www.a-tributario.cl\/?page_id=3185"},"modified":"2020-01-28T22:16:48","modified_gmt":"2020-01-28T22:16:48","slug":"solucion-a-dicom-deuda-previsional-laboral-de-pymes","status":"publish","type":"page","link":"https:\/\/a-tributario.cl\/index.php\/solucion-a-dicom-deuda-previsional-laboral-de-pymes\/","title":{"rendered":"SOLUCI\u00d3N A DICOM POR DEUDA PREVISIONAL LABORAL"},"content":{"rendered":"<p>[vc_row][vc_column width=\u00bb1\/2&#8243;][vc_column_text]<\/p>\n\n\n<p style=\"text-align:center\" class=\"has-medium-font-size\">DAMOS SOLUCI\u00d3N AL PROBLEMA DE LAS PYMES, CON  DICOM POR DEUDA PREVISIONAL LABORAL, CON SU ELIMINACI\u00d3N V\u00cdA JUDICIAL <\/p>\n\n\n\n<div class=\"wp-block-image\"><figure class=\"aligncenter\"><img loading=\"lazy\" decoding=\"async\" width=\"150\" height=\"150\" src=\"https:\/\/www.a-tributario.cl\/wp-content\/uploads\/2020\/01\/no-mas-dicom-150x150.jpg\" alt=\"\" class=\"wp-image-3193\" srcset=\"https:\/\/a-tributario.cl\/wp-content\/uploads\/2020\/01\/no-mas-dicom-150x150.jpg 150w, https:\/\/a-tributario.cl\/wp-content\/uploads\/2020\/01\/no-mas-dicom.jpg 525w\" sizes=\"(max-width: 150px) 100vw, 150px\" \/><\/figure><\/div>\n\n\n\n<p>EL DICOM PREVISIONAL LABORAL SE HA CONSTITUIDO EN UNA TRABA EN EL DESARROLLO Y DESENVOLVIMIENTO DE LAS PYMES, LIMITANDO LAS POSIBILIDADES DE CONTRATOS Y DE CR\u00c9DITOS<\/p>\n\n\n\n<p>UN CIRCULO VICIO, QUE LIMITA LA ACTIVIDAD DE PEQUE\u00d1AS Y MEDIANAS EMPRESAS<\/p>\n\n\n\n<p>JUNTO CON LAS DEUDAS TRIBUTARIAS, LAS DEUDAS PREVISIONALES SE ORIGINAN MUCHAS VECES EN EL INCUMPLIMIENTO O RETARDO EN LOS PAGOS, DE LOS CONTRATISTAS DE LAS PYMES SUBCONTRATISTAS <\/p>\n\n\n\n<p>TENEMOS AMPLIA EXPERIENCIA EN LA ELIMINACI\u00d3N DEL DICOM POR DEUDAS PREVISIONALES<\/p>\n\n\n\n<p style=\"color:#06021d\" class=\"has-text-color\">LA INFORMACI\u00d3N A TERCEROS DE LAS DEUDAS PREVISIONALES ES ILEGAL Y ARBITRARIO, Y NO CUMPLE LAS NORMAS LEGALES ESTABLECIDAS PARA ELLO, COMO LO HA RESUELTO LA EXCMA. CORTE SUPREMA REITERADAMENTE<\/p>\n\n\n\n<p style=\"text-align:center\" class=\"has-text-color has-medium-font-size has-vivid-cyan-blue-color\"><strong>\u00bfQUE ES<\/strong><a rel=\"noreferrer noopener\" aria-label=\"DONDE NACE EL DICOM PREVISIONAL LABORAL? (abrir en una nueva pesta\u00f1a)\" href=\"https:\/\/www.a-tributario.cl\/index.php\/dicom-previsional-laboral\/\" target=\"_blank\"><strong> EL DICOM PREVISIONAL LABORAL?<\/strong><\/a><\/p>\n\n\n\n<p style=\"text-align:center\" class=\"has-text-color has-medium-font-size has-vivid-cyan-blue-color\"><a rel=\"noreferrer noopener\" aria-label=\"SOLICITE UNA REUNI\u00d3N PARA VER UNA SOLUCI\u00d3N A SU  PROBLEMA (abrir en una nueva pesta\u00f1a)\" href=\"https:\/\/www.a-tributario.cl\/\" target=\"_blank\"><strong>SOLICITE UNA REUNI\u00d3N PARA VER UNA SOLUCI\u00d3N A SU  PROBLEMA<\/strong><\/a><\/p>\n\n\n\n<p><\/p>\n\n\n<p>[\/vc_column_text][\/vc_column][vc_column width=\u00bb1\/2&#8243;][\/vc_column][\/vc_row]<\/p>","protected":false},"excerpt":{"rendered":"<p>[vc_row][vc_column width=\u00bb1\/2&#8243;][vc_column_text] DAMOS SOLUCI\u00d3N AL PROBLEMA DE LAS PYMES, CON DICOM POR DEUDA PREVISIONAL LABORAL, CON SU ELIMINACI\u00d3N V\u00cdA JUDICIAL EL DICOM PREVISIONAL LABORAL SE HA CONSTITUIDO EN UNA TRABA EN EL DESARROLLO Y DESENVOLVIMIENTO DE LAS PYMES, LIMITANDO LAS POSIBILIDADES DE CONTRATOS Y DE CR\u00c9DITOS UN CIRCULO VICIO, QUE LIMITA LA ACTIVIDAD DE PEQUE\u00d1AS [&hellip;]<\/p>\n","protected":false},"author":1,"featured_media":0,"parent":0,"menu_order":0,"comment_status":"closed","ping_status":"closed","template":"","meta":{"_monsterinsights_skip_tracking":false,"_monsterinsights_sitenote_active":false,"_monsterinsights_sitenote_note":"","_monsterinsights_sitenote_category":0,"footnotes":"","_joinchat":[]},"yoast_head":"<!-- This site is optimized with the Yoast SEO plugin v21.5 - https:\/\/yoast.com\/wordpress\/plugins\/seo\/ -->\n<title>SOLUCION A DICOM DEUDA PREVISIONAL LABORAL DE PYMES<\/title>\n<meta name=\"description\" content=\"ABOGADO - SOLUCI\u00d3N A DICOM DEUDA PREVISIONAL LABORAL DE PYMES\" \/>\n<meta name=\"robots\" content=\"index, follow, max-snippet:-1, max-image-preview:large, max-video-preview:-1\" \/>\n<link rel=\"canonical\" href=\"https:\/\/a-tributario.cl\/index.php\/solucion-a-dicom-deuda-previsional-laboral-de-pymes\/\" \/>\n<meta property=\"og:locale\" content=\"es_ES\" \/>\n<meta property=\"og:type\" content=\"article\" \/>\n<meta property=\"og:title\" content=\"SOLUCION A DICOM DEUDA PREVISIONAL LABORAL DE PYMES\" \/>\n<meta property=\"og:description\" content=\"ABOGADO - SOLUCI\u00d3N A DICOM DEUDA PREVISIONAL LABORAL DE PYMES\" \/>\n<meta property=\"og:url\" content=\"https:\/\/a-tributario.cl\/index.php\/solucion-a-dicom-deuda-previsional-laboral-de-pymes\/\" \/>\n<meta property=\"og:site_name\" content=\"ABOGADO TRIBUTARIO R&amp;R\" \/>\n<meta property=\"article:publisher\" content=\"https:\/\/www.facebook.com\/AbogadosTributariosIUS\/\" \/>\n<meta property=\"article:modified_time\" content=\"2020-01-28T22:16:48+00:00\" \/>\n<meta property=\"og:image\" content=\"https:\/\/www.a-tributario.cl\/wp-content\/uploads\/2020\/01\/no-mas-dicom-150x150.jpg\" \/>\n<meta name=\"twitter:card\" content=\"summary_large_image\" \/>\n<meta name=\"twitter:site\" content=\"@ius_asesores\" \/>\n<meta name=\"twitter:label1\" content=\"Tiempo de lectura\" \/>\n\t<meta name=\"twitter:data1\" content=\"1 minuto\" \/>\n<script type=\"application\/ld+json\" class=\"yoast-schema-graph\">{\"@context\":\"https:\/\/schema.org\",\"@graph\":[{\"@type\":\"WebPage\",\"@id\":\"https:\/\/a-tributario.cl\/index.php\/solucion-a-dicom-deuda-previsional-laboral-de-pymes\/\",\"url\":\"https:\/\/a-tributario.cl\/index.php\/solucion-a-dicom-deuda-previsional-laboral-de-pymes\/\",\"name\":\"SOLUCION A DICOM DEUDA PREVISIONAL LABORAL DE PYMES\",\"isPartOf\":{\"@id\":\"https:\/\/a-tributario.cl\/#website\"},\"datePublished\":\"2020-01-28T01:43:57+00:00\",\"dateModified\":\"2020-01-28T22:16:48+00:00\",\"description\":\"ABOGADO - SOLUCI\u00d3N A DICOM DEUDA PREVISIONAL LABORAL DE PYMES\",\"breadcrumb\":{\"@id\":\"https:\/\/a-tributario.cl\/index.php\/solucion-a-dicom-deuda-previsional-laboral-de-pymes\/#breadcrumb\"},\"inLanguage\":\"es\",\"potentialAction\":[{\"@type\":\"ReadAction\",\"target\":[\"https:\/\/a-tributario.cl\/index.php\/solucion-a-dicom-deuda-previsional-laboral-de-pymes\/\"]}]},{\"@type\":\"BreadcrumbList\",\"@id\":\"https:\/\/a-tributario.cl\/index.php\/solucion-a-dicom-deuda-previsional-laboral-de-pymes\/#breadcrumb\",\"itemListElement\":[{\"@type\":\"ListItem\",\"position\":1,\"name\":\"Portada\",\"item\":\"https:\/\/a-tributario.cl\/\"},{\"@type\":\"ListItem\",\"position\":2,\"name\":\"SOLUCI\u00d3N A DICOM POR DEUDA PREVISIONAL LABORAL\"}]},{\"@type\":\"WebSite\",\"@id\":\"https:\/\/a-tributario.cl\/#website\",\"url\":\"https:\/\/a-tributario.cl\/\",\"name\":\"ABOGADO TRIBUTARIO R&amp;R\",\"description\":\"ASESOR\u00cdA TRIBUTARIA, DEFENSA LIQUIDACI\u00d3N Y GIRO SII, PRESCRIPCI\u00d3N IMPUESTOS DEFENSA COBRO TESORER\u00cdA\",\"publisher\":{\"@id\":\"https:\/\/a-tributario.cl\/#organization\"},\"potentialAction\":[{\"@type\":\"SearchAction\",\"target\":{\"@type\":\"EntryPoint\",\"urlTemplate\":\"https:\/\/a-tributario.cl\/?s={search_term_string}\"},\"query-input\":\"required name=search_term_string\"}],\"inLanguage\":\"es\"},{\"@type\":\"Organization\",\"@id\":\"https:\/\/a-tributario.cl\/#organization\",\"name\":\"Abogado Tributario Let\",\"url\":\"https:\/\/a-tributario.cl\/\",\"logo\":{\"@type\":\"ImageObject\",\"inLanguage\":\"es\",\"@id\":\"https:\/\/a-tributario.cl\/#\/schema\/logo\/image\/\",\"url\":\"https:\/\/a-tributario.cl\/wp-content\/uploads\/2019\/04\/Image-2018-e1556290954199.jpeg\",\"contentUrl\":\"https:\/\/a-tributario.cl\/wp-content\/uploads\/2019\/04\/Image-2018-e1556290954199.jpeg\",\"width\":128,\"height\":128,\"caption\":\"Abogado Tributario Let\"},\"image\":{\"@id\":\"https:\/\/a-tributario.cl\/#\/schema\/logo\/image\/\"},\"sameAs\":[\"https:\/\/www.facebook.com\/AbogadosTributariosIUS\/\",\"https:\/\/twitter.com\/ius_asesores\",\"https:\/\/www.linkedin.com\/in\/abogadotributario\/\"]}]}<\/script>\n<!-- \/ Yoast SEO plugin. -->","yoast_head_json":{"title":"SOLUCION A DICOM DEUDA PREVISIONAL LABORAL DE PYMES","description":"ABOGADO - SOLUCI\u00d3N A DICOM DEUDA PREVISIONAL LABORAL DE PYMES","robots":{"index":"index","follow":"follow","max-snippet":"max-snippet:-1","max-image-preview":"max-image-preview:large","max-video-preview":"max-video-preview:-1"},"canonical":"https:\/\/a-tributario.cl\/index.php\/solucion-a-dicom-deuda-previsional-laboral-de-pymes\/","og_locale":"es_ES","og_type":"article","og_title":"SOLUCION A DICOM DEUDA PREVISIONAL LABORAL DE PYMES","og_description":"ABOGADO - SOLUCI\u00d3N A DICOM DEUDA PREVISIONAL LABORAL DE PYMES","og_url":"https:\/\/a-tributario.cl\/index.php\/solucion-a-dicom-deuda-previsional-laboral-de-pymes\/","og_site_name":"ABOGADO TRIBUTARIO R&amp;R","article_publisher":"https:\/\/www.facebook.com\/AbogadosTributariosIUS\/","article_modified_time":"2020-01-28T22:16:48+00:00","og_image":[{"url":"https:\/\/www.a-tributario.cl\/wp-content\/uploads\/2020\/01\/no-mas-dicom-150x150.jpg"}],"twitter_card":"summary_large_image","twitter_site":"@ius_asesores","twitter_misc":{"Tiempo de lectura":"1 minuto"},"schema":{"@context":"https:\/\/schema.org","@graph":[{"@type":"WebPage","@id":"https:\/\/a-tributario.cl\/index.php\/solucion-a-dicom-deuda-previsional-laboral-de-pymes\/","url":"https:\/\/a-tributario.cl\/index.php\/solucion-a-dicom-deuda-previsional-laboral-de-pymes\/","name":"SOLUCION A DICOM DEUDA PREVISIONAL LABORAL DE PYMES","isPartOf":{"@id":"https:\/\/a-tributario.cl\/#website"},"datePublished":"2020-01-28T01:43:57+00:00","dateModified":"2020-01-28T22:16:48+00:00","description":"ABOGADO - SOLUCI\u00d3N A DICOM DEUDA PREVISIONAL LABORAL DE PYMES","breadcrumb":{"@id":"https:\/\/a-tributario.cl\/index.php\/solucion-a-dicom-deuda-previsional-laboral-de-pymes\/#breadcrumb"},"inLanguage":"es","potentialAction":[{"@type":"ReadAction","target":["https:\/\/a-tributario.cl\/index.php\/solucion-a-dicom-deuda-previsional-laboral-de-pymes\/"]}]},{"@type":"BreadcrumbList","@id":"https:\/\/a-tributario.cl\/index.php\/solucion-a-dicom-deuda-previsional-laboral-de-pymes\/#breadcrumb","itemListElement":[{"@type":"ListItem","position":1,"name":"Portada","item":"https:\/\/a-tributario.cl\/"},{"@type":"ListItem","position":2,"name":"SOLUCI\u00d3N A DICOM POR DEUDA PREVISIONAL LABORAL"}]},{"@type":"WebSite","@id":"https:\/\/a-tributario.cl\/#website","url":"https:\/\/a-tributario.cl\/","name":"ABOGADO TRIBUTARIO R&amp;R","description":"ASESOR\u00cdA TRIBUTARIA, DEFENSA LIQUIDACI\u00d3N Y GIRO SII, PRESCRIPCI\u00d3N IMPUESTOS DEFENSA COBRO TESORER\u00cdA","publisher":{"@id":"https:\/\/a-tributario.cl\/#organization"},"potentialAction":[{"@type":"SearchAction","target":{"@type":"EntryPoint","urlTemplate":"https:\/\/a-tributario.cl\/?s={search_term_string}"},"query-input":"required name=search_term_string"}],"inLanguage":"es"},{"@type":"Organization","@id":"https:\/\/a-tributario.cl\/#organization","name":"Abogado Tributario Let","url":"https:\/\/a-tributario.cl\/","logo":{"@type":"ImageObject","inLanguage":"es","@id":"https:\/\/a-tributario.cl\/#\/schema\/logo\/image\/","url":"https:\/\/a-tributario.cl\/wp-content\/uploads\/2019\/04\/Image-2018-e1556290954199.jpeg","contentUrl":"https:\/\/a-tributario.cl\/wp-content\/uploads\/2019\/04\/Image-2018-e1556290954199.jpeg","width":128,"height":128,"caption":"Abogado Tributario Let"},"image":{"@id":"https:\/\/a-tributario.cl\/#\/schema\/logo\/image\/"},"sameAs":["https:\/\/www.facebook.com\/AbogadosTributariosIUS\/","https:\/\/twitter.com\/ius_asesores","https:\/\/www.linkedin.com\/in\/abogadotributario\/"]}]}},"_links":{"self":[{"href":"https:\/\/a-tributario.cl\/index.php\/wp-json\/wp\/v2\/pages\/3185"}],"collection":[{"href":"https:\/\/a-tributario.cl\/index.php\/wp-json\/wp\/v2\/pages"}],"about":[{"href":"https:\/\/a-tributario.cl\/index.php\/wp-json\/wp\/v2\/types\/page"}],"author":[{"embeddable":true,"href":"https:\/\/a-tributario.cl\/index.php\/wp-json\/wp\/v2\/users\/1"}],"replies":[{"embeddable":true,"href":"https:\/\/a-tributario.cl\/index.php\/wp-json\/wp\/v2\/comments?post=3185"}],"version-history":[{"count":9,"href":"https:\/\/a-tributario.cl\/index.php\/wp-json\/wp\/v2\/pages\/3185\/revisions"}],"predecessor-version":[{"id":3206,"href":"https:\/\/a-tributario.cl\/index.php\/wp-json\/wp\/v2\/pages\/3185\/revisions\/3206"}],"wp:attachment":[{"href":"https:\/\/a-tributario.cl\/index.php\/wp-json\/wp\/v2\/media?parent=3185"}],"curies":[{"name":"wp","href":"https:\/\/api.w.org\/{rel}","templated":true}]}}

SOLUCIÓN A DICOM POR DEUDA PREVISIONAL LABORAL

<p>[vc_row][vc_column width=»1/2&#8243;][vc_column_text]</p>


<p style="text-align:center" class="has-medium-font-size">DAMOS SOLUCIÓN AL PROBLEMA DE LAS PYMES, CON  DICOM POR DEUDA PREVISIONAL LABORAL, CON SU ELIMINACIÓN VÍA JUDICIAL </p>



<div class="wp-block-image"><figure class="aligncenter"><img loading="lazy" decoding="async" width="150" height="150" src="https://www.a-tributario.cl/wp-content/uploads/2020/01/no-mas-dicom-150x150.jpg" alt="" class="wp-image-3193" srcset="https://a-tributario.cl/wp-content/uploads/2020/01/no-mas-dicom-150x150.jpg 150w, https://a-tributario.cl/wp-content/uploads/2020/01/no-mas-dicom.jpg 525w" sizes="(max-width: 150px) 100vw, 150px" /></figure></div>



<p>EL DICOM PREVISIONAL LABORAL SE HA CONSTITUIDO EN UNA TRABA EN EL DESARROLLO Y DESENVOLVIMIENTO DE LAS PYMES, LIMITANDO LAS POSIBILIDADES DE CONTRATOS Y DE CRÉDITOS</p>



<p>UN CIRCULO VICIO, QUE LIMITA LA ACTIVIDAD DE PEQUEÑAS Y MEDIANAS EMPRESAS</p>



<p>JUNTO CON LAS DEUDAS TRIBUTARIAS, LAS DEUDAS PREVISIONALES SE ORIGINAN MUCHAS VECES EN EL INCUMPLIMIENTO O RETARDO EN LOS PAGOS, DE LOS CONTRATISTAS DE LAS PYMES SUBCONTRATISTAS </p>



<p>TENEMOS AMPLIA EXPERIENCIA EN LA ELIMINACIÓN DEL DICOM POR DEUDAS PREVISIONALES</p>



<p style="color:#06021d" class="has-text-color">LA INFORMACIÓN A TERCEROS DE LAS DEUDAS PREVISIONALES ES ILEGAL Y ARBITRARIO, Y NO CUMPLE LAS NORMAS LEGALES ESTABLECIDAS PARA ELLO, COMO LO HA RESUELTO LA EXCMA. CORTE SUPREMA REITERADAMENTE</p>



<p style="text-align:center" class="has-text-color has-medium-font-size has-vivid-cyan-blue-color"><strong>¿QUE ES</strong><a rel="noreferrer noopener" aria-label="DONDE NACE EL DICOM PREVISIONAL LABORAL? (abrir en una nueva pestaña)" href="https://www.a-tributario.cl/index.php/dicom-previsional-laboral/" target="_blank"><strong> EL DICOM PREVISIONAL LABORAL?</strong></a></p>



<p style="text-align:center" class="has-text-color has-medium-font-size has-vivid-cyan-blue-color"><a rel="noreferrer noopener" aria-label="SOLICITE UNA REUNIÓN PARA VER UNA SOLUCIÓN A SU  PROBLEMA (abrir en una nueva pestaña)" href="https://www.a-tributario.cl/" target="_blank"><strong>SOLICITE UNA REUNIÓN PARA VER UNA SOLUCIÓN A SU  PROBLEMA</strong></a></p>



<p></p>


<p>[/vc_column_text][/vc_column][vc_column width=»1/2&#8243;][/vc_column][/vc_row]</p>

<p>[vc_row][vc_column width=»1/2&#8243;][vc_column_text] DAMOS SOLUCIÓN AL PROBLEMA DE LAS PYMES, CON DICOM POR DEUDA PREVISIONAL LABORAL, CON SU ELIMINACIÓN VÍA JUDICIAL EL DICOM PREVISIONAL LABORAL SE HA CONSTITUIDO EN UNA TRABA EN EL DESARROLLO Y DESENVOLVIMIENTO DE LAS PYMES, LIMITANDO LAS POSIBILIDADES DE CONTRATOS Y DE CRÉDITOS UN CIRCULO VICIO, QUE LIMITA LA ACTIVIDAD DE PEQUEÑAS [&hellip;]</p>

<!-- This site is optimized with the Yoast SEO plugin v21.5 - https://yoast.com/wordpress/plugins/seo/ -->
<title>SOLUCION A DICOM DEUDA PREVISIONAL LABORAL DE PYMES</title>
<meta name="description" content="ABOGADO - SOLUCIÓN A DICOM DEUDA PREVISIONAL LABORAL DE PYMES" />
<meta name="robots" content="index, follow, max-snippet:-1, max-image-preview:large, max-video-preview:-1" />
<link rel="canonical" href="https://a-tributario.cl/index.php/solucion-a-dicom-deuda-previsional-laboral-de-pymes/" />
<meta property="og:locale" content="es_ES" />
<meta property="og:type" content="article" />
<meta property="og:title" content="SOLUCION A DICOM DEUDA PREVISIONAL LABORAL DE PYMES" />
<meta property="og:description" content="ABOGADO - SOLUCIÓN A DICOM DEUDA PREVISIONAL LABORAL DE PYMES" />
<meta property="og:url" content="https://a-tributario.cl/index.php/solucion-a-dicom-deuda-previsional-laboral-de-pymes/" />
<meta property="og:site_name" content="ABOGADO TRIBUTARIO R&amp;R" />
<meta property="article:publisher" content="https://www.facebook.com/AbogadosTributariosIUS/" />
<meta property="article:modified_time" content="2020-01-28T22:16:48+00:00" />
<meta property="og:image" content="https://www.a-tributario.cl/wp-content/uploads/2020/01/no-mas-dicom-150x150.jpg" />
<meta name="twitter:card" content="summary_large_image" />
<meta name="twitter:site" content="@ius_asesores" />
<meta name="twitter:label1" content="Tiempo de lectura" />
	<meta name="twitter:data1" content="1 minuto" />
<script type="application/ld+json" class="yoast-schema-graph">{"@context":"https://schema.org","@graph":[{"@type":"WebPage","@id":"https://a-tributario.cl/index.php/solucion-a-dicom-deuda-previsional-laboral-de-pymes/","url":"https://a-tributario.cl/index.php/solucion-a-dicom-deuda-previsional-laboral-de-pymes/","name":"SOLUCION A DICOM DEUDA PREVISIONAL LABORAL DE PYMES","isPartOf":{"@id":"https://a-tributario.cl/#website"},"datePublished":"2020-01-28T01:43:57+00:00","dateModified":"2020-01-28T22:16:48+00:00","description":"ABOGADO - SOLUCIÓN A DICOM DEUDA PREVISIONAL LABORAL DE PYMES","breadcrumb":{"@id":"https://a-tributario.cl/index.php/solucion-a-dicom-deuda-previsional-laboral-de-pymes/#breadcrumb"},"inLanguage":"es","potentialAction":[{"@type":"ReadAction","target":["https://a-tributario.cl/index.php/solucion-a-dicom-deuda-previsional-laboral-de-pymes/"]}]},{"@type":"BreadcrumbList","@id":"https://a-tributario.cl/index.php/solucion-a-dicom-deuda-previsional-laboral-de-pymes/#breadcrumb","itemListElement":[{"@type":"ListItem","position":1,"name":"Portada","item":"https://a-tributario.cl/"},{"@type":"ListItem","position":2,"name":"SOLUCIÓN A DICOM POR DEUDA PREVISIONAL LABORAL"}]},{"@type":"WebSite","@id":"https://a-tributario.cl/#website","url":"https://a-tributario.cl/","name":"ABOGADO TRIBUTARIO R&amp;R","description":"ASESORÍA TRIBUTARIA, DEFENSA LIQUIDACIÓN Y GIRO SII, PRESCRIPCIÓN IMPUESTOS DEFENSA COBRO TESORERÍA","publisher":{"@id":"https://a-tributario.cl/#organization"},"potentialAction":[{"@type":"SearchAction","target":{"@type":"EntryPoint","urlTemplate":"https://a-tributario.cl/?s={search_term_string}"},"query-input":"required name=search_term_string"}],"inLanguage":"es"},{"@type":"Organization","@id":"https://a-tributario.cl/#organization","name":"Abogado Tributario Let","url":"https://a-tributario.cl/","logo":{"@type":"ImageObject","inLanguage":"es","@id":"https://a-tributario.cl/#/schema/logo/image/","url":"https://a-tributario.cl/wp-content/uploads/2019/04/Image-2018-e1556290954199.jpeg","contentUrl":"https://a-tributario.cl/wp-content/uploads/2019/04/Image-2018-e1556290954199.jpeg","width":128,"height":128,"caption":"Abogado Tributario Let"},"image":{"@id":"https://a-tributario.cl/#/schema/logo/image/"},"sameAs":["https://www.facebook.com/AbogadosTributariosIUS/","https://twitter.com/ius_asesores","https://www.linkedin.com/in/abogadotributario/"]}]}</script>
<!-- / Yoast SEO plugin. -->

ABOGADO - SOLUCIÓN A DICOM DEUDA PREVISIONAL LABORAL DE PYMES

ASESORÍA TRIBUTARIA, DEFENSA LIQUIDACIÓN Y GIRO SII, PRESCRIPCIÓN IMPUESTOS DEFENSA COBRO TESORERÍA
