{"id":3449,"date":"2020-06-01T01:20:23","date_gmt":"2020-06-01T01:20:23","guid":{"rendered":"https:\/\/www.a-tributario.cl\/?page_id=3449"},"modified":"2023-12-15T03:07:21","modified_gmt":"2023-12-15T03:07:21","slug":"abogado","status":"publish","type":"page","link":"https:\/\/a-tributario.cl\/index.php\/abogado\/","title":{"rendered":"ABOGADO"},"content":{"rendered":"<p>[vc_row][vc_column width=\u00bb1\/2&#8243;][vc_single_image image=\u00bb3519&#8243; img_size=\u00bblarge\u00bb][vc_cta h2=\u00bb\u00bb]<\/p>\n<h3 style=\"text-align: center;\"><strong>ABOGADO<\/strong><\/h3>\n<h3 style=\"text-align: center;\"><span style=\"color: #333333;\"><a style=\"color: #333333;\" href=\"https:\/\/www.google.com\/search?q=ABOGADO+ALEJANDRO+RAMIREZ+VALDIVIA&amp;newwindow=1&amp;sxsrf=ALiCzsbtKAnHOvZvFJq8DL_zSujCZtuQzg:1652901606391&amp;ei=5kaFYpGnF-681sQP-oyvyAc&amp;start=0&amp;sa=N&amp;ved=2ahUKEwiRsuOo4un3AhVunpUCHXrGC3k4ChDy0wN6BAgBED0&amp;biw=1517&amp;bih=694&amp;dpr=0.9\" target=\"_blank\" rel=\"noopener\"><strong>Alejandro Enrique <\/strong><strong>Ram\u00edrez\u00a0 Valdivia<\/strong><\/a><\/span><\/h3>\n<p style=\"text-align: center;\">Director Abogado Tributario R&amp;R<\/p>\n<p>[\/vc_cta][\/vc_column][vc_column width=\u00bb1\/2&#8243;][vc_cta h2=\u00bb\u00bb]<\/p>\n<h2 style=\"text-align: center;\"><strong><span style=\"vertical-align: inherit;\">ASESOR\u00cdA y DEFENSA<\/span><\/strong><\/h2>\n<h2 style=\"text-align: center;\"><strong><span style=\"vertical-align: inherit;\">JUR\u00cdDICA\u00a0<\/span><span style=\"vertical-align: inherit;\">y TRIBUTARIA<\/span><\/strong><\/h2>\n<p>&nbsp;<\/p>\n<h3>SERVICIOS<\/h3>\n<ul>\n<li><span style=\"color: #333333;\"><a style=\"color: #333333;\" href=\"https:\/\/www.a-tributario.cl\/index.php\/prescripcion-impuestos-chile-2\/\" target=\"_blank\" rel=\"noopener noreferrer\">Prescripci\u00f3n de Impuestos<\/a><\/span><\/li>\n<li><span style=\"color: #333333;\"><a style=\"color: #333333;\" href=\"https:\/\/www.a-tributario.cl\/index.php\/giro-o-liquidacion-sii-defensa-ante-el-tta\/\" target=\"_blank\" rel=\"noopener noreferrer\"><span style=\"vertical-align: inherit;\">Defensa en Fiscalizaci\u00f3n, Citaci\u00f3n, Liquidaci\u00f3n y Giro SII<\/span><\/a><\/span><\/li>\n<li><span style=\"color: #333333;\"><a style=\"color: #333333;\" href=\"https:\/\/www.a-tributario.cl\/index.php\/delito-tributario-2\/\" target=\"_blank\" rel=\"noopener noreferrer\"><span style=\"vertical-align: inherit;\">Defensa Fiscalizaci\u00f3n Y Querella Delito Tributario<\/span><\/a><\/span>\n<ul>\n<li><span style=\"color: #333333;\"><a style=\"color: #333333;\" href=\"https:\/\/www.a-tributario.cl\/index.php\/facturas-ideologicamente-falsas\/\" target=\"_blank\" rel=\"noopener noreferrer\"><span style=\"vertical-align: inherit;\">FACTURA IDEOL\u00d3GICAMENTE FALSA<\/span><\/a><\/span><\/li>\n<\/ul>\n<\/li>\n<li><span style=\"color: #333333;\"><a style=\"color: #333333;\" href=\"https:\/\/www.a-tributario.cl\/index.php\/defensa-giro-impuestos-iva-renta-sii\/\" target=\"_blank\" rel=\"noopener noreferrer\"><span style=\"vertical-align: inherit;\">Justificaci\u00f3n de Inversi\u00f3n<\/span><\/a><\/span><\/li>\n<li><span style=\"color: #333333;\"><a style=\"color: #333333;\" href=\"https:\/\/www.a-tributario.cl\/index.php\/gasto-rechazado-aceptado-circular-53-2020-sii\/\" target=\"_blank\" rel=\"noopener noreferrer\"><span style=\"vertical-align: inherit;\">Gastos rechazados<\/span><\/a><\/span>\n<ul>\n<li><span style=\"color: #333333;\"><a style=\"color: #333333;\" href=\"https:\/\/www.a-tributario.cl\/index.php\/credito-incobrable\/\" target=\"_blank\" rel=\"noopener noreferrer\">CR\u00c9DITO INCOBRABLE <\/a><\/span><\/li>\n<li><span style=\"color: #333333;\"><a style=\"color: #333333;\" href=\"https:\/\/www.a-tributario.cl\/index.php\/depreciacion-de-bienes-fisicos-del-activo-inmovilizado\/\" target=\"_blank\" rel=\"noopener noreferrer\">DEPRECIACI\u00d3N DE BIENES<\/a><\/span><\/li>\n<\/ul>\n<\/li>\n<li><span style=\"color: #333333;\"><a style=\"color: #333333;\" href=\"https:\/\/www.a-tributario.cl\/wp-admin\/post.php?post=2689&amp;action=edit\" target=\"_blank\" rel=\"noopener noreferrer\">P\u00e9rdida de Arrastre<\/a><\/span><\/li>\n<li><span style=\"color: #333333;\"><a style=\"color: #333333;\" href=\"https:\/\/www.a-tributario.cl\/index.php\/beneficios-tributarios-a-la-exportacion\/\" target=\"_blank\" rel=\"noopener noreferrer\">Beneficios Tributarios a Exportadores<\/a><\/span><\/li>\n<li><span style=\"color: #333333;\"><a style=\"color: #333333;\" href=\"https:\/\/www.a-tributario.cl\/index.php\/planificacion-tributaria-no-elusiva\/\" target=\"_blank\" rel=\"noopener noreferrer\"><span style=\"vertical-align: inherit;\">Planificaci\u00f3n Tributaria No Elusiva<\/span><\/a><\/span>\n<ul>\n<li>ESTUDIO DE ESTRUCTURA Y CARGA TRIBUTARIA<\/li>\n<li>REORGANIZACIONES EMPRESARIALES, FUSIONES, DIVISIONES, ABSORCIONES<\/li>\n<li>NUEVOS REG\u00cdMENES TRIBUTARIOS<\/li>\n<li>IMPUESTOS A ENAJENACI\u00d3N DE BIENES RA\u00cdCES<\/li>\n<li>BENEFICIOS TRIBUTARIOS A PYMES<\/li>\n<\/ul>\n<\/li>\n<\/ul>\n<p>[\/vc_cta][\/vc_column][\/vc_row][vc_row][vc_column][vc_video link=\u00bbhttps:\/\/youtu.be\/b3Zcvtbnx-E\u00bb][vc_column_text]<\/p>\n<h3 style=\"text-align: center;\"><strong>SERVICIOS DE ASESOR\u00cdA JUR\u00cdDICA Y TRIBUTARIA A LAS PYMES MICROEMPRESAS<\/strong><\/h3>\n<p>[\/vc_column_text][vc_empty_space][\/vc_column][\/vc_row][vc_row][vc_column width=\u00bb1\/2&#8243;][vc_cta h2=\u00bb\u00bb]<\/p>\n<p style=\"text-align: left;\">Planificaci\u00f3n y Constituci\u00f3n de la organizaci\u00f3n societaria, conducente a resguardar los derechos de los socios y a evitar errores de tributaci\u00f3n, que impliquen actos que puedan calificarse por SII como elusivos de impuestos<\/p>\n<h3 style=\"text-align: left;\">DEFENSA TRIBUTARIA<\/h3>\n<ol>\n<li style=\"text-align: left;\">Prestamos asesor\u00eda y defensa frente a FISCALIZACIONES DEL SII que determinen liquidaciones o giros errados, desproporcionados o injustos.<\/li>\n<li style=\"text-align: left;\">Defendemos al Contribuyente ante el TRIBUNAL TRIBUTARIO Y ADUANERO (TTA), de liquidaciones\u00a0 y giros de impuestos; de la aplicaci\u00f3n de sanciones y multas del SII.<\/li>\n<li style=\"text-align: left;\">Defensa integral ante los Juzgados de Garant\u00eda y de Juicio Oral en lo Penal, frente a querella del SII por Delito Tributario.<\/li>\n<\/ol>\n<p>[\/vc_cta][\/vc_column][vc_column width=\u00bb1\/2&#8243;][vc_tta_pageable][vc_tta_section title=\u00bbSecci\u00f3n 1&#8243; tab_id=\u00bb1700881545536-ae8bbe4a-fbc7&#8243;][vc_cta h2=\u00bb\u00bb]<\/p>\n<h3>DEUDA DE IMPUESTO<\/h3>\n<p style=\"text-align: left;\">Defendemos a los deudores de impuestos en del cobro de la TESORER\u00cdA GENERAL DE LA REP\u00daBLICA.<\/p>\n<h3 style=\"text-align: center;\">SENTENCIAS FAVORABLES A LOS CONTRIBUYENTES<\/h3>\n<h2 style=\"text-align: center;\"><strong><span style=\"color: #003300;\"><a style=\"color: #003300;\" href=\"https:\/\/www.a-tributario.cl\/index.php\/sentencias-tributarias\/\" target=\"_blank\" rel=\"noopener noreferrer\">VER<\/a><\/span><\/strong><\/h2>\n<h3 style=\"text-align: center;\">VULNERACI\u00d3N DE DERECHOS DEL CONTRIBUYENTE<\/h3>\n<h2 style=\"text-align: center;\"><strong><span style=\"color: #003300;\"><a style=\"color: #003300;\" href=\"https:\/\/a-tributario.cl\/index.php\/vulneracion-de-derechos-del-contribuyente\/\" target=\"_blank\" rel=\"noopener noreferrer\">VER<\/a><\/span><\/strong><\/h2>\n<p>[\/vc_cta][\/vc_tta_section][vc_tta_section title=\u00bbSecci\u00f3n 2&#8243; tab_id=\u00bb1700881545537-bd1e580f-ac6b\u00bb][\/vc_tta_section][\/vc_tta_pageable][\/vc_column][\/vc_row][vc_row][\/vc_row]<\/p>\n","protected":false},"excerpt":{"rendered":"<p>[vc_row][vc_column width=\u00bb1\/2&#8243;][vc_single_image image=\u00bb3519&#8243; img_size=\u00bblarge\u00bb][vc_cta h2=\u00bb\u00bb] ABOGADO Alejandro Enrique Ram\u00edrez\u00a0 Valdivia Director Abogado Tributario R&amp;R [\/vc_cta][\/vc_column][vc_column width=\u00bb1\/2&#8243;][vc_cta h2=\u00bb\u00bb] ASESOR\u00cdA y DEFENSA JUR\u00cdDICA\u00a0y TRIBUTARIA &nbsp; SERVICIOS Prescripci\u00f3n de Impuestos Defensa en Fiscalizaci\u00f3n, Citaci\u00f3n, Liquidaci\u00f3n y Giro SII Defensa Fiscalizaci\u00f3n Y Querella Delito Tributario FACTURA IDEOL\u00d3GICAMENTE FALSA Justificaci\u00f3n de Inversi\u00f3n Gastos rechazados CR\u00c9DITO INCOBRABLE DEPRECIACI\u00d3N DE BIENES P\u00e9rdida [&hellip;]<\/p>\n","protected":false},"author":1,"featured_media":0,"parent":0,"menu_order":0,"comment_status":"closed","ping_status":"closed","template":"","meta":{"_monsterinsights_skip_tracking":false,"_monsterinsights_sitenote_active":false,"_monsterinsights_sitenote_note":"","_monsterinsights_sitenote_category":0,"footnotes":"","_joinchat":{"telephone":"950959243","message_send":"CONSULTAS"}},"yoast_head":"<!-- This site is optimized with the Yoast SEO plugin v21.5 - https:\/\/yoast.com\/wordpress\/plugins\/seo\/ -->\n<title>ABOGADO - ASESOR\u00cdA y DEFENSA JUR\u00cdDICA TRIBUTARIA a PYMES<\/title>\n<meta name=\"description\" content=\"ABOGADO - ASESOR\u00cdA y DEFENSA JUR\u00cdDICA TRIBUTARIA a PYMES CONSULTAS AL WHATSAPP - 950959243\" \/>\n<meta name=\"robots\" content=\"index, follow, max-snippet:-1, max-image-preview:large, max-video-preview:-1\" \/>\n<link rel=\"canonical\" href=\"https:\/\/a-tributario.cl\/index.php\/abogado\/\" \/>\n<meta property=\"og:locale\" content=\"es_ES\" \/>\n<meta property=\"og:type\" content=\"article\" \/>\n<meta property=\"og:title\" content=\"ABOGADO - ASESOR\u00cdA y DEFENSA JUR\u00cdDICA TRIBUTARIA a PYMES\" \/>\n<meta property=\"og:description\" content=\"ABOGADO - ASESOR\u00cdA y DEFENSA JUR\u00cdDICA TRIBUTARIA a PYMES CONSULTAS AL WHATSAPP - 950959243\" \/>\n<meta property=\"og:url\" content=\"https:\/\/a-tributario.cl\/index.php\/abogado\/\" \/>\n<meta property=\"og:site_name\" content=\"ABOGADO TRIBUTARIO R&amp;R\" \/>\n<meta property=\"article:publisher\" content=\"https:\/\/www.facebook.com\/AbogadosTributariosIUS\/\" \/>\n<meta property=\"article:modified_time\" content=\"2023-12-15T03:07:21+00:00\" \/>\n<meta name=\"twitter:card\" content=\"summary_large_image\" \/>\n<meta name=\"twitter:site\" content=\"@ius_asesores\" \/>\n<meta name=\"twitter:label1\" content=\"Tiempo de lectura\" \/>\n\t<meta name=\"twitter:data1\" content=\"2 minutos\" \/>\n<script type=\"application\/ld+json\" class=\"yoast-schema-graph\">{\"@context\":\"https:\/\/schema.org\",\"@graph\":[{\"@type\":\"WebPage\",\"@id\":\"https:\/\/a-tributario.cl\/index.php\/abogado\/\",\"url\":\"https:\/\/a-tributario.cl\/index.php\/abogado\/\",\"name\":\"ABOGADO - ASESOR\u00cdA y DEFENSA JUR\u00cdDICA TRIBUTARIA a PYMES\",\"isPartOf\":{\"@id\":\"https:\/\/a-tributario.cl\/#website\"},\"datePublished\":\"2020-06-01T01:20:23+00:00\",\"dateModified\":\"2023-12-15T03:07:21+00:00\",\"description\":\"ABOGADO - ASESOR\u00cdA y DEFENSA JUR\u00cdDICA TRIBUTARIA a PYMES CONSULTAS AL WHATSAPP - 950959243\",\"breadcrumb\":{\"@id\":\"https:\/\/a-tributario.cl\/index.php\/abogado\/#breadcrumb\"},\"inLanguage\":\"es\",\"potentialAction\":[{\"@type\":\"ReadAction\",\"target\":[\"https:\/\/a-tributario.cl\/index.php\/abogado\/\"]}]},{\"@type\":\"BreadcrumbList\",\"@id\":\"https:\/\/a-tributario.cl\/index.php\/abogado\/#breadcrumb\",\"itemListElement\":[{\"@type\":\"ListItem\",\"position\":1,\"name\":\"Portada\",\"item\":\"https:\/\/a-tributario.cl\/\"},{\"@type\":\"ListItem\",\"position\":2,\"name\":\"ASESOR\u00cdA TRIBUTARIA - ABOGADOS ASESORES TRIBUTARIAS\"}]},{\"@type\":\"WebSite\",\"@id\":\"https:\/\/a-tributario.cl\/#website\",\"url\":\"https:\/\/a-tributario.cl\/\",\"name\":\"ABOGADO TRIBUTARIO R&amp;R\",\"description\":\"ASESOR\u00cdA TRIBUTARIA, DEFENSA LIQUIDACI\u00d3N Y GIRO SII, PRESCRIPCI\u00d3N IMPUESTOS DEFENSA COBRO TESORER\u00cdA\",\"publisher\":{\"@id\":\"https:\/\/a-tributario.cl\/#organization\"},\"potentialAction\":[{\"@type\":\"SearchAction\",\"target\":{\"@type\":\"EntryPoint\",\"urlTemplate\":\"https:\/\/a-tributario.cl\/?s={search_term_string}\"},\"query-input\":\"required name=search_term_string\"}],\"inLanguage\":\"es\"},{\"@type\":\"Organization\",\"@id\":\"https:\/\/a-tributario.cl\/#organization\",\"name\":\"Abogado Tributario Let\",\"url\":\"https:\/\/a-tributario.cl\/\",\"logo\":{\"@type\":\"ImageObject\",\"inLanguage\":\"es\",\"@id\":\"https:\/\/a-tributario.cl\/#\/schema\/logo\/image\/\",\"url\":\"https:\/\/a-tributario.cl\/wp-content\/uploads\/2019\/04\/Image-2018-e1556290954199.jpeg\",\"contentUrl\":\"https:\/\/a-tributario.cl\/wp-content\/uploads\/2019\/04\/Image-2018-e1556290954199.jpeg\",\"width\":128,\"height\":128,\"caption\":\"Abogado Tributario Let\"},\"image\":{\"@id\":\"https:\/\/a-tributario.cl\/#\/schema\/logo\/image\/\"},\"sameAs\":[\"https:\/\/www.facebook.com\/AbogadosTributariosIUS\/\",\"https:\/\/twitter.com\/ius_asesores\",\"https:\/\/www.linkedin.com\/in\/abogadotributario\/\"]}]}<\/script>\n<!-- \/ Yoast SEO plugin. -->","yoast_head_json":{"title":"ABOGADO - ASESOR\u00cdA y DEFENSA JUR\u00cdDICA TRIBUTARIA a PYMES","description":"ABOGADO - ASESOR\u00cdA y DEFENSA JUR\u00cdDICA TRIBUTARIA a PYMES CONSULTAS AL WHATSAPP - 950959243","robots":{"index":"index","follow":"follow","max-snippet":"max-snippet:-1","max-image-preview":"max-image-preview:large","max-video-preview":"max-video-preview:-1"},"canonical":"https:\/\/a-tributario.cl\/index.php\/abogado\/","og_locale":"es_ES","og_type":"article","og_title":"ABOGADO - ASESOR\u00cdA y DEFENSA JUR\u00cdDICA TRIBUTARIA a PYMES","og_description":"ABOGADO - ASESOR\u00cdA y DEFENSA JUR\u00cdDICA TRIBUTARIA a PYMES CONSULTAS AL WHATSAPP - 950959243","og_url":"https:\/\/a-tributario.cl\/index.php\/abogado\/","og_site_name":"ABOGADO TRIBUTARIO R&amp;R","article_publisher":"https:\/\/www.facebook.com\/AbogadosTributariosIUS\/","article_modified_time":"2023-12-15T03:07:21+00:00","twitter_card":"summary_large_image","twitter_site":"@ius_asesores","twitter_misc":{"Tiempo de lectura":"2 minutos"},"schema":{"@context":"https:\/\/schema.org","@graph":[{"@type":"WebPage","@id":"https:\/\/a-tributario.cl\/index.php\/abogado\/","url":"https:\/\/a-tributario.cl\/index.php\/abogado\/","name":"ABOGADO - ASESOR\u00cdA y DEFENSA JUR\u00cdDICA TRIBUTARIA a PYMES","isPartOf":{"@id":"https:\/\/a-tributario.cl\/#website"},"datePublished":"2020-06-01T01:20:23+00:00","dateModified":"2023-12-15T03:07:21+00:00","description":"ABOGADO - ASESOR\u00cdA y DEFENSA JUR\u00cdDICA TRIBUTARIA a PYMES CONSULTAS AL WHATSAPP - 950959243","breadcrumb":{"@id":"https:\/\/a-tributario.cl\/index.php\/abogado\/#breadcrumb"},"inLanguage":"es","potentialAction":[{"@type":"ReadAction","target":["https:\/\/a-tributario.cl\/index.php\/abogado\/"]}]},{"@type":"BreadcrumbList","@id":"https:\/\/a-tributario.cl\/index.php\/abogado\/#breadcrumb","itemListElement":[{"@type":"ListItem","position":1,"name":"Portada","item":"https:\/\/a-tributario.cl\/"},{"@type":"ListItem","position":2,"name":"ASESOR\u00cdA TRIBUTARIA - ABOGADOS ASESORES TRIBUTARIAS"}]},{"@type":"WebSite","@id":"https:\/\/a-tributario.cl\/#website","url":"https:\/\/a-tributario.cl\/","name":"ABOGADO TRIBUTARIO R&amp;R","description":"ASESOR\u00cdA TRIBUTARIA, DEFENSA LIQUIDACI\u00d3N Y GIRO SII, PRESCRIPCI\u00d3N IMPUESTOS DEFENSA COBRO TESORER\u00cdA","publisher":{"@id":"https:\/\/a-tributario.cl\/#organization"},"potentialAction":[{"@type":"SearchAction","target":{"@type":"EntryPoint","urlTemplate":"https:\/\/a-tributario.cl\/?s={search_term_string}"},"query-input":"required name=search_term_string"}],"inLanguage":"es"},{"@type":"Organization","@id":"https:\/\/a-tributario.cl\/#organization","name":"Abogado Tributario Let","url":"https:\/\/a-tributario.cl\/","logo":{"@type":"ImageObject","inLanguage":"es","@id":"https:\/\/a-tributario.cl\/#\/schema\/logo\/image\/","url":"https:\/\/a-tributario.cl\/wp-content\/uploads\/2019\/04\/Image-2018-e1556290954199.jpeg","contentUrl":"https:\/\/a-tributario.cl\/wp-content\/uploads\/2019\/04\/Image-2018-e1556290954199.jpeg","width":128,"height":128,"caption":"Abogado Tributario Let"},"image":{"@id":"https:\/\/a-tributario.cl\/#\/schema\/logo\/image\/"},"sameAs":["https:\/\/www.facebook.com\/AbogadosTributariosIUS\/","https:\/\/twitter.com\/ius_asesores","https:\/\/www.linkedin.com\/in\/abogadotributario\/"]}]}},"_links":{"self":[{"href":"https:\/\/a-tributario.cl\/index.php\/wp-json\/wp\/v2\/pages\/3449"}],"collection":[{"href":"https:\/\/a-tributario.cl\/index.php\/wp-json\/wp\/v2\/pages"}],"about":[{"href":"https:\/\/a-tributario.cl\/index.php\/wp-json\/wp\/v2\/types\/page"}],"author":[{"embeddable":true,"href":"https:\/\/a-tributario.cl\/index.php\/wp-json\/wp\/v2\/users\/1"}],"replies":[{"embeddable":true,"href":"https:\/\/a-tributario.cl\/index.php\/wp-json\/wp\/v2\/comments?post=3449"}],"version-history":[{"count":60,"href":"https:\/\/a-tributario.cl\/index.php\/wp-json\/wp\/v2\/pages\/3449\/revisions"}],"predecessor-version":[{"id":5810,"href":"https:\/\/a-tributario.cl\/index.php\/wp-json\/wp\/v2\/pages\/3449\/revisions\/5810"}],"wp:attachment":[{"href":"https:\/\/a-tributario.cl\/index.php\/wp-json\/wp\/v2\/media?parent=3449"}],"curies":[{"name":"wp","href":"https:\/\/api.w.org\/{rel}","templated":true}]}}