{"id":3952,"date":"2020-12-04T03:57:14","date_gmt":"2020-12-04T03:57:14","guid":{"rendered":"https:\/\/www.a-tributario.cl\/?page_id=3952"},"modified":"2020-12-26T02:00:50","modified_gmt":"2020-12-26T02:00:50","slug":"sii-gastos-usados-para-fines-personales-por-propietarios","status":"publish","type":"page","link":"https:\/\/a-tributario.cl\/index.php\/sii-gastos-usados-para-fines-personales-por-propietarios\/","title":{"rendered":"SII Gastos usados para fines personales por propietarios"},"content":{"rendered":"<p>[vc_row][vc_column width=\u00bb2\/3&#8243;][vc_column_text]<\/p>\n<p><\/p>\n\n\n<\/p>\n<h1><strong>SII Gastos usados para fines personales por propietarios<\/strong><\/h1>\n<h2><strong>2.2. \u00a0\u00a0\u00a0\u00a0\u00a0\u00a0 Gastos incurridos en la adquisici\u00f3n, mantenci\u00f3n o explotaci\u00f3n de bienes del activo de la empresa usados para fines personales por sus propietarios, socios o accionistas cuando les aplique la presunci\u00f3n de derecho del art\u00edculo 21.<\/strong><\/h2>\n<p>\n\n\n<p><\/p>\n<p><\/p>\n\n\n<\/p>\n<p>Dentro de la definici\u00f3n de gastos necesarios para producir la renta se entienden incorporados, en general, todos aquellos que dicen relaci\u00f3n con la adquisici\u00f3n y mantenci\u00f3n de bienes que forman parte del patrimonio de los contribuyentes que declaran sus rentas efectivas seg\u00fan contabilidad completa.<\/p>\n<p>\n\n\n<p><\/p>\n<p><\/p>\n\n\n<\/p>\n<p>Ahora bien, el inciso primero del art\u00edculo 31 impide deducir los gastos relacionados con bienes del activo de la empresa que est\u00e1n siendo usados para fines personales por sus propietarios, socios o accionistas en la medida que les aplique la presunci\u00f3n de derecho a que se refiere el literal iii) del inciso tercero del art\u00edculo 21 y lo se\u00f1alado en la letra f), del n\u00famero 1\u00ba, del art\u00edculo 33.<\/p>\n<p>\n\n\n<p><\/p>\n<p><\/p>\n\n\n<\/p>\n<p>Tales gastos pueden provenir de sumas pagadas, adeudadas o determinadas, seg\u00fan corresponda, por la adquisici\u00f3n, mantenci\u00f3n, habilitaci\u00f3n, reparaci\u00f3n o depreciaci\u00f3n de estos bienes, en la medida que resulten aplicables las referidas presunciones de derecho, entre los cuales se pueden mencionar, a modo ejemplar, los siguientes conceptos:<\/p>\n<p>\n\n\n<p><\/p>\n<p><\/p>\n\n\n<\/p>\n<h3><strong>2.2.1. Las sumas pagadas o adeudadas, incluyendo las cantidades determinadas por depreciaci\u00f3n, cuando corresponda, por bienes del activo o de propiedad de la empresa, que sean utilizados por el empresario individual, socio o accionista o por los c\u00f3nyuges, convivientes civiles o hijos no emancipados legalmente de \u00e9stos<\/strong><strong>; y,<\/strong><\/h3>\n<p>\n\n\n<p><\/p>\n<p><\/p>\n\n\n<\/p>\n<h3><strong>2.2.2. Las sumas pagadas, adeudadas o determinadas por concepto de depreciaci\u00f3n, cuando corresponda, por bienes u operaciones que reporten un beneficio para las referidas personas.<\/strong><\/h3>\n<p>\n\n\n<p><\/p>\n<p>[\/vc_column_text][\/vc_column][vc_column width=\u00bb1\/3&#8243;][\/vc_column][\/vc_row]<\/p>","protected":false},"excerpt":{"rendered":"<p>[vc_row][vc_column width=\u00bb2\/3&#8243;][vc_column_text] SII Gastos usados para fines personales por propietarios 2.2. \u00a0\u00a0\u00a0\u00a0\u00a0\u00a0 Gastos incurridos en la adquisici\u00f3n, mantenci\u00f3n o explotaci\u00f3n de bienes del activo de la empresa usados para fines personales por sus propietarios, socios o accionistas cuando les aplique la presunci\u00f3n de derecho del art\u00edculo 21. Dentro de la definici\u00f3n de gastos necesarios para [&hellip;]<\/p>\n","protected":false},"author":1,"featured_media":0,"parent":0,"menu_order":0,"comment_status":"closed","ping_status":"closed","template":"","meta":{"_monsterinsights_skip_tracking":false,"_monsterinsights_sitenote_active":false,"_monsterinsights_sitenote_note":"","_monsterinsights_sitenote_category":0,"footnotes":"","_joinchat":[]},"yoast_head":"<!-- This site is optimized with the Yoast SEO plugin v21.5 - https:\/\/yoast.com\/wordpress\/plugins\/seo\/ -->\n<title>SII Gastos usados para fines personales por propietarios<\/title>\n<meta name=\"description\" content=\"SII GASTO NECESARIO CIRCULAR 53-2020 - SII Gastos usados para fines personales por propietarios - ABOGADO TRIBUTARIO LET - Santiago - 950959243\" \/>\n<meta name=\"robots\" content=\"index, follow, max-snippet:-1, max-image-preview:large, max-video-preview:-1\" \/>\n<link rel=\"canonical\" href=\"https:\/\/a-tributario.cl\/index.php\/sii-gastos-usados-para-fines-personales-por-propietarios\/\" \/>\n<meta property=\"og:locale\" content=\"es_ES\" \/>\n<meta property=\"og:type\" content=\"article\" \/>\n<meta property=\"og:title\" content=\"SII Gastos usados para fines personales por propietarios\" \/>\n<meta property=\"og:description\" content=\"SII GASTO NECESARIO CIRCULAR 53-2020 - SII Gastos usados para fines personales por propietarios - ABOGADO TRIBUTARIO LET - Santiago - 950959243\" \/>\n<meta property=\"og:url\" content=\"https:\/\/a-tributario.cl\/index.php\/sii-gastos-usados-para-fines-personales-por-propietarios\/\" \/>\n<meta property=\"og:site_name\" content=\"ABOGADO TRIBUTARIO R&amp;R\" \/>\n<meta property=\"article:publisher\" content=\"https:\/\/www.facebook.com\/AbogadosTributariosIUS\/\" \/>\n<meta property=\"article:modified_time\" content=\"2020-12-26T02:00:50+00:00\" \/>\n<meta name=\"twitter:card\" content=\"summary_large_image\" \/>\n<meta name=\"twitter:site\" content=\"@ius_asesores\" \/>\n<meta name=\"twitter:label1\" content=\"Tiempo de lectura\" \/>\n\t<meta name=\"twitter:data1\" content=\"2 minutos\" \/>\n<script type=\"application\/ld+json\" class=\"yoast-schema-graph\">{\"@context\":\"https:\/\/schema.org\",\"@graph\":[{\"@type\":\"WebPage\",\"@id\":\"https:\/\/a-tributario.cl\/index.php\/sii-gastos-usados-para-fines-personales-por-propietarios\/\",\"url\":\"https:\/\/a-tributario.cl\/index.php\/sii-gastos-usados-para-fines-personales-por-propietarios\/\",\"name\":\"SII Gastos usados para fines personales por propietarios\",\"isPartOf\":{\"@id\":\"https:\/\/a-tributario.cl\/#website\"},\"datePublished\":\"2020-12-04T03:57:14+00:00\",\"dateModified\":\"2020-12-26T02:00:50+00:00\",\"description\":\"SII GASTO NECESARIO CIRCULAR 53-2020 - SII Gastos usados para fines personales por propietarios - ABOGADO TRIBUTARIO LET - Santiago - 950959243\",\"breadcrumb\":{\"@id\":\"https:\/\/a-tributario.cl\/index.php\/sii-gastos-usados-para-fines-personales-por-propietarios\/#breadcrumb\"},\"inLanguage\":\"es\",\"potentialAction\":[{\"@type\":\"ReadAction\",\"target\":[\"https:\/\/a-tributario.cl\/index.php\/sii-gastos-usados-para-fines-personales-por-propietarios\/\"]}]},{\"@type\":\"BreadcrumbList\",\"@id\":\"https:\/\/a-tributario.cl\/index.php\/sii-gastos-usados-para-fines-personales-por-propietarios\/#breadcrumb\",\"itemListElement\":[{\"@type\":\"ListItem\",\"position\":1,\"name\":\"Portada\",\"item\":\"https:\/\/a-tributario.cl\/\"},{\"@type\":\"ListItem\",\"position\":2,\"name\":\"SII Gastos usados para fines personales por propietarios\"}]},{\"@type\":\"WebSite\",\"@id\":\"https:\/\/a-tributario.cl\/#website\",\"url\":\"https:\/\/a-tributario.cl\/\",\"name\":\"ABOGADO TRIBUTARIO R&amp;R\",\"description\":\"ASESOR\u00cdA TRIBUTARIA, DEFENSA LIQUIDACI\u00d3N Y GIRO SII, PRESCRIPCI\u00d3N IMPUESTOS DEFENSA COBRO TESORER\u00cdA\",\"publisher\":{\"@id\":\"https:\/\/a-tributario.cl\/#organization\"},\"potentialAction\":[{\"@type\":\"SearchAction\",\"target\":{\"@type\":\"EntryPoint\",\"urlTemplate\":\"https:\/\/a-tributario.cl\/?s={search_term_string}\"},\"query-input\":\"required name=search_term_string\"}],\"inLanguage\":\"es\"},{\"@type\":\"Organization\",\"@id\":\"https:\/\/a-tributario.cl\/#organization\",\"name\":\"Abogado Tributario Let\",\"url\":\"https:\/\/a-tributario.cl\/\",\"logo\":{\"@type\":\"ImageObject\",\"inLanguage\":\"es\",\"@id\":\"https:\/\/a-tributario.cl\/#\/schema\/logo\/image\/\",\"url\":\"https:\/\/a-tributario.cl\/wp-content\/uploads\/2019\/04\/Image-2018-e1556290954199.jpeg\",\"contentUrl\":\"https:\/\/a-tributario.cl\/wp-content\/uploads\/2019\/04\/Image-2018-e1556290954199.jpeg\",\"width\":128,\"height\":128,\"caption\":\"Abogado Tributario Let\"},\"image\":{\"@id\":\"https:\/\/a-tributario.cl\/#\/schema\/logo\/image\/\"},\"sameAs\":[\"https:\/\/www.facebook.com\/AbogadosTributariosIUS\/\",\"https:\/\/twitter.com\/ius_asesores\",\"https:\/\/www.linkedin.com\/in\/abogadotributario\/\"]}]}<\/script>\n<!-- \/ Yoast SEO plugin. -->","yoast_head_json":{"title":"SII Gastos usados para fines personales por propietarios","description":"SII GASTO NECESARIO CIRCULAR 53-2020 - SII Gastos usados para fines personales por propietarios - ABOGADO TRIBUTARIO LET - Santiago - 950959243","robots":{"index":"index","follow":"follow","max-snippet":"max-snippet:-1","max-image-preview":"max-image-preview:large","max-video-preview":"max-video-preview:-1"},"canonical":"https:\/\/a-tributario.cl\/index.php\/sii-gastos-usados-para-fines-personales-por-propietarios\/","og_locale":"es_ES","og_type":"article","og_title":"SII Gastos usados para fines personales por propietarios","og_description":"SII GASTO NECESARIO CIRCULAR 53-2020 - SII Gastos usados para fines personales por propietarios - ABOGADO TRIBUTARIO LET - Santiago - 950959243","og_url":"https:\/\/a-tributario.cl\/index.php\/sii-gastos-usados-para-fines-personales-por-propietarios\/","og_site_name":"ABOGADO TRIBUTARIO R&amp;R","article_publisher":"https:\/\/www.facebook.com\/AbogadosTributariosIUS\/","article_modified_time":"2020-12-26T02:00:50+00:00","twitter_card":"summary_large_image","twitter_site":"@ius_asesores","twitter_misc":{"Tiempo de lectura":"2 minutos"},"schema":{"@context":"https:\/\/schema.org","@graph":[{"@type":"WebPage","@id":"https:\/\/a-tributario.cl\/index.php\/sii-gastos-usados-para-fines-personales-por-propietarios\/","url":"https:\/\/a-tributario.cl\/index.php\/sii-gastos-usados-para-fines-personales-por-propietarios\/","name":"SII Gastos usados para fines personales por propietarios","isPartOf":{"@id":"https:\/\/a-tributario.cl\/#website"},"datePublished":"2020-12-04T03:57:14+00:00","dateModified":"2020-12-26T02:00:50+00:00","description":"SII GASTO NECESARIO CIRCULAR 53-2020 - SII Gastos usados para fines personales por propietarios - ABOGADO TRIBUTARIO LET - Santiago - 950959243","breadcrumb":{"@id":"https:\/\/a-tributario.cl\/index.php\/sii-gastos-usados-para-fines-personales-por-propietarios\/#breadcrumb"},"inLanguage":"es","potentialAction":[{"@type":"ReadAction","target":["https:\/\/a-tributario.cl\/index.php\/sii-gastos-usados-para-fines-personales-por-propietarios\/"]}]},{"@type":"BreadcrumbList","@id":"https:\/\/a-tributario.cl\/index.php\/sii-gastos-usados-para-fines-personales-por-propietarios\/#breadcrumb","itemListElement":[{"@type":"ListItem","position":1,"name":"Portada","item":"https:\/\/a-tributario.cl\/"},{"@type":"ListItem","position":2,"name":"SII Gastos usados para fines personales por propietarios"}]},{"@type":"WebSite","@id":"https:\/\/a-tributario.cl\/#website","url":"https:\/\/a-tributario.cl\/","name":"ABOGADO TRIBUTARIO R&amp;R","description":"ASESOR\u00cdA TRIBUTARIA, DEFENSA LIQUIDACI\u00d3N Y GIRO SII, PRESCRIPCI\u00d3N IMPUESTOS DEFENSA COBRO TESORER\u00cdA","publisher":{"@id":"https:\/\/a-tributario.cl\/#organization"},"potentialAction":[{"@type":"SearchAction","target":{"@type":"EntryPoint","urlTemplate":"https:\/\/a-tributario.cl\/?s={search_term_string}"},"query-input":"required name=search_term_string"}],"inLanguage":"es"},{"@type":"Organization","@id":"https:\/\/a-tributario.cl\/#organization","name":"Abogado Tributario Let","url":"https:\/\/a-tributario.cl\/","logo":{"@type":"ImageObject","inLanguage":"es","@id":"https:\/\/a-tributario.cl\/#\/schema\/logo\/image\/","url":"https:\/\/a-tributario.cl\/wp-content\/uploads\/2019\/04\/Image-2018-e1556290954199.jpeg","contentUrl":"https:\/\/a-tributario.cl\/wp-content\/uploads\/2019\/04\/Image-2018-e1556290954199.jpeg","width":128,"height":128,"caption":"Abogado Tributario Let"},"image":{"@id":"https:\/\/a-tributario.cl\/#\/schema\/logo\/image\/"},"sameAs":["https:\/\/www.facebook.com\/AbogadosTributariosIUS\/","https:\/\/twitter.com\/ius_asesores","https:\/\/www.linkedin.com\/in\/abogadotributario\/"]}]}},"_links":{"self":[{"href":"https:\/\/a-tributario.cl\/index.php\/wp-json\/wp\/v2\/pages\/3952"}],"collection":[{"href":"https:\/\/a-tributario.cl\/index.php\/wp-json\/wp\/v2\/pages"}],"about":[{"href":"https:\/\/a-tributario.cl\/index.php\/wp-json\/wp\/v2\/types\/page"}],"author":[{"embeddable":true,"href":"https:\/\/a-tributario.cl\/index.php\/wp-json\/wp\/v2\/users\/1"}],"replies":[{"embeddable":true,"href":"https:\/\/a-tributario.cl\/index.php\/wp-json\/wp\/v2\/comments?post=3952"}],"version-history":[{"count":7,"href":"https:\/\/a-tributario.cl\/index.php\/wp-json\/wp\/v2\/pages\/3952\/revisions"}],"predecessor-version":[{"id":4534,"href":"https:\/\/a-tributario.cl\/index.php\/wp-json\/wp\/v2\/pages\/3952\/revisions\/4534"}],"wp:attachment":[{"href":"https:\/\/a-tributario.cl\/index.php\/wp-json\/wp\/v2\/media?parent=3952"}],"curies":[{"name":"wp","href":"https:\/\/api.w.org\/{rel}","templated":true}]}}