{"id":3959,"date":"2020-12-04T11:16:42","date_gmt":"2020-12-04T11:16:42","guid":{"rendered":"https:\/\/www.a-tributario.cl\/?page_id=3959"},"modified":"2021-07-14T02:25:33","modified_gmt":"2021-07-14T02:25:33","slug":"sii-gastos-en-automoviles-fuera-del-giro-habitual","status":"publish","type":"page","link":"https:\/\/a-tributario.cl\/index.php\/sii-gastos-en-automoviles-fuera-del-giro-habitual\/","title":{"rendered":"SII GASTOS EN AUTOMOVILES FUERA DEL GIRO HABITUAL"},"content":{"rendered":"[vc_row][vc_column width=\u00bb1\/2&#8243;][vc_column_text]<h1><img loading=\"lazy\" decoding=\"async\" class=\"alignnone size-medium wp-image-4480 aligncenter\" src=\"https:\/\/a-tributario.cl\/wp-content\/uploads\/2020\/12\/AUTOMOVILES-300x129.jpg\" alt=\"\" width=\"300\" height=\"129\" srcset=\"https:\/\/a-tributario.cl\/wp-content\/uploads\/2020\/12\/AUTOMOVILES-300x129.jpg 300w, https:\/\/a-tributario.cl\/wp-content\/uploads\/2020\/12\/AUTOMOVILES.jpg 342w\" sizes=\"(max-width: 300px) 100vw, 300px\" \/><\/h1>\n<h1 style=\"text-align: center;\">SII GASTOS EN AUTOMOVILES<\/h1>\n<h1 style=\"text-align: center;\">FUERA DEL GIRO HABITUAL<\/h1>\n<p><\/p>\n<p><\/p>\n<p><\/p>\n<p><strong>2.3. Gastos correspondientes a la adquisici\u00f3n y arrendamiento de autom\u00f3viles, station wagons y similares, cuando no sea \u00e9ste el giro habitual, y en combustibles, lubricantes, reparaciones, seguros y, en general, todos los gastos para su mantenci\u00f3n y funcionamiento.<\/strong><\/p>\n<p><\/p>\n<p><\/p>\n<p>En relaci\u00f3n con estos gastos cabe reiterar lo expresado en el apartado 2.2., en cuanto que, si bien dentro de la definici\u00f3n de gastos necesarios para producir la renta se entienden incorporados, en general, todos aquellos que dicen relaci\u00f3n con la adquisici\u00f3n y mantenci\u00f3n de bienes que forman parte del patrimonio de los contribuyentes que declaran sus rentas sobre la base de renta efectiva, no se permite la rebaja de gastos correspondientes a la adquisici\u00f3n de autom\u00f3viles, station wagons y similares (incluidos los adquiridos mediante el contrato de leasing) y en combustibles, lubricantes, reparaciones, seguros y, en general, todos los gastos para su mantenci\u00f3n y funcionamiento.<\/p>\n<p><\/p>\n<p><\/p>\n<p>De igual forma se impide la deducci\u00f3n de gastos por concepto del arrendamiento de autom\u00f3viles, station wagons y similares (incluidos los recibidos mediante el contrato de leasing) as\u00ed como los gastos correspondientes a combustibles, lubricantes, reparaciones, seguros y, en general, todos los gastos para la mantenci\u00f3n y funcionamiento de tales veh\u00edculos.<\/p>\n<p><\/p>\n<p><\/p>\n<p>Ahora bien, ser\u00e1n aceptados cuando los gastos indicados en los p\u00e1rrafos precedentes sean de:<\/p>\n<p><\/p>\n<p><\/p>\n<ol>\n<li>a) contribuyentes que desarrollen como giro o actividad la adquisici\u00f3n y\/o arrendamiento de autom\u00f3viles; o<\/li>\n<li>b) contribuyentes respecto de los cuales el Director, mediante resoluci\u00f3n fundada, lo establezca por cumplirse los requisitos establecidos en la primera parte del inciso primero del art\u00edculo 31 .<\/li>\n<\/ol>\n<p>&nbsp;<\/p>\n<p><blockquote class=\"wp-embedded-content\" data-secret=\"kMWu56awAZ\"><a href=\"https:\/\/a-tributario.cl\/index.php\/contacto\/\">CONTACTO<\/a><\/blockquote><iframe class=\"wp-embedded-content\" sandbox=\"allow-scripts\" security=\"restricted\" style=\"position: absolute; clip: rect(1px, 1px, 1px, 1px);\" title=\"&#8220;CONTACTO&#8221; &#8212; ABOGADO TRIBUTARIO LET 950959243\" src=\"https:\/\/a-tributario.cl\/index.php\/contacto\/embed\/#?secret=kMWu56awAZ\" data-secret=\"kMWu56awAZ\" width=\"500\" height=\"282\" frameborder=\"0\" marginwidth=\"0\" marginheight=\"0\" scrolling=\"no\"><\/iframe><\/p>\n<p><\/p>[\/vc_column_text][\/vc_column][vc_column width=\u00bb1\/2&#8243;][\/vc_column][\/vc_row]","protected":false},"excerpt":{"rendered":"<p>[vc_row][vc_column width=\u00bb1\/2&#8243;][vc_column_text] SII GASTOS EN AUTOMOVILES FUERA DEL GIRO HABITUAL 2.3. Gastos correspondientes a la adquisici\u00f3n y arrendamiento de autom\u00f3viles, station wagons y similares, cuando no sea \u00e9ste el giro habitual, y en combustibles, lubricantes, reparaciones, seguros y, en general, todos los gastos para su mantenci\u00f3n y funcionamiento. En relaci\u00f3n con estos gastos cabe reiterar [&hellip;]<\/p>\n","protected":false},"author":1,"featured_media":0,"parent":0,"menu_order":0,"comment_status":"closed","ping_status":"closed","template":"","meta":{"_monsterinsights_skip_tracking":false,"_monsterinsights_sitenote_active":false,"_monsterinsights_sitenote_note":"","_monsterinsights_sitenote_category":0,"footnotes":"","_joinchat":[]},"yoast_head":"<!-- This site is optimized with the Yoast SEO plugin v21.5 - https:\/\/yoast.com\/wordpress\/plugins\/seo\/ -->\n<title>SII GASTOS EN AUTOMOVILES FUERA DEL GIRO HABITUAL<\/title>\n<meta name=\"description\" content=\"SII CIRCULAR 53-2020 - Gastos correspondientes a la adquisici\u00f3n y arrendamiento de autom\u00f3viles, cuando no sea \u00e9ste el giro habitual, y en combustibles\" \/>\n<meta name=\"robots\" content=\"index, follow, max-snippet:-1, max-image-preview:large, max-video-preview:-1\" \/>\n<link rel=\"canonical\" href=\"https:\/\/a-tributario.cl\/index.php\/sii-gastos-en-automoviles-fuera-del-giro-habitual\/\" \/>\n<meta property=\"og:locale\" content=\"es_ES\" \/>\n<meta property=\"og:type\" content=\"article\" \/>\n<meta property=\"og:title\" content=\"SII GASTOS EN AUTOMOVILES FUERA DEL GIRO HABITUAL\" \/>\n<meta property=\"og:description\" content=\"SII CIRCULAR 53-2020 - Gastos correspondientes a la adquisici\u00f3n y arrendamiento de autom\u00f3viles, cuando no sea \u00e9ste el giro habitual, y en combustibles\" \/>\n<meta property=\"og:url\" content=\"https:\/\/a-tributario.cl\/index.php\/sii-gastos-en-automoviles-fuera-del-giro-habitual\/\" \/>\n<meta property=\"og:site_name\" content=\"ABOGADO TRIBUTARIO R&amp;R\" \/>\n<meta property=\"article:publisher\" content=\"https:\/\/www.facebook.com\/AbogadosTributariosIUS\/\" \/>\n<meta property=\"article:modified_time\" content=\"2021-07-14T02:25:33+00:00\" \/>\n<meta property=\"og:image\" content=\"https:\/\/a-tributario.cl\/wp-content\/uploads\/2020\/12\/AUTOMOVILES-300x129.jpg\" \/>\n<meta name=\"twitter:card\" content=\"summary_large_image\" \/>\n<meta name=\"twitter:site\" content=\"@ius_asesores\" \/>\n<meta name=\"twitter:label1\" content=\"Tiempo de lectura\" \/>\n\t<meta name=\"twitter:data1\" content=\"2 minutos\" \/>\n<script type=\"application\/ld+json\" class=\"yoast-schema-graph\">{\"@context\":\"https:\/\/schema.org\",\"@graph\":[{\"@type\":\"WebPage\",\"@id\":\"https:\/\/a-tributario.cl\/index.php\/sii-gastos-en-automoviles-fuera-del-giro-habitual\/\",\"url\":\"https:\/\/a-tributario.cl\/index.php\/sii-gastos-en-automoviles-fuera-del-giro-habitual\/\",\"name\":\"SII GASTOS EN AUTOMOVILES FUERA DEL GIRO HABITUAL\",\"isPartOf\":{\"@id\":\"https:\/\/a-tributario.cl\/#website\"},\"datePublished\":\"2020-12-04T11:16:42+00:00\",\"dateModified\":\"2021-07-14T02:25:33+00:00\",\"description\":\"SII CIRCULAR 53-2020 - Gastos correspondientes a la adquisici\u00f3n y arrendamiento de autom\u00f3viles, cuando no sea \u00e9ste el giro habitual, y en combustibles\",\"breadcrumb\":{\"@id\":\"https:\/\/a-tributario.cl\/index.php\/sii-gastos-en-automoviles-fuera-del-giro-habitual\/#breadcrumb\"},\"inLanguage\":\"es\",\"potentialAction\":[{\"@type\":\"ReadAction\",\"target\":[\"https:\/\/a-tributario.cl\/index.php\/sii-gastos-en-automoviles-fuera-del-giro-habitual\/\"]}]},{\"@type\":\"BreadcrumbList\",\"@id\":\"https:\/\/a-tributario.cl\/index.php\/sii-gastos-en-automoviles-fuera-del-giro-habitual\/#breadcrumb\",\"itemListElement\":[{\"@type\":\"ListItem\",\"position\":1,\"name\":\"Portada\",\"item\":\"https:\/\/a-tributario.cl\/\"},{\"@type\":\"ListItem\",\"position\":2,\"name\":\"SII GASTOS EN AUTOMOVILES FUERA DEL GIRO HABITUAL\"}]},{\"@type\":\"WebSite\",\"@id\":\"https:\/\/a-tributario.cl\/#website\",\"url\":\"https:\/\/a-tributario.cl\/\",\"name\":\"ABOGADO TRIBUTARIO R&amp;R\",\"description\":\"ASESOR\u00cdA TRIBUTARIA, DEFENSA LIQUIDACI\u00d3N Y GIRO SII, PRESCRIPCI\u00d3N IMPUESTOS DEFENSA COBRO TESORER\u00cdA\",\"publisher\":{\"@id\":\"https:\/\/a-tributario.cl\/#organization\"},\"potentialAction\":[{\"@type\":\"SearchAction\",\"target\":{\"@type\":\"EntryPoint\",\"urlTemplate\":\"https:\/\/a-tributario.cl\/?s={search_term_string}\"},\"query-input\":\"required name=search_term_string\"}],\"inLanguage\":\"es\"},{\"@type\":\"Organization\",\"@id\":\"https:\/\/a-tributario.cl\/#organization\",\"name\":\"Abogado Tributario Let\",\"url\":\"https:\/\/a-tributario.cl\/\",\"logo\":{\"@type\":\"ImageObject\",\"inLanguage\":\"es\",\"@id\":\"https:\/\/a-tributario.cl\/#\/schema\/logo\/image\/\",\"url\":\"https:\/\/a-tributario.cl\/wp-content\/uploads\/2019\/04\/Image-2018-e1556290954199.jpeg\",\"contentUrl\":\"https:\/\/a-tributario.cl\/wp-content\/uploads\/2019\/04\/Image-2018-e1556290954199.jpeg\",\"width\":128,\"height\":128,\"caption\":\"Abogado Tributario Let\"},\"image\":{\"@id\":\"https:\/\/a-tributario.cl\/#\/schema\/logo\/image\/\"},\"sameAs\":[\"https:\/\/www.facebook.com\/AbogadosTributariosIUS\/\",\"https:\/\/twitter.com\/ius_asesores\",\"https:\/\/www.linkedin.com\/in\/abogadotributario\/\"]}]}<\/script>\n<!-- \/ Yoast SEO plugin. -->","yoast_head_json":{"title":"SII GASTOS EN AUTOMOVILES FUERA DEL GIRO HABITUAL","description":"SII CIRCULAR 53-2020 - Gastos correspondientes a la adquisici\u00f3n y arrendamiento de autom\u00f3viles, cuando no sea \u00e9ste el giro habitual, y en combustibles","robots":{"index":"index","follow":"follow","max-snippet":"max-snippet:-1","max-image-preview":"max-image-preview:large","max-video-preview":"max-video-preview:-1"},"canonical":"https:\/\/a-tributario.cl\/index.php\/sii-gastos-en-automoviles-fuera-del-giro-habitual\/","og_locale":"es_ES","og_type":"article","og_title":"SII GASTOS EN AUTOMOVILES FUERA DEL GIRO HABITUAL","og_description":"SII CIRCULAR 53-2020 - Gastos correspondientes a la adquisici\u00f3n y arrendamiento de autom\u00f3viles, cuando no sea \u00e9ste el giro habitual, y en combustibles","og_url":"https:\/\/a-tributario.cl\/index.php\/sii-gastos-en-automoviles-fuera-del-giro-habitual\/","og_site_name":"ABOGADO TRIBUTARIO R&amp;R","article_publisher":"https:\/\/www.facebook.com\/AbogadosTributariosIUS\/","article_modified_time":"2021-07-14T02:25:33+00:00","og_image":[{"url":"https:\/\/a-tributario.cl\/wp-content\/uploads\/2020\/12\/AUTOMOVILES-300x129.jpg"}],"twitter_card":"summary_large_image","twitter_site":"@ius_asesores","twitter_misc":{"Tiempo de lectura":"2 minutos"},"schema":{"@context":"https:\/\/schema.org","@graph":[{"@type":"WebPage","@id":"https:\/\/a-tributario.cl\/index.php\/sii-gastos-en-automoviles-fuera-del-giro-habitual\/","url":"https:\/\/a-tributario.cl\/index.php\/sii-gastos-en-automoviles-fuera-del-giro-habitual\/","name":"SII GASTOS EN AUTOMOVILES FUERA DEL GIRO HABITUAL","isPartOf":{"@id":"https:\/\/a-tributario.cl\/#website"},"datePublished":"2020-12-04T11:16:42+00:00","dateModified":"2021-07-14T02:25:33+00:00","description":"SII CIRCULAR 53-2020 - Gastos correspondientes a la adquisici\u00f3n y arrendamiento de autom\u00f3viles, cuando no sea \u00e9ste el giro habitual, y en combustibles","breadcrumb":{"@id":"https:\/\/a-tributario.cl\/index.php\/sii-gastos-en-automoviles-fuera-del-giro-habitual\/#breadcrumb"},"inLanguage":"es","potentialAction":[{"@type":"ReadAction","target":["https:\/\/a-tributario.cl\/index.php\/sii-gastos-en-automoviles-fuera-del-giro-habitual\/"]}]},{"@type":"BreadcrumbList","@id":"https:\/\/a-tributario.cl\/index.php\/sii-gastos-en-automoviles-fuera-del-giro-habitual\/#breadcrumb","itemListElement":[{"@type":"ListItem","position":1,"name":"Portada","item":"https:\/\/a-tributario.cl\/"},{"@type":"ListItem","position":2,"name":"SII GASTOS EN AUTOMOVILES FUERA DEL GIRO HABITUAL"}]},{"@type":"WebSite","@id":"https:\/\/a-tributario.cl\/#website","url":"https:\/\/a-tributario.cl\/","name":"ABOGADO TRIBUTARIO R&amp;R","description":"ASESOR\u00cdA TRIBUTARIA, DEFENSA LIQUIDACI\u00d3N Y GIRO SII, PRESCRIPCI\u00d3N IMPUESTOS DEFENSA COBRO TESORER\u00cdA","publisher":{"@id":"https:\/\/a-tributario.cl\/#organization"},"potentialAction":[{"@type":"SearchAction","target":{"@type":"EntryPoint","urlTemplate":"https:\/\/a-tributario.cl\/?s={search_term_string}"},"query-input":"required name=search_term_string"}],"inLanguage":"es"},{"@type":"Organization","@id":"https:\/\/a-tributario.cl\/#organization","name":"Abogado Tributario Let","url":"https:\/\/a-tributario.cl\/","logo":{"@type":"ImageObject","inLanguage":"es","@id":"https:\/\/a-tributario.cl\/#\/schema\/logo\/image\/","url":"https:\/\/a-tributario.cl\/wp-content\/uploads\/2019\/04\/Image-2018-e1556290954199.jpeg","contentUrl":"https:\/\/a-tributario.cl\/wp-content\/uploads\/2019\/04\/Image-2018-e1556290954199.jpeg","width":128,"height":128,"caption":"Abogado Tributario Let"},"image":{"@id":"https:\/\/a-tributario.cl\/#\/schema\/logo\/image\/"},"sameAs":["https:\/\/www.facebook.com\/AbogadosTributariosIUS\/","https:\/\/twitter.com\/ius_asesores","https:\/\/www.linkedin.com\/in\/abogadotributario\/"]}]}},"_links":{"self":[{"href":"https:\/\/a-tributario.cl\/index.php\/wp-json\/wp\/v2\/pages\/3959"}],"collection":[{"href":"https:\/\/a-tributario.cl\/index.php\/wp-json\/wp\/v2\/pages"}],"about":[{"href":"https:\/\/a-tributario.cl\/index.php\/wp-json\/wp\/v2\/types\/page"}],"author":[{"embeddable":true,"href":"https:\/\/a-tributario.cl\/index.php\/wp-json\/wp\/v2\/users\/1"}],"replies":[{"embeddable":true,"href":"https:\/\/a-tributario.cl\/index.php\/wp-json\/wp\/v2\/comments?post=3959"}],"version-history":[{"count":9,"href":"https:\/\/a-tributario.cl\/index.php\/wp-json\/wp\/v2\/pages\/3959\/revisions"}],"predecessor-version":[{"id":5347,"href":"https:\/\/a-tributario.cl\/index.php\/wp-json\/wp\/v2\/pages\/3959\/revisions\/5347"}],"wp:attachment":[{"href":"https:\/\/a-tributario.cl\/index.php\/wp-json\/wp\/v2\/media?parent=3959"}],"curies":[{"name":"wp","href":"https:\/\/api.w.org\/{rel}","templated":true}]}}