{"id":4043,"date":"2020-12-07T17:56:28","date_gmt":"2020-12-07T17:56:28","guid":{"rendered":"https:\/\/www.a-tributario.cl\/?page_id=4043"},"modified":"2021-06-20T02:32:09","modified_gmt":"2021-06-20T02:32:09","slug":"prescripcion-de-impuestos","status":"publish","type":"page","link":"https:\/\/a-tributario.cl\/index.php\/prescripcion-de-impuestos\/","title":{"rendered":"PRESCRIPCION de IMPUESTOS"},"content":{"rendered":"[vc_row][vc_column width=\u00bb2\/3&#8243;][vc_column_text]<h1 style=\"text-align: center;\">PRESCRIPCION de IMPUESTOS<\/h1>\n<h3><span style=\"vertical-align: inherit;\">SOLUCI\u00d3N A LA DEUDA DE IMPUESTOS. LA PRESCRIPCI\u00d3N DE IMPUESTOS O PRESCRIPCI\u00d3N TRIBUTARIA LIBERA AL CONTRIBUYENTE DE LA DEUDA DE IMPUESTO. PRIMERA CONSULTA GRATIS<\/span><\/h3>\n<div style=\"width: 640px;\" class=\"wp-video\"><!--[if lt IE 9]><script>document.createElement('video');<\/script><![endif]-->\n<video class=\"wp-video-shortcode\" id=\"video-4043-1\" width=\"640\" height=\"360\" preload=\"metadata\" controls=\"controls\"><source type=\"video\/mp4\" src=\"https:\/\/www.a-tributario.cl\/wp-content\/uploads\/2020\/08\/DEFENSA-DEUDA-IMPUESTOS.mp4?_=1\" \/><a href=\"https:\/\/www.a-tributario.cl\/wp-content\/uploads\/2020\/08\/DEFENSA-DEUDA-IMPUESTOS.mp4\">https:\/\/www.a-tributario.cl\/wp-content\/uploads\/2020\/08\/DEFENSA-DEUDA-IMPUESTOS.mp4<\/a><\/video><\/div>\n<h3>\u00a0<\/h3>\n<p><!-- \/wp:paragraph --><\/p>\n<h2><span style=\"vertical-align: inherit;\">PRESCRIPCI\u00d3N IMPUESTOS &#8211; PRESCRIPCI\u00d3N\u00a0DEUDA IMPUESTOS IVA &#8211; RENTA<\/span><\/h2>\n<h3><strong><span style=\"vertical-align: inherit;\">EXCEPCI\u00d3N O ACCI\u00d3N<\/span><\/strong><\/h3>\n<h4><!-- \/wp:paragraph --><\/h4>\n<h4><!-- wp:paragraph --><\/h4>\n<h4><span style=\"vertical-align: inherit;\">Liberamos de la deuda de <\/span><span style=\"vertical-align: inherit;\">impuestos al contribuyente. Nuestra asesor\u00eda tributaria y defensa especializada <\/span><span style=\"vertical-align: inherit;\">permite extinguir (eliminar) su deuda de impuestos. Esto se puede hacer v\u00eda <\/span><span style=\"vertical-align: inherit;\">excepci\u00f3n o acci\u00f3n dependiendo del estado del cobro\u00a0<\/span><\/h4>\n<h3><strong>\u00bfCOMO SE OBTIENE ?<\/strong><\/h3>\n<h4>Dado que la prescripci\u00f3n se interrumpe con la notificaci\u00f3n, y todas las deudas son notificadas por Tesorer\u00eda desde el Inicio. No es posible solicitarla de inmediato, lo que constituye un error muy\u00a0com\u00fan. Esto debe ser presentado y tramitado solo por expertos en la materia. En ABOGADO TRIBUTARIO LET, contamos con a\u00f1os de experiencia<\/h4>\n<h4><a href=\"https:\/\/www.a-tributario.cl\/index.php\/contact-us\/\"><strong>CONSULTE GRATUITAMENTE<\/strong><\/a><\/h4>\n<p><!-- \/wp:paragraph --><\/p>\n<p><!-- wp:paragraph --><\/p>\n<h2 style=\"text-align: center;\"><strong><span style=\"vertical-align: inherit;\">\u00bfQUE ES LA PRESCRIPCI\u00d3N <\/span><\/strong><\/h2>\n<h2 style=\"text-align: center;\"><strong><span style=\"vertical-align: inherit;\">DEL COBRO DE IMPUESTOS <\/span><span style=\"vertical-align: inherit;\">(TESORER\u00cdA)?<\/span><\/strong><\/h2>\n<h4><!-- \/wp:paragraph --><\/h4>\n<h4><!-- wp:paragraph --><\/h4>\n<h4><span style=\"vertical-align: inherit;\">Es la <\/span><span style=\"vertical-align: inherit;\">extinci\u00f3n (terminaci\u00f3n o fin de una cosa) de la deuda de impuestos por el <\/span><span style=\"vertical-align: inherit;\">transcurso del tiempo.<\/span><\/h4>\n<h4><!-- \/wp:paragraph --><\/h4>\n<h4><!-- wp:paragraph --><\/h4>\n<h4><span style=\"vertical-align: inherit;\">Solo se <\/span><span style=\"vertical-align: inherit;\">puede solicitar como excepci\u00f3n en el plazo de 10 d\u00edas despu\u00e9s de ser notificado <\/span><span style=\"vertical-align: inherit;\">el Contribuyente o v\u00eda acci\u00f3n antes de ser notificado, esto porque la <\/span><span style=\"vertical-align: inherit;\">notificaci\u00f3n interrumpe la prescripci\u00f3n<\/span><\/h4>\n<p><!-- \/wp:paragraph --><\/p>\n<p><!-- wp:paragraph --><\/p>\n<h4><strong>\u00a0 \u00a0 \u00a0<a href=\"https:\/\/www.a-tributario.cl\/index.php\/prescripcion-impuestos-codigo-tributario\/\" target=\"_blank\" rel=\"noreferrer noopener\" aria-label=\" (abrir en una nueva pesta\u00f1a)\"><span style=\"vertical-align: inherit;\"> ver <span class=\"addon-in-original-link addon-citation addon-tooltip\" data-vids=\"238902154\">CODIGO TRIBUTARIO<\/span><\/span><\/a><\/strong><\/h4>\n<div class=\"preview-content\">\n<div><span class=\"addon-btn open-in-vlex\">Abrir en vLex<\/span><span class=\"addon-btn\">Abrir en a-tributario.cl<\/span><\/div>\n<\/div>\n<h4><strong><a href=\"https:\/\/www.a-tributario.cl\/index.php\/prescripcion-impuestos-codigo-tributario\/\" target=\"_blank\" rel=\"noreferrer noopener\" aria-label=\" (abrir en una nueva pesta\u00f1a)\"><span style=\"vertical-align: inherit;\"><span id=\"addon-section\"><span class=\"addon-in-original-link addon-citation addon-tooltip\" data-vids=\"238902154\"><span class=\"tooltiptext node-preview no-print\" style=\"left: 0px; margin-left: 0px; display: none;\"><small><img decoding=\"async\" src=\"http:\/\/static.vlex.com\/img-wide\/vlex-logo_reload.png\" \/>Vista previa del enlace a\u00f1adida por la extensi\u00f3n vLex<\/small><\/span><\/span> ART 201 <\/span><\/span><\/a><\/strong><\/h4>\n<p><!-- \/wp:paragraph --><\/p>\n<p><!-- wp:paragraph --><\/p>\n<h4><strong><span style=\"vertical-align: inherit;\">V\u00cdA\u00a0EXCEPCI\u00d3N<\/span><\/strong><\/h4>\n<h4><!-- \/wp:paragraph --><\/h4>\n<h4><!-- wp:paragraph --><\/h4>\n<h4><span style=\"vertical-align: inherit;\">La defensa v\u00eda excepci\u00f3n, debe ser interpuesta en el plazo de 10 d\u00edas, <\/span><span style=\"vertical-align: inherit;\">posteriores a la notificaci\u00f3n personal de la demanda.-<\/span><\/h4>\n<h4><!-- \/wp:paragraph --><\/h4>\n<h4><!-- wp:paragraph --><\/h4>\n<h4><span style=\"vertical-align: inherit;\">Si la notificaci\u00f3n es por c\u00e9dula, el plazo para alegar la prescripci\u00f3n <\/span><span style=\"vertical-align: inherit;\">comenzar\u00e1 a contar de\u00a0 la fecha del primer embargo.-<\/span><\/h4>\n<h4><!-- \/wp:paragraph --><\/h4>\n<h4><!-- wp:paragraph --><\/h4>\n<h3><strong><span style=\"vertical-align: inherit;\">V\u00cdA\u00a0ACCI\u00d3N<\/span><\/strong><\/h3>\n<h4><!-- \/wp:paragraph --><\/h4>\n<h4><!-- wp:paragraph --><\/h4>\n<h4><span style=\"vertical-align: inherit;\">Esta se realiza v\u00eda demanda ordinaria ante un tribunal civil, y procede <\/span><span style=\"vertical-align: inherit;\">en el caso de no haber sido notificado el contribuyente, o si la notificaci\u00f3n <\/span><span style=\"vertical-align: inherit;\">de Tesorer\u00eda se hubiere dejado sin efecto.-<\/span><\/h4>\n<h3 style=\"text-align: center;\"><strong>VER<\/strong><\/h3>\n<p><blockquote class=\"wp-embedded-content\" data-secret=\"9LR4e0KnAe\"><a href=\"https:\/\/a-tributario.cl\/index.php\/fallo-abandono-corte-a-stgo-2021-feb\/\">FALLO ABANDONO CORTE A. STGO 2021 FEB<\/a><\/blockquote><iframe class=\"wp-embedded-content\" sandbox=\"allow-scripts\" security=\"restricted\" style=\"position: absolute; clip: rect(1px, 1px, 1px, 1px);\" title=\"&#8220;FALLO ABANDONO CORTE A. STGO 2021 FEB&#8221; &#8212; ABOGADO TRIBUTARIO LET 950959243\" src=\"https:\/\/a-tributario.cl\/index.php\/fallo-abandono-corte-a-stgo-2021-feb\/embed\/#?secret=9LR4e0KnAe\" data-secret=\"9LR4e0KnAe\" width=\"500\" height=\"282\" frameborder=\"0\" marginwidth=\"0\" marginheight=\"0\" scrolling=\"no\"><\/iframe><\/p>\n<p><blockquote class=\"wp-embedded-content\" data-secret=\"eMcmHmUq5Z\"><a href=\"https:\/\/a-tributario.cl\/index.php\/sentencias-prescripcion-tributaria\/\">SENTENCIAS  PRESCRIPCION TRIBUTARIA<\/a><\/blockquote><iframe class=\"wp-embedded-content\" sandbox=\"allow-scripts\" security=\"restricted\" style=\"position: absolute; clip: rect(1px, 1px, 1px, 1px);\" title=\"&#8220;SENTENCIAS  PRESCRIPCION TRIBUTARIA&#8221; &#8212; ABOGADO TRIBUTARIO LET 950959243\" src=\"https:\/\/a-tributario.cl\/index.php\/sentencias-prescripcion-tributaria\/embed\/#?secret=eMcmHmUq5Z\" data-secret=\"eMcmHmUq5Z\" width=\"500\" height=\"282\" frameborder=\"0\" marginwidth=\"0\" marginheight=\"0\" scrolling=\"no\"><\/iframe><\/p>[\/vc_column_text][\/vc_column][vc_column width=\u00bb1\/3&#8243;][\/vc_column][\/vc_row]","protected":false},"excerpt":{"rendered":"<p>[vc_row][vc_column width=\u00bb2\/3&#8243;][vc_column_text] PRESCRIPCION de IMPUESTOS SOLUCI\u00d3N A LA DEUDA DE IMPUESTOS. LA PRESCRIPCI\u00d3N DE IMPUESTOS O PRESCRIPCI\u00d3N TRIBUTARIA LIBERA AL CONTRIBUYENTE DE LA DEUDA DE IMPUESTO. PRIMERA CONSULTA GRATIS \u00a0 PRESCRIPCI\u00d3N IMPUESTOS &#8211; PRESCRIPCI\u00d3N\u00a0DEUDA IMPUESTOS IVA &#8211; RENTA EXCEPCI\u00d3N O ACCI\u00d3N Liberamos de la deuda de impuestos al contribuyente. Nuestra asesor\u00eda tributaria y defensa especializada [&hellip;]<\/p>\n","protected":false},"author":1,"featured_media":0,"parent":0,"menu_order":0,"comment_status":"closed","ping_status":"closed","template":"","meta":{"_monsterinsights_skip_tracking":false,"_monsterinsights_sitenote_active":false,"_monsterinsights_sitenote_note":"","_monsterinsights_sitenote_category":0,"footnotes":"","_joinchat":[]},"yoast_head":"<!-- This site is optimized with the Yoast SEO plugin v21.5 - https:\/\/yoast.com\/wordpress\/plugins\/seo\/ -->\n<title>PRESCRIPCION de IMPUESTOS - ABOGADO TRIBUTARIO LET<\/title>\n<meta name=\"description\" content=\"La Prescripci\u00f3n De Impuestos o Prescripci\u00f3n Tributaria Libera Al Contribuyente De La Deuda De Impuesto. CONSULTA Y EVALUCION GRATIS\" \/>\n<meta name=\"robots\" content=\"index, follow, max-snippet:-1, max-image-preview:large, max-video-preview:-1\" \/>\n<link rel=\"canonical\" href=\"https:\/\/a-tributario.cl\/index.php\/prescripcion-de-impuestos\/\" \/>\n<meta property=\"og:locale\" content=\"es_ES\" \/>\n<meta property=\"og:type\" content=\"article\" \/>\n<meta property=\"og:title\" content=\"PRESCRIPCION de IMPUESTOS - ABOGADO TRIBUTARIO LET\" \/>\n<meta property=\"og:description\" content=\"La Prescripci\u00f3n De Impuestos o Prescripci\u00f3n Tributaria Libera Al Contribuyente De La Deuda De Impuesto. CONSULTA Y EVALUCION GRATIS\" \/>\n<meta property=\"og:url\" content=\"https:\/\/a-tributario.cl\/index.php\/prescripcion-de-impuestos\/\" \/>\n<meta property=\"og:site_name\" content=\"ABOGADO TRIBUTARIO R&amp;R\" \/>\n<meta property=\"article:publisher\" content=\"https:\/\/www.facebook.com\/AbogadosTributariosIUS\/\" \/>\n<meta property=\"article:modified_time\" content=\"2021-06-20T02:32:09+00:00\" \/>\n<meta property=\"og:image\" content=\"http:\/\/static.vlex.com\/img-wide\/vlex-logo_reload.png\" \/>\n<meta name=\"twitter:card\" content=\"summary_large_image\" \/>\n<meta name=\"twitter:site\" content=\"@ius_asesores\" \/>\n<meta name=\"twitter:label1\" content=\"Tiempo de lectura\" \/>\n\t<meta name=\"twitter:data1\" content=\"2 minutos\" \/>\n<script type=\"application\/ld+json\" class=\"yoast-schema-graph\">{\"@context\":\"https:\/\/schema.org\",\"@graph\":[{\"@type\":\"WebPage\",\"@id\":\"https:\/\/a-tributario.cl\/index.php\/prescripcion-de-impuestos\/\",\"url\":\"https:\/\/a-tributario.cl\/index.php\/prescripcion-de-impuestos\/\",\"name\":\"PRESCRIPCION de IMPUESTOS - ABOGADO TRIBUTARIO LET\",\"isPartOf\":{\"@id\":\"https:\/\/a-tributario.cl\/#website\"},\"datePublished\":\"2020-12-07T17:56:28+00:00\",\"dateModified\":\"2021-06-20T02:32:09+00:00\",\"description\":\"La Prescripci\u00f3n De Impuestos o Prescripci\u00f3n Tributaria Libera Al Contribuyente De La Deuda De Impuesto. CONSULTA Y EVALUCION GRATIS\",\"breadcrumb\":{\"@id\":\"https:\/\/a-tributario.cl\/index.php\/prescripcion-de-impuestos\/#breadcrumb\"},\"inLanguage\":\"es\",\"potentialAction\":[{\"@type\":\"ReadAction\",\"target\":[\"https:\/\/a-tributario.cl\/index.php\/prescripcion-de-impuestos\/\"]}]},{\"@type\":\"BreadcrumbList\",\"@id\":\"https:\/\/a-tributario.cl\/index.php\/prescripcion-de-impuestos\/#breadcrumb\",\"itemListElement\":[{\"@type\":\"ListItem\",\"position\":1,\"name\":\"Portada\",\"item\":\"https:\/\/a-tributario.cl\/\"},{\"@type\":\"ListItem\",\"position\":2,\"name\":\"PRESCRIPCION de IMPUESTOS\"}]},{\"@type\":\"WebSite\",\"@id\":\"https:\/\/a-tributario.cl\/#website\",\"url\":\"https:\/\/a-tributario.cl\/\",\"name\":\"ABOGADO TRIBUTARIO R&amp;R\",\"description\":\"ASESOR\u00cdA TRIBUTARIA, DEFENSA LIQUIDACI\u00d3N Y GIRO SII, PRESCRIPCI\u00d3N IMPUESTOS DEFENSA COBRO TESORER\u00cdA\",\"publisher\":{\"@id\":\"https:\/\/a-tributario.cl\/#organization\"},\"potentialAction\":[{\"@type\":\"SearchAction\",\"target\":{\"@type\":\"EntryPoint\",\"urlTemplate\":\"https:\/\/a-tributario.cl\/?s={search_term_string}\"},\"query-input\":\"required name=search_term_string\"}],\"inLanguage\":\"es\"},{\"@type\":\"Organization\",\"@id\":\"https:\/\/a-tributario.cl\/#organization\",\"name\":\"Abogado Tributario Let\",\"url\":\"https:\/\/a-tributario.cl\/\",\"logo\":{\"@type\":\"ImageObject\",\"inLanguage\":\"es\",\"@id\":\"https:\/\/a-tributario.cl\/#\/schema\/logo\/image\/\",\"url\":\"https:\/\/a-tributario.cl\/wp-content\/uploads\/2019\/04\/Image-2018-e1556290954199.jpeg\",\"contentUrl\":\"https:\/\/a-tributario.cl\/wp-content\/uploads\/2019\/04\/Image-2018-e1556290954199.jpeg\",\"width\":128,\"height\":128,\"caption\":\"Abogado Tributario Let\"},\"image\":{\"@id\":\"https:\/\/a-tributario.cl\/#\/schema\/logo\/image\/\"},\"sameAs\":[\"https:\/\/www.facebook.com\/AbogadosTributariosIUS\/\",\"https:\/\/twitter.com\/ius_asesores\",\"https:\/\/www.linkedin.com\/in\/abogadotributario\/\"]}]}<\/script>\n<!-- \/ Yoast SEO plugin. -->","yoast_head_json":{"title":"PRESCRIPCION de IMPUESTOS - ABOGADO TRIBUTARIO LET","description":"La Prescripci\u00f3n De Impuestos o Prescripci\u00f3n Tributaria Libera Al Contribuyente De La Deuda De Impuesto. CONSULTA Y EVALUCION GRATIS","robots":{"index":"index","follow":"follow","max-snippet":"max-snippet:-1","max-image-preview":"max-image-preview:large","max-video-preview":"max-video-preview:-1"},"canonical":"https:\/\/a-tributario.cl\/index.php\/prescripcion-de-impuestos\/","og_locale":"es_ES","og_type":"article","og_title":"PRESCRIPCION de IMPUESTOS - ABOGADO TRIBUTARIO LET","og_description":"La Prescripci\u00f3n De Impuestos o Prescripci\u00f3n Tributaria Libera Al Contribuyente De La Deuda De Impuesto. CONSULTA Y EVALUCION GRATIS","og_url":"https:\/\/a-tributario.cl\/index.php\/prescripcion-de-impuestos\/","og_site_name":"ABOGADO TRIBUTARIO R&amp;R","article_publisher":"https:\/\/www.facebook.com\/AbogadosTributariosIUS\/","article_modified_time":"2021-06-20T02:32:09+00:00","og_image":[{"url":"http:\/\/static.vlex.com\/img-wide\/vlex-logo_reload.png"}],"twitter_card":"summary_large_image","twitter_site":"@ius_asesores","twitter_misc":{"Tiempo de lectura":"2 minutos"},"schema":{"@context":"https:\/\/schema.org","@graph":[{"@type":"WebPage","@id":"https:\/\/a-tributario.cl\/index.php\/prescripcion-de-impuestos\/","url":"https:\/\/a-tributario.cl\/index.php\/prescripcion-de-impuestos\/","name":"PRESCRIPCION de IMPUESTOS - ABOGADO TRIBUTARIO LET","isPartOf":{"@id":"https:\/\/a-tributario.cl\/#website"},"datePublished":"2020-12-07T17:56:28+00:00","dateModified":"2021-06-20T02:32:09+00:00","description":"La Prescripci\u00f3n De Impuestos o Prescripci\u00f3n Tributaria Libera Al Contribuyente De La Deuda De Impuesto. CONSULTA Y EVALUCION GRATIS","breadcrumb":{"@id":"https:\/\/a-tributario.cl\/index.php\/prescripcion-de-impuestos\/#breadcrumb"},"inLanguage":"es","potentialAction":[{"@type":"ReadAction","target":["https:\/\/a-tributario.cl\/index.php\/prescripcion-de-impuestos\/"]}]},{"@type":"BreadcrumbList","@id":"https:\/\/a-tributario.cl\/index.php\/prescripcion-de-impuestos\/#breadcrumb","itemListElement":[{"@type":"ListItem","position":1,"name":"Portada","item":"https:\/\/a-tributario.cl\/"},{"@type":"ListItem","position":2,"name":"PRESCRIPCION de IMPUESTOS"}]},{"@type":"WebSite","@id":"https:\/\/a-tributario.cl\/#website","url":"https:\/\/a-tributario.cl\/","name":"ABOGADO TRIBUTARIO R&amp;R","description":"ASESOR\u00cdA TRIBUTARIA, DEFENSA LIQUIDACI\u00d3N Y GIRO SII, PRESCRIPCI\u00d3N IMPUESTOS DEFENSA COBRO TESORER\u00cdA","publisher":{"@id":"https:\/\/a-tributario.cl\/#organization"},"potentialAction":[{"@type":"SearchAction","target":{"@type":"EntryPoint","urlTemplate":"https:\/\/a-tributario.cl\/?s={search_term_string}"},"query-input":"required name=search_term_string"}],"inLanguage":"es"},{"@type":"Organization","@id":"https:\/\/a-tributario.cl\/#organization","name":"Abogado Tributario Let","url":"https:\/\/a-tributario.cl\/","logo":{"@type":"ImageObject","inLanguage":"es","@id":"https:\/\/a-tributario.cl\/#\/schema\/logo\/image\/","url":"https:\/\/a-tributario.cl\/wp-content\/uploads\/2019\/04\/Image-2018-e1556290954199.jpeg","contentUrl":"https:\/\/a-tributario.cl\/wp-content\/uploads\/2019\/04\/Image-2018-e1556290954199.jpeg","width":128,"height":128,"caption":"Abogado Tributario Let"},"image":{"@id":"https:\/\/a-tributario.cl\/#\/schema\/logo\/image\/"},"sameAs":["https:\/\/www.facebook.com\/AbogadosTributariosIUS\/","https:\/\/twitter.com\/ius_asesores","https:\/\/www.linkedin.com\/in\/abogadotributario\/"]}]}},"_links":{"self":[{"href":"https:\/\/a-tributario.cl\/index.php\/wp-json\/wp\/v2\/pages\/4043"}],"collection":[{"href":"https:\/\/a-tributario.cl\/index.php\/wp-json\/wp\/v2\/pages"}],"about":[{"href":"https:\/\/a-tributario.cl\/index.php\/wp-json\/wp\/v2\/types\/page"}],"author":[{"embeddable":true,"href":"https:\/\/a-tributario.cl\/index.php\/wp-json\/wp\/v2\/users\/1"}],"replies":[{"embeddable":true,"href":"https:\/\/a-tributario.cl\/index.php\/wp-json\/wp\/v2\/comments?post=4043"}],"version-history":[{"count":13,"href":"https:\/\/a-tributario.cl\/index.php\/wp-json\/wp\/v2\/pages\/4043\/revisions"}],"predecessor-version":[{"id":5066,"href":"https:\/\/a-tributario.cl\/index.php\/wp-json\/wp\/v2\/pages\/4043\/revisions\/5066"}],"wp:attachment":[{"href":"https:\/\/a-tributario.cl\/index.php\/wp-json\/wp\/v2\/media?parent=4043"}],"curies":[{"name":"wp","href":"https:\/\/api.w.org\/{rel}","templated":true}]}}