{"id":4079,"date":"2020-12-07T20:32:51","date_gmt":"2020-12-07T20:32:51","guid":{"rendered":"https:\/\/www.a-tributario.cl\/?page_id=4079"},"modified":"2021-01-03T12:35:47","modified_gmt":"2021-01-03T12:35:47","slug":"decreto-supremo-348-reglamento-iva-exportador","status":"publish","type":"page","link":"https:\/\/a-tributario.cl\/index.php\/decreto-supremo-348-reglamento-iva-exportador\/","title":{"rendered":"DECRETO SUPREMO 348 REGLAMENTO IVA EXPORTADOR"},"content":{"rendered":"[vc_row][vc_column width=\u00bb1\/3&#8243;][vc_column_text]\n<h1>&nbsp;DECRETO SUPREMO 348 &#8211;<\/h1>\n<h1>REGLAMENTO IVA EXPORTADOR<\/h1>\n<h2><strong><span style=\"vertical-align: inherit;\">NORMAS QUE REGULAN LOS BENEFICIOS TRIBUTARIOS&nbsp;<\/span><\/strong><\/h2>\n<img loading=\"lazy\" decoding=\"async\" class=\"alignright\" src=\"https:\/\/www.a-tributario.cl\/wp-content\/uploads\/2018\/03\/zona-final1-e1556290782438.png\" width=\"86\" height=\"85\">\n<h3><strong><span style=\"vertical-align: inherit;\">1.- PAGO A LOS EXPORTADORES DEL BENEFICIO DE REINTEGRO SIMPLIFICADO A EXPORTACIONES, ESTABLECIDO EN LA LEY N\u00ba 18.480 Y SUS MODIFICACIONES.&nbsp; <\/span><\/strong><\/h3>\n<h3><a href=\"https:\/\/www.a-tributario.cl\/index.php\/pago-a-los-exportadores-del-beneficio-de-reintegro-simplificado-a-exportaciones-establecido-en-la-ley-no-18-480-y-sus-modificaciones\/\" target=\"_blank\" rel=\"noopener noreferrer\"><span style=\"vertical-align: inherit;\">CIRCULAR N \u00b0 28 Tesorer\u00eda del 27-11-2018<\/span><\/a><\/h3>\n<h3><strong><span style=\"vertical-align: inherit;\">2.-&nbsp; PROCEDIMIENTO DE IDENTIFICACI\u00d3N DE CONTRIBUYENTE CATALOGADO COMO EXPORTADOR DE SERVICIOS PRESTADOS Y UTILIZADOS TOTALMENTE EN EL EXTRANJERO&nbsp;<\/span><\/strong><\/h3>\n<h3><a href=\"https:\/\/www.a-tributario.cl\/index.php\/exportadores-de-servicios-normas-regulatorias\/\"><span style=\"vertical-align: inherit;\">RESOLUCION 52&nbsp; SII &#8211; 30 -04 -2019<\/span><\/a><\/h3>\n<!-- \/wp:paragraph -->\n\n<!-- wp:paragraph -->\n\n<!-- \/wp:paragraph -->\n\n<!-- wp:image {\"id\":1798,\"align\":\"right\",\"width\":106,\"height\":103} -->\n<div class=\"wp-block-image\"><\/div>\n[\/vc_column_text][\/vc_column][vc_column width=\u00bb1\/3&#8243;][\/vc_column][vc_column width=\u00bb1\/3&#8243;][\/vc_column][\/vc_row]","protected":false},"excerpt":{"rendered":"<p>[vc_row][vc_column width=\u00bb1\/3&#8243;][vc_column_text] &nbsp;DECRETO SUPREMO 348 &#8211; REGLAMENTO IVA EXPORTADOR NORMAS QUE REGULAN LOS BENEFICIOS TRIBUTARIOS&nbsp; 1.- PAGO A LOS EXPORTADORES DEL BENEFICIO DE REINTEGRO SIMPLIFICADO A EXPORTACIONES, ESTABLECIDO EN LA LEY N\u00ba 18.480 Y SUS MODIFICACIONES.&nbsp; CIRCULAR N \u00b0 28 Tesorer\u00eda del 27-11-2018 2.-&nbsp; PROCEDIMIENTO DE IDENTIFICACI\u00d3N DE CONTRIBUYENTE CATALOGADO COMO EXPORTADOR DE SERVICIOS PRESTADOS [&hellip;]<\/p>\n","protected":false},"author":1,"featured_media":0,"parent":0,"menu_order":0,"comment_status":"closed","ping_status":"closed","template":"","meta":{"_monsterinsights_skip_tracking":false,"_monsterinsights_sitenote_active":false,"_monsterinsights_sitenote_note":"","_monsterinsights_sitenote_category":0,"footnotes":"","_joinchat":[]},"yoast_head":"<!-- This site is optimized with the Yoast SEO plugin v21.5 - https:\/\/yoast.com\/wordpress\/plugins\/seo\/ -->\n<title>DECRETO SUPREMO 348 REGLAMENTO IVA EXPORTADOR -<\/title>\n<meta name=\"description\" content=\"PAGO A LOS EXPORTADORES DEL BENEFICIO DE REINTEGRO SIMPLIFICADO A EXPORTACIONES, ESTABLECIDO EN LA LEY N\u00ba 18.480 Y SUS MODIFICACIONES.\" \/>\n<meta name=\"robots\" content=\"index, follow, max-snippet:-1, max-image-preview:large, max-video-preview:-1\" \/>\n<link rel=\"canonical\" href=\"https:\/\/a-tributario.cl\/index.php\/decreto-supremo-348-reglamento-iva-exportador\/\" \/>\n<meta property=\"og:locale\" content=\"es_ES\" \/>\n<meta property=\"og:type\" content=\"article\" \/>\n<meta property=\"og:title\" content=\"DECRETO SUPREMO 348 REGLAMENTO IVA EXPORTADOR -\" \/>\n<meta property=\"og:description\" content=\"PAGO A LOS EXPORTADORES DEL BENEFICIO DE REINTEGRO SIMPLIFICADO A EXPORTACIONES, ESTABLECIDO EN LA LEY N\u00ba 18.480 Y SUS MODIFICACIONES.\" \/>\n<meta property=\"og:url\" content=\"https:\/\/a-tributario.cl\/index.php\/decreto-supremo-348-reglamento-iva-exportador\/\" \/>\n<meta property=\"og:site_name\" content=\"ABOGADO TRIBUTARIO R&amp;R\" \/>\n<meta property=\"article:publisher\" content=\"https:\/\/www.facebook.com\/AbogadosTributariosIUS\/\" \/>\n<meta property=\"article:modified_time\" content=\"2021-01-03T12:35:47+00:00\" \/>\n<meta property=\"og:image\" content=\"https:\/\/www.a-tributario.cl\/wp-content\/uploads\/2018\/03\/zona-final1-e1556290782438.png\" \/>\n<meta name=\"twitter:card\" content=\"summary_large_image\" \/>\n<meta name=\"twitter:site\" content=\"@ius_asesores\" \/>\n<script type=\"application\/ld+json\" class=\"yoast-schema-graph\">{\"@context\":\"https:\/\/schema.org\",\"@graph\":[{\"@type\":\"WebPage\",\"@id\":\"https:\/\/a-tributario.cl\/index.php\/decreto-supremo-348-reglamento-iva-exportador\/\",\"url\":\"https:\/\/a-tributario.cl\/index.php\/decreto-supremo-348-reglamento-iva-exportador\/\",\"name\":\"DECRETO SUPREMO 348 REGLAMENTO IVA EXPORTADOR -\",\"isPartOf\":{\"@id\":\"https:\/\/a-tributario.cl\/#website\"},\"datePublished\":\"2020-12-07T20:32:51+00:00\",\"dateModified\":\"2021-01-03T12:35:47+00:00\",\"description\":\"PAGO A LOS EXPORTADORES DEL BENEFICIO DE REINTEGRO SIMPLIFICADO A EXPORTACIONES, ESTABLECIDO EN LA LEY N\u00ba 18.480 Y SUS MODIFICACIONES.\",\"breadcrumb\":{\"@id\":\"https:\/\/a-tributario.cl\/index.php\/decreto-supremo-348-reglamento-iva-exportador\/#breadcrumb\"},\"inLanguage\":\"es\",\"potentialAction\":[{\"@type\":\"ReadAction\",\"target\":[\"https:\/\/a-tributario.cl\/index.php\/decreto-supremo-348-reglamento-iva-exportador\/\"]}]},{\"@type\":\"BreadcrumbList\",\"@id\":\"https:\/\/a-tributario.cl\/index.php\/decreto-supremo-348-reglamento-iva-exportador\/#breadcrumb\",\"itemListElement\":[{\"@type\":\"ListItem\",\"position\":1,\"name\":\"Portada\",\"item\":\"https:\/\/a-tributario.cl\/\"},{\"@type\":\"ListItem\",\"position\":2,\"name\":\"DECRETO SUPREMO 348 REGLAMENTO IVA EXPORTADOR\"}]},{\"@type\":\"WebSite\",\"@id\":\"https:\/\/a-tributario.cl\/#website\",\"url\":\"https:\/\/a-tributario.cl\/\",\"name\":\"ABOGADO TRIBUTARIO R&amp;R\",\"description\":\"ASESOR\u00cdA TRIBUTARIA, DEFENSA LIQUIDACI\u00d3N Y GIRO SII, PRESCRIPCI\u00d3N IMPUESTOS DEFENSA COBRO TESORER\u00cdA\",\"publisher\":{\"@id\":\"https:\/\/a-tributario.cl\/#organization\"},\"potentialAction\":[{\"@type\":\"SearchAction\",\"target\":{\"@type\":\"EntryPoint\",\"urlTemplate\":\"https:\/\/a-tributario.cl\/?s={search_term_string}\"},\"query-input\":\"required name=search_term_string\"}],\"inLanguage\":\"es\"},{\"@type\":\"Organization\",\"@id\":\"https:\/\/a-tributario.cl\/#organization\",\"name\":\"Abogado Tributario Let\",\"url\":\"https:\/\/a-tributario.cl\/\",\"logo\":{\"@type\":\"ImageObject\",\"inLanguage\":\"es\",\"@id\":\"https:\/\/a-tributario.cl\/#\/schema\/logo\/image\/\",\"url\":\"https:\/\/a-tributario.cl\/wp-content\/uploads\/2019\/04\/Image-2018-e1556290954199.jpeg\",\"contentUrl\":\"https:\/\/a-tributario.cl\/wp-content\/uploads\/2019\/04\/Image-2018-e1556290954199.jpeg\",\"width\":128,\"height\":128,\"caption\":\"Abogado Tributario Let\"},\"image\":{\"@id\":\"https:\/\/a-tributario.cl\/#\/schema\/logo\/image\/\"},\"sameAs\":[\"https:\/\/www.facebook.com\/AbogadosTributariosIUS\/\",\"https:\/\/twitter.com\/ius_asesores\",\"https:\/\/www.linkedin.com\/in\/abogadotributario\/\"]}]}<\/script>\n<!-- \/ Yoast SEO plugin. -->","yoast_head_json":{"title":"DECRETO SUPREMO 348 REGLAMENTO IVA EXPORTADOR -","description":"PAGO A LOS EXPORTADORES DEL BENEFICIO DE REINTEGRO SIMPLIFICADO A EXPORTACIONES, ESTABLECIDO EN LA LEY N\u00ba 18.480 Y SUS MODIFICACIONES.","robots":{"index":"index","follow":"follow","max-snippet":"max-snippet:-1","max-image-preview":"max-image-preview:large","max-video-preview":"max-video-preview:-1"},"canonical":"https:\/\/a-tributario.cl\/index.php\/decreto-supremo-348-reglamento-iva-exportador\/","og_locale":"es_ES","og_type":"article","og_title":"DECRETO SUPREMO 348 REGLAMENTO IVA EXPORTADOR -","og_description":"PAGO A LOS EXPORTADORES DEL BENEFICIO DE REINTEGRO SIMPLIFICADO A EXPORTACIONES, ESTABLECIDO EN LA LEY N\u00ba 18.480 Y SUS MODIFICACIONES.","og_url":"https:\/\/a-tributario.cl\/index.php\/decreto-supremo-348-reglamento-iva-exportador\/","og_site_name":"ABOGADO TRIBUTARIO R&amp;R","article_publisher":"https:\/\/www.facebook.com\/AbogadosTributariosIUS\/","article_modified_time":"2021-01-03T12:35:47+00:00","og_image":[{"url":"https:\/\/www.a-tributario.cl\/wp-content\/uploads\/2018\/03\/zona-final1-e1556290782438.png"}],"twitter_card":"summary_large_image","twitter_site":"@ius_asesores","schema":{"@context":"https:\/\/schema.org","@graph":[{"@type":"WebPage","@id":"https:\/\/a-tributario.cl\/index.php\/decreto-supremo-348-reglamento-iva-exportador\/","url":"https:\/\/a-tributario.cl\/index.php\/decreto-supremo-348-reglamento-iva-exportador\/","name":"DECRETO SUPREMO 348 REGLAMENTO IVA EXPORTADOR -","isPartOf":{"@id":"https:\/\/a-tributario.cl\/#website"},"datePublished":"2020-12-07T20:32:51+00:00","dateModified":"2021-01-03T12:35:47+00:00","description":"PAGO A LOS EXPORTADORES DEL BENEFICIO DE REINTEGRO SIMPLIFICADO A EXPORTACIONES, ESTABLECIDO EN LA LEY N\u00ba 18.480 Y SUS MODIFICACIONES.","breadcrumb":{"@id":"https:\/\/a-tributario.cl\/index.php\/decreto-supremo-348-reglamento-iva-exportador\/#breadcrumb"},"inLanguage":"es","potentialAction":[{"@type":"ReadAction","target":["https:\/\/a-tributario.cl\/index.php\/decreto-supremo-348-reglamento-iva-exportador\/"]}]},{"@type":"BreadcrumbList","@id":"https:\/\/a-tributario.cl\/index.php\/decreto-supremo-348-reglamento-iva-exportador\/#breadcrumb","itemListElement":[{"@type":"ListItem","position":1,"name":"Portada","item":"https:\/\/a-tributario.cl\/"},{"@type":"ListItem","position":2,"name":"DECRETO SUPREMO 348 REGLAMENTO IVA EXPORTADOR"}]},{"@type":"WebSite","@id":"https:\/\/a-tributario.cl\/#website","url":"https:\/\/a-tributario.cl\/","name":"ABOGADO TRIBUTARIO R&amp;R","description":"ASESOR\u00cdA TRIBUTARIA, DEFENSA LIQUIDACI\u00d3N Y GIRO SII, PRESCRIPCI\u00d3N IMPUESTOS DEFENSA COBRO TESORER\u00cdA","publisher":{"@id":"https:\/\/a-tributario.cl\/#organization"},"potentialAction":[{"@type":"SearchAction","target":{"@type":"EntryPoint","urlTemplate":"https:\/\/a-tributario.cl\/?s={search_term_string}"},"query-input":"required name=search_term_string"}],"inLanguage":"es"},{"@type":"Organization","@id":"https:\/\/a-tributario.cl\/#organization","name":"Abogado Tributario Let","url":"https:\/\/a-tributario.cl\/","logo":{"@type":"ImageObject","inLanguage":"es","@id":"https:\/\/a-tributario.cl\/#\/schema\/logo\/image\/","url":"https:\/\/a-tributario.cl\/wp-content\/uploads\/2019\/04\/Image-2018-e1556290954199.jpeg","contentUrl":"https:\/\/a-tributario.cl\/wp-content\/uploads\/2019\/04\/Image-2018-e1556290954199.jpeg","width":128,"height":128,"caption":"Abogado Tributario Let"},"image":{"@id":"https:\/\/a-tributario.cl\/#\/schema\/logo\/image\/"},"sameAs":["https:\/\/www.facebook.com\/AbogadosTributariosIUS\/","https:\/\/twitter.com\/ius_asesores","https:\/\/www.linkedin.com\/in\/abogadotributario\/"]}]}},"_links":{"self":[{"href":"https:\/\/a-tributario.cl\/index.php\/wp-json\/wp\/v2\/pages\/4079"}],"collection":[{"href":"https:\/\/a-tributario.cl\/index.php\/wp-json\/wp\/v2\/pages"}],"about":[{"href":"https:\/\/a-tributario.cl\/index.php\/wp-json\/wp\/v2\/types\/page"}],"author":[{"embeddable":true,"href":"https:\/\/a-tributario.cl\/index.php\/wp-json\/wp\/v2\/users\/1"}],"replies":[{"embeddable":true,"href":"https:\/\/a-tributario.cl\/index.php\/wp-json\/wp\/v2\/comments?post=4079"}],"version-history":[{"count":9,"href":"https:\/\/a-tributario.cl\/index.php\/wp-json\/wp\/v2\/pages\/4079\/revisions"}],"predecessor-version":[{"id":4681,"href":"https:\/\/a-tributario.cl\/index.php\/wp-json\/wp\/v2\/pages\/4079\/revisions\/4681"}],"wp:attachment":[{"href":"https:\/\/a-tributario.cl\/index.php\/wp-json\/wp\/v2\/media?parent=4079"}],"curies":[{"name":"wp","href":"https:\/\/api.w.org\/{rel}","templated":true}]}}

[vc_row][vc_column width=»1/3&#8243;][vc_column_text]
<h1>&nbsp;DECRETO SUPREMO 348 &#8211;</h1>
<h1>REGLAMENTO IVA EXPORTADOR</h1>
<h2><strong><span style="vertical-align: inherit;">NORMAS QUE REGULAN LOS BENEFICIOS TRIBUTARIOS&nbsp;</span></strong></h2>
<img loading="lazy" decoding="async" class="alignright" src="https://www.a-tributario.cl/wp-content/uploads/2018/03/zona-final1-e1556290782438.png" width="86" height="85">
<h3><strong><span style="vertical-align: inherit;">1.- PAGO A LOS EXPORTADORES DEL BENEFICIO DE REINTEGRO SIMPLIFICADO A EXPORTACIONES, ESTABLECIDO EN LA LEY Nº 18.480 Y SUS MODIFICACIONES.&nbsp; </span></strong></h3>
<h3><a href="https://www.a-tributario.cl/index.php/pago-a-los-exportadores-del-beneficio-de-reintegro-simplificado-a-exportaciones-establecido-en-la-ley-no-18-480-y-sus-modificaciones/" target="_blank" rel="noopener noreferrer"><span style="vertical-align: inherit;">CIRCULAR N ° 28 Tesorería del 27-11-2018</span></a></h3>
<h3><strong><span style="vertical-align: inherit;">2.-&nbsp; PROCEDIMIENTO DE IDENTIFICACIÓN DE CONTRIBUYENTE CATALOGADO COMO EXPORTADOR DE SERVICIOS PRESTADOS Y UTILIZADOS TOTALMENTE EN EL EXTRANJERO&nbsp;</span></strong></h3>
<h3><a href="https://www.a-tributario.cl/index.php/exportadores-de-servicios-normas-regulatorias/"><span style="vertical-align: inherit;">RESOLUCION 52&nbsp; SII &#8211; 30 -04 -2019</span></a></h3>
<!-- /wp:paragraph -->

<!-- wp:paragraph -->

<!-- /wp:paragraph -->

<!-- wp:image {"id":1798,"align":"right","width":106,"height":103} -->
<div class="wp-block-image"></div>
[/vc_column_text][/vc_column][vc_column width=»1/3&#8243;][/vc_column][vc_column width=»1/3&#8243;][/vc_column][/vc_row]

<p>[vc_row][vc_column width=»1/3&#8243;][vc_column_text] &nbsp;DECRETO SUPREMO 348 &#8211; REGLAMENTO IVA EXPORTADOR NORMAS QUE REGULAN LOS BENEFICIOS TRIBUTARIOS&nbsp; 1.- PAGO A LOS EXPORTADORES DEL BENEFICIO DE REINTEGRO SIMPLIFICADO A EXPORTACIONES, ESTABLECIDO EN LA LEY Nº 18.480 Y SUS MODIFICACIONES.&nbsp; CIRCULAR N ° 28 Tesorería del 27-11-2018 2.-&nbsp; PROCEDIMIENTO DE IDENTIFICACIÓN DE CONTRIBUYENTE CATALOGADO COMO EXPORTADOR DE SERVICIOS PRESTADOS [&hellip;]</p>

<!-- This site is optimized with the Yoast SEO plugin v21.5 - https://yoast.com/wordpress/plugins/seo/ -->
<title>DECRETO SUPREMO 348 REGLAMENTO IVA EXPORTADOR -</title>
<meta name="description" content="PAGO A LOS EXPORTADORES DEL BENEFICIO DE REINTEGRO SIMPLIFICADO A EXPORTACIONES, ESTABLECIDO EN LA LEY Nº 18.480 Y SUS MODIFICACIONES." />
<meta name="robots" content="index, follow, max-snippet:-1, max-image-preview:large, max-video-preview:-1" />
<link rel="canonical" href="https://a-tributario.cl/index.php/decreto-supremo-348-reglamento-iva-exportador/" />
<meta property="og:locale" content="es_ES" />
<meta property="og:type" content="article" />
<meta property="og:title" content="DECRETO SUPREMO 348 REGLAMENTO IVA EXPORTADOR -" />
<meta property="og:description" content="PAGO A LOS EXPORTADORES DEL BENEFICIO DE REINTEGRO SIMPLIFICADO A EXPORTACIONES, ESTABLECIDO EN LA LEY Nº 18.480 Y SUS MODIFICACIONES." />
<meta property="og:url" content="https://a-tributario.cl/index.php/decreto-supremo-348-reglamento-iva-exportador/" />
<meta property="og:site_name" content="ABOGADO TRIBUTARIO R&amp;R" />
<meta property="article:publisher" content="https://www.facebook.com/AbogadosTributariosIUS/" />
<meta property="article:modified_time" content="2021-01-03T12:35:47+00:00" />
<meta property="og:image" content="https://www.a-tributario.cl/wp-content/uploads/2018/03/zona-final1-e1556290782438.png" />
<meta name="twitter:card" content="summary_large_image" />
<meta name="twitter:site" content="@ius_asesores" />
<script type="application/ld+json" class="yoast-schema-graph">{"@context":"https://schema.org","@graph":[{"@type":"WebPage","@id":"https://a-tributario.cl/index.php/decreto-supremo-348-reglamento-iva-exportador/","url":"https://a-tributario.cl/index.php/decreto-supremo-348-reglamento-iva-exportador/","name":"DECRETO SUPREMO 348 REGLAMENTO IVA EXPORTADOR -","isPartOf":{"@id":"https://a-tributario.cl/#website"},"datePublished":"2020-12-07T20:32:51+00:00","dateModified":"2021-01-03T12:35:47+00:00","description":"PAGO A LOS EXPORTADORES DEL BENEFICIO DE REINTEGRO SIMPLIFICADO A EXPORTACIONES, ESTABLECIDO EN LA LEY Nº 18.480 Y SUS MODIFICACIONES.","breadcrumb":{"@id":"https://a-tributario.cl/index.php/decreto-supremo-348-reglamento-iva-exportador/#breadcrumb"},"inLanguage":"es","potentialAction":[{"@type":"ReadAction","target":["https://a-tributario.cl/index.php/decreto-supremo-348-reglamento-iva-exportador/"]}]},{"@type":"BreadcrumbList","@id":"https://a-tributario.cl/index.php/decreto-supremo-348-reglamento-iva-exportador/#breadcrumb","itemListElement":[{"@type":"ListItem","position":1,"name":"Portada","item":"https://a-tributario.cl/"},{"@type":"ListItem","position":2,"name":"DECRETO SUPREMO 348 REGLAMENTO IVA EXPORTADOR"}]},{"@type":"WebSite","@id":"https://a-tributario.cl/#website","url":"https://a-tributario.cl/","name":"ABOGADO TRIBUTARIO R&amp;R","description":"ASESORÍA TRIBUTARIA, DEFENSA LIQUIDACIÓN Y GIRO SII, PRESCRIPCIÓN IMPUESTOS DEFENSA COBRO TESORERÍA","publisher":{"@id":"https://a-tributario.cl/#organization"},"potentialAction":[{"@type":"SearchAction","target":{"@type":"EntryPoint","urlTemplate":"https://a-tributario.cl/?s={search_term_string}"},"query-input":"required name=search_term_string"}],"inLanguage":"es"},{"@type":"Organization","@id":"https://a-tributario.cl/#organization","name":"Abogado Tributario Let","url":"https://a-tributario.cl/","logo":{"@type":"ImageObject","inLanguage":"es","@id":"https://a-tributario.cl/#/schema/logo/image/","url":"https://a-tributario.cl/wp-content/uploads/2019/04/Image-2018-e1556290954199.jpeg","contentUrl":"https://a-tributario.cl/wp-content/uploads/2019/04/Image-2018-e1556290954199.jpeg","width":128,"height":128,"caption":"Abogado Tributario Let"},"image":{"@id":"https://a-tributario.cl/#/schema/logo/image/"},"sameAs":["https://www.facebook.com/AbogadosTributariosIUS/","https://twitter.com/ius_asesores","https://www.linkedin.com/in/abogadotributario/"]}]}</script>
<!-- / Yoast SEO plugin. -->

PAGO A LOS EXPORTADORES DEL BENEFICIO DE REINTEGRO SIMPLIFICADO A EXPORTACIONES, ESTABLECIDO EN LA LEY Nº 18.480 Y SUS MODIFICACIONES.

ASESORÍA TRIBUTARIA, DEFENSA LIQUIDACIÓN Y GIRO SII, PRESCRIPCIÓN IMPUESTOS DEFENSA COBRO TESORERÍA
