{"id":4226,"date":"2020-12-12T06:32:20","date_gmt":"2020-12-12T06:32:20","guid":{"rendered":"http:\/\/www.a-tributario.cl\/?page_id=4226"},"modified":"2022-01-02T20:08:58","modified_gmt":"2022-01-02T20:08:58","slug":"giro-o-liquidacion-sii-defensa-ante-el-tta","status":"publish","type":"page","link":"https:\/\/a-tributario.cl\/index.php\/giro-o-liquidacion-sii-defensa-ante-el-tta\/","title":{"rendered":"GIRO o LIQUIDACI\u00d3N SII DEFENSA ANTE EL TTA"},"content":{"rendered":"<p>[vc_row][vc_column width=\u00bb1\/3&#8243;][vc_column_text]<strong><u>Liquidaciones<\/u><\/strong>:\u00a0Constituye\u00a0el acto por el cual el SII determina el impuesto que adeuda el contribuyente, ya sea porque a su juicio no determin\u00f3 la obligaci\u00f3n tributaria estando obligado a hacerlo, o bien porque el organismo considera que el impuesto declarado no corresponde a la cuantificaci\u00f3n del hecho gravado.<\/p>\n<blockquote><p><strong><u>Giros<\/u>:\u00a0<\/strong>Corresponde a la orden dirigida al contribuyente para pagar un impuesto o una multa, previamente determinados. Si hay liquidaci\u00f3n y giro, s\u00f3lo podr\u00e1 reclamarse del \u00faltimo si no se conforma con la liquidaci\u00f3n que le haya servido de antecedente.<\/p><\/blockquote>\n<p>.<img loading=\"lazy\" decoding=\"async\" class=\"wp-image-2412 aligncenter\" src=\"https:\/\/a-tributario.cl\/wp-content\/uploads\/2019\/04\/TTA-1-1.jpg\" alt=\"\" width=\"296\" height=\"207\" \/><\/p>\n<h1><\/h1>\n<h1 style=\"text-align: center;\">GIRO o LIQUIDACI\u00d3N<\/h1>\n<h1 style=\"text-align: center;\">SII DEFENSA ANTE<\/h1>\n<h1 style=\"text-align: center;\">EL TTA<\/h1>\n<h3><strong>NOS ESPECIALIZAMOS EN LA DEFENSA DEL CONTRIBUYENTE, ANTE LA LIQUIDACI\u00d3N Y GIRO DE IMPUESTOS QUE HACE EL SII.<\/strong><\/h3>\n<p>NOTIFICADA LA LIQUIDACI\u00d3N EL CONTRIBUYENTE TIENE 30 D\u00cdAS PARA INTERPONER UNA REPOSICI\u00d3N ADMINISTRATIVA VOLUNTARIA (RAV) QUE SE\u00d1ALA EL ART 138 BIS Y SIGUIENTES DEL C\u00d3DIGO TRIBUTARIO Y 90 D\u00cdAS PARA LA RECLAMACI\u00d3N ANTE EL TTA, QUE SUSPENDE EL GIRO.-<\/p>\n<p style=\"text-align: center;\"><a href=\"https:\/\/www.a-tributario.cl\/index.php\/giro-o-liquidacion-sii-defensa-ante-el-tta\/como-se-hace-para-solicitar-reposicion-administrativa-voluntaria-del-articulo-123-bis-del-codigo-tributario\/\" target=\"_blank\" rel=\"noopener noreferrer\">VER \u00bfQUE ES UNA REPOSICI\u00d3N ADMINISTRATIVA VOLUNTARIA\u00a0RAV?<\/a><\/p>\n<h2 style=\"text-align: center;\"><a href=\"https:\/\/a-tributario.cl\/index.php\/defensa-giro-impuestos-iva-renta-sii\/\" target=\"_blank\" rel=\"noopener noreferrer\">DEFENSA LIQUIDACI\u00d3N Y GIRO<\/a><\/h2>\n<p>https:\/\/a-tributario.cl\/index.php\/contacto\/[\/vc_column_text][\/vc_column][vc_column width=\u00bb1\/3&#8243;][\/vc_column][vc_column width=\u00bb1\/3&#8243;][\/vc_column][\/vc_row]<\/p>\n","protected":false},"excerpt":{"rendered":"<p>[vc_row][vc_column width=\u00bb1\/3&#8243;][vc_column_text]Liquidaciones:\u00a0Constituye\u00a0el acto por el cual el SII determina el impuesto que adeuda el contribuyente, ya sea porque a su juicio no determin\u00f3 la obligaci\u00f3n tributaria estando obligado a hacerlo, o bien porque el organismo considera que el impuesto declarado no corresponde a la cuantificaci\u00f3n del hecho gravado. Giros:\u00a0Corresponde a la orden dirigida al contribuyente [&hellip;]<\/p>\n","protected":false},"author":1,"featured_media":0,"parent":0,"menu_order":0,"comment_status":"closed","ping_status":"closed","template":"","meta":{"_monsterinsights_skip_tracking":false,"_monsterinsights_sitenote_active":false,"_monsterinsights_sitenote_note":"","_monsterinsights_sitenote_category":0,"footnotes":"","_joinchat":[]},"yoast_head":"<!-- This site is optimized with the Yoast SEO plugin v21.5 - https:\/\/yoast.com\/wordpress\/plugins\/seo\/ -->\n<title>GIRO o LIQUIDACI\u00d3N SII DEFENSA ANTE EL TTA -<\/title>\n<meta name=\"description\" content=\"ABOGADO TRIBUTARIO LET - 950959243 - Nos Especializamos En La Defensa Del Contribuyente, Ante La Liquidaci\u00f3n Y Giro De Impuestos Que Hace El SII\" \/>\n<meta name=\"robots\" content=\"index, follow, max-snippet:-1, max-image-preview:large, max-video-preview:-1\" \/>\n<link rel=\"canonical\" href=\"https:\/\/a-tributario.cl\/index.php\/giro-o-liquidacion-sii-defensa-ante-el-tta\/\" \/>\n<meta property=\"og:locale\" content=\"es_ES\" \/>\n<meta property=\"og:type\" content=\"article\" \/>\n<meta property=\"og:title\" content=\"GIRO o LIQUIDACI\u00d3N SII DEFENSA ANTE EL TTA -\" \/>\n<meta property=\"og:description\" content=\"ABOGADO TRIBUTARIO LET - 950959243 - Nos Especializamos En La Defensa Del Contribuyente, Ante La Liquidaci\u00f3n Y Giro De Impuestos Que Hace El SII\" \/>\n<meta property=\"og:url\" content=\"https:\/\/a-tributario.cl\/index.php\/giro-o-liquidacion-sii-defensa-ante-el-tta\/\" \/>\n<meta property=\"og:site_name\" content=\"ABOGADO TRIBUTARIO R&amp;R\" \/>\n<meta property=\"article:publisher\" content=\"https:\/\/www.facebook.com\/AbogadosTributariosIUS\/\" \/>\n<meta property=\"article:modified_time\" content=\"2022-01-02T20:08:58+00:00\" \/>\n<meta property=\"og:image\" content=\"https:\/\/a-tributario.cl\/wp-content\/uploads\/2019\/04\/TTA-1-1.jpg\" \/>\n<meta name=\"twitter:card\" content=\"summary_large_image\" \/>\n<meta name=\"twitter:site\" content=\"@ius_asesores\" \/>\n<meta name=\"twitter:label1\" content=\"Tiempo de lectura\" \/>\n\t<meta name=\"twitter:data1\" content=\"1 minuto\" \/>\n<script type=\"application\/ld+json\" class=\"yoast-schema-graph\">{\"@context\":\"https:\/\/schema.org\",\"@graph\":[{\"@type\":\"WebPage\",\"@id\":\"https:\/\/a-tributario.cl\/index.php\/giro-o-liquidacion-sii-defensa-ante-el-tta\/\",\"url\":\"https:\/\/a-tributario.cl\/index.php\/giro-o-liquidacion-sii-defensa-ante-el-tta\/\",\"name\":\"GIRO o LIQUIDACI\u00d3N SII DEFENSA ANTE EL TTA -\",\"isPartOf\":{\"@id\":\"https:\/\/a-tributario.cl\/#website\"},\"datePublished\":\"2020-12-12T06:32:20+00:00\",\"dateModified\":\"2022-01-02T20:08:58+00:00\",\"description\":\"ABOGADO TRIBUTARIO LET - 950959243 - Nos Especializamos En La Defensa Del Contribuyente, Ante La Liquidaci\u00f3n Y Giro De Impuestos Que Hace El SII\",\"breadcrumb\":{\"@id\":\"https:\/\/a-tributario.cl\/index.php\/giro-o-liquidacion-sii-defensa-ante-el-tta\/#breadcrumb\"},\"inLanguage\":\"es\",\"potentialAction\":[{\"@type\":\"ReadAction\",\"target\":[\"https:\/\/a-tributario.cl\/index.php\/giro-o-liquidacion-sii-defensa-ante-el-tta\/\"]}]},{\"@type\":\"BreadcrumbList\",\"@id\":\"https:\/\/a-tributario.cl\/index.php\/giro-o-liquidacion-sii-defensa-ante-el-tta\/#breadcrumb\",\"itemListElement\":[{\"@type\":\"ListItem\",\"position\":1,\"name\":\"Portada\",\"item\":\"https:\/\/a-tributario.cl\/\"},{\"@type\":\"ListItem\",\"position\":2,\"name\":\"GIRO o LIQUIDACI\u00d3N SII DEFENSA ANTE EL TTA\"}]},{\"@type\":\"WebSite\",\"@id\":\"https:\/\/a-tributario.cl\/#website\",\"url\":\"https:\/\/a-tributario.cl\/\",\"name\":\"ABOGADO TRIBUTARIO R&amp;R\",\"description\":\"ASESOR\u00cdA TRIBUTARIA, DEFENSA LIQUIDACI\u00d3N Y GIRO SII, PRESCRIPCI\u00d3N IMPUESTOS DEFENSA COBRO TESORER\u00cdA\",\"publisher\":{\"@id\":\"https:\/\/a-tributario.cl\/#organization\"},\"potentialAction\":[{\"@type\":\"SearchAction\",\"target\":{\"@type\":\"EntryPoint\",\"urlTemplate\":\"https:\/\/a-tributario.cl\/?s={search_term_string}\"},\"query-input\":\"required name=search_term_string\"}],\"inLanguage\":\"es\"},{\"@type\":\"Organization\",\"@id\":\"https:\/\/a-tributario.cl\/#organization\",\"name\":\"Abogado Tributario Let\",\"url\":\"https:\/\/a-tributario.cl\/\",\"logo\":{\"@type\":\"ImageObject\",\"inLanguage\":\"es\",\"@id\":\"https:\/\/a-tributario.cl\/#\/schema\/logo\/image\/\",\"url\":\"https:\/\/a-tributario.cl\/wp-content\/uploads\/2019\/04\/Image-2018-e1556290954199.jpeg\",\"contentUrl\":\"https:\/\/a-tributario.cl\/wp-content\/uploads\/2019\/04\/Image-2018-e1556290954199.jpeg\",\"width\":128,\"height\":128,\"caption\":\"Abogado Tributario Let\"},\"image\":{\"@id\":\"https:\/\/a-tributario.cl\/#\/schema\/logo\/image\/\"},\"sameAs\":[\"https:\/\/www.facebook.com\/AbogadosTributariosIUS\/\",\"https:\/\/twitter.com\/ius_asesores\",\"https:\/\/www.linkedin.com\/in\/abogadotributario\/\"]}]}<\/script>\n<!-- \/ Yoast SEO plugin. -->","yoast_head_json":{"title":"GIRO o LIQUIDACI\u00d3N SII DEFENSA ANTE EL TTA -","description":"ABOGADO TRIBUTARIO LET - 950959243 - Nos Especializamos En La Defensa Del Contribuyente, Ante La Liquidaci\u00f3n Y Giro De Impuestos Que Hace El SII","robots":{"index":"index","follow":"follow","max-snippet":"max-snippet:-1","max-image-preview":"max-image-preview:large","max-video-preview":"max-video-preview:-1"},"canonical":"https:\/\/a-tributario.cl\/index.php\/giro-o-liquidacion-sii-defensa-ante-el-tta\/","og_locale":"es_ES","og_type":"article","og_title":"GIRO o LIQUIDACI\u00d3N SII DEFENSA ANTE EL TTA -","og_description":"ABOGADO TRIBUTARIO LET - 950959243 - Nos Especializamos En La Defensa Del Contribuyente, Ante La Liquidaci\u00f3n Y Giro De Impuestos Que Hace El SII","og_url":"https:\/\/a-tributario.cl\/index.php\/giro-o-liquidacion-sii-defensa-ante-el-tta\/","og_site_name":"ABOGADO TRIBUTARIO R&amp;R","article_publisher":"https:\/\/www.facebook.com\/AbogadosTributariosIUS\/","article_modified_time":"2022-01-02T20:08:58+00:00","og_image":[{"url":"https:\/\/a-tributario.cl\/wp-content\/uploads\/2019\/04\/TTA-1-1.jpg"}],"twitter_card":"summary_large_image","twitter_site":"@ius_asesores","twitter_misc":{"Tiempo de lectura":"1 minuto"},"schema":{"@context":"https:\/\/schema.org","@graph":[{"@type":"WebPage","@id":"https:\/\/a-tributario.cl\/index.php\/giro-o-liquidacion-sii-defensa-ante-el-tta\/","url":"https:\/\/a-tributario.cl\/index.php\/giro-o-liquidacion-sii-defensa-ante-el-tta\/","name":"GIRO o LIQUIDACI\u00d3N SII DEFENSA ANTE EL TTA -","isPartOf":{"@id":"https:\/\/a-tributario.cl\/#website"},"datePublished":"2020-12-12T06:32:20+00:00","dateModified":"2022-01-02T20:08:58+00:00","description":"ABOGADO TRIBUTARIO LET - 950959243 - Nos Especializamos En La Defensa Del Contribuyente, Ante La Liquidaci\u00f3n Y Giro De Impuestos Que Hace El SII","breadcrumb":{"@id":"https:\/\/a-tributario.cl\/index.php\/giro-o-liquidacion-sii-defensa-ante-el-tta\/#breadcrumb"},"inLanguage":"es","potentialAction":[{"@type":"ReadAction","target":["https:\/\/a-tributario.cl\/index.php\/giro-o-liquidacion-sii-defensa-ante-el-tta\/"]}]},{"@type":"BreadcrumbList","@id":"https:\/\/a-tributario.cl\/index.php\/giro-o-liquidacion-sii-defensa-ante-el-tta\/#breadcrumb","itemListElement":[{"@type":"ListItem","position":1,"name":"Portada","item":"https:\/\/a-tributario.cl\/"},{"@type":"ListItem","position":2,"name":"GIRO o LIQUIDACI\u00d3N SII DEFENSA ANTE EL TTA"}]},{"@type":"WebSite","@id":"https:\/\/a-tributario.cl\/#website","url":"https:\/\/a-tributario.cl\/","name":"ABOGADO TRIBUTARIO R&amp;R","description":"ASESOR\u00cdA TRIBUTARIA, DEFENSA LIQUIDACI\u00d3N Y GIRO SII, PRESCRIPCI\u00d3N IMPUESTOS DEFENSA COBRO TESORER\u00cdA","publisher":{"@id":"https:\/\/a-tributario.cl\/#organization"},"potentialAction":[{"@type":"SearchAction","target":{"@type":"EntryPoint","urlTemplate":"https:\/\/a-tributario.cl\/?s={search_term_string}"},"query-input":"required name=search_term_string"}],"inLanguage":"es"},{"@type":"Organization","@id":"https:\/\/a-tributario.cl\/#organization","name":"Abogado Tributario Let","url":"https:\/\/a-tributario.cl\/","logo":{"@type":"ImageObject","inLanguage":"es","@id":"https:\/\/a-tributario.cl\/#\/schema\/logo\/image\/","url":"https:\/\/a-tributario.cl\/wp-content\/uploads\/2019\/04\/Image-2018-e1556290954199.jpeg","contentUrl":"https:\/\/a-tributario.cl\/wp-content\/uploads\/2019\/04\/Image-2018-e1556290954199.jpeg","width":128,"height":128,"caption":"Abogado Tributario Let"},"image":{"@id":"https:\/\/a-tributario.cl\/#\/schema\/logo\/image\/"},"sameAs":["https:\/\/www.facebook.com\/AbogadosTributariosIUS\/","https:\/\/twitter.com\/ius_asesores","https:\/\/www.linkedin.com\/in\/abogadotributario\/"]}]}},"_links":{"self":[{"href":"https:\/\/a-tributario.cl\/index.php\/wp-json\/wp\/v2\/pages\/4226"}],"collection":[{"href":"https:\/\/a-tributario.cl\/index.php\/wp-json\/wp\/v2\/pages"}],"about":[{"href":"https:\/\/a-tributario.cl\/index.php\/wp-json\/wp\/v2\/types\/page"}],"author":[{"embeddable":true,"href":"https:\/\/a-tributario.cl\/index.php\/wp-json\/wp\/v2\/users\/1"}],"replies":[{"embeddable":true,"href":"https:\/\/a-tributario.cl\/index.php\/wp-json\/wp\/v2\/comments?post=4226"}],"version-history":[{"count":27,"href":"https:\/\/a-tributario.cl\/index.php\/wp-json\/wp\/v2\/pages\/4226\/revisions"}],"predecessor-version":[{"id":5541,"href":"https:\/\/a-tributario.cl\/index.php\/wp-json\/wp\/v2\/pages\/4226\/revisions\/5541"}],"wp:attachment":[{"href":"https:\/\/a-tributario.cl\/index.php\/wp-json\/wp\/v2\/media?parent=4226"}],"curies":[{"name":"wp","href":"https:\/\/api.w.org\/{rel}","templated":true}]}}