{"id":4714,"date":"2021-01-24T01:19:24","date_gmt":"2021-01-24T01:19:24","guid":{"rendered":"http:\/\/www.a-tributario.cl\/?page_id=4714"},"modified":"2021-12-15T20:00:39","modified_gmt":"2021-12-15T20:00:39","slug":"pago-a-los-exportadores-del-beneficio-de-reintegro-simplificado-a-exportaciones-establecido-en-la-ley-no-18-480-y-sus-modificaciones","status":"publish","type":"page","link":"https:\/\/a-tributario.cl\/index.php\/pago-a-los-exportadores-del-beneficio-de-reintegro-simplificado-a-exportaciones-establecido-en-la-ley-no-18-480-y-sus-modificaciones\/","title":{"rendered":"PAGO A EXPORTADORES DE REINTEGRO LEY 18.480"},"content":{"rendered":"<p>[vc_row][vc_column width=\u00bb2\/3&#8243;][vc_column_text]<\/p>\n\n\n<h2 class=\"wp-block-heading\">BENEFICIO DE REINTEGRO SIMPLIFICADO A EXPORTACIONES<\/h2>\n\n\n\n<h2 class=\"wp-block-heading\"><\/h2>\n\n\n\n<h3 class=\"wp-block-heading\"><strong>CIRCULAR N \u00b0 28 del 27-11-2018 &nbsp;<\/strong><\/h3>\n\n\n\n<h3 class=\"wp-block-heading\"><strong><a href=\"https:\/\/www.a-tributario.cl\/wp-content\/uploads\/2019\/05\/Circular-N%C2%B0-28-versi%C3%B3n-1.0-de-27-11-2018.-Reintegro-Simplificado-ley-N%C2%B0-18-480.pdf\">CLIC PARA VER:<\/a><\/strong><\/h3>\n\n\n\n<h3 class=\"wp-block-heading\"><strong><a href=\"https:\/\/www.a-tributario.cl\/wp-content\/uploads\/2019\/05\/Circular-N%C2%B0-28-versi%C3%B3n-1.0-de-27-11-2018.-Reintegro-Simplificado-ley-N%C2%B0-18-480.pdf\">Circular N\u00b0 28, versi\u00f3n 1.0 de 27-11-2018. Reintegro Simplificado ley N\u00b0 18 480<\/a><\/strong><\/h3>\n\n\n\n<h2 class=\"wp-block-heading\">CIRCULAR N\u00b0 28 Fecha Emisi\u00f3n 27-11-2018 Versi\u00f3n 1.0&nbsp;<\/h2>\n\n\n\n<h1 class=\"wp-block-heading\">BENEFICIO DE REINTEGRO SIMPLIFICADO A EXPORTACIONES<\/h1>\n\n\n\n<h2 class=\"wp-block-heading\">1.- MATERIA<\/h2>\n\n\n\n<p>El sistema simplificado de reintegro, establecido en la ley N\u00b018.480, tiene como objetivo favorecer la exportaci\u00f3n de productos menores no tradicionales, a trav\u00e9s de un mecanismo simplificado de grav\u00e1menes aduaneros que inciden en el costo de los insumos utilizados en un bien exportable. El reintegro ser\u00e1 de una tasa del 3% sobre el valor FOB de los correspondientes productos exportados. Podr\u00e1n acceder al reintegro todas las mercanc\u00edas exportadas que contengan al menos un 50% de insumos importados, que no se encuentren en la lista de exclusi\u00f3n que se dicta cada a\u00f1o por el Ministerio de Econom\u00eda, Fomento y Turismo. Para acceder a este beneficio, la ley N\u00b0 18.480 establece una serie de requisitos que el interesado debe cumplir, ya que, de lo contrario, Tesorer\u00eda proceder\u00e1 a suspender o rechazar la solicitud de este beneficio.El reintegro ser\u00e1 pagado por el Servicio de Tesorer\u00edas a trav\u00e9s de dep\u00f3sito en cuenta bancaria o mediante cheque a la orden del exportador.<\/p>\n\n\n\n<h2 class=\"wp-block-heading\">2.- ANTECEDENTES LEGALES<\/h2>\n\n\n\n<p>\u2013 Ley N\u00b0 18.480, publicada en el Diario Oficial el 19 de diciembre de 1985, que establece Sistema de Reintegro de grav\u00e1menes que incidan en costo de insumos de exportaciones menores no tradicionales, del Ministerio de Hacienda.<br>\u2013 Ley N\u00b0 19.589, publicada en el Diario Oficial el 14 de noviembre de 1998, que dispone rebaja de la tasa de aranceles e introduce modificaciones a otras normas tributarias y econ\u00f3micas, del Ministerio de Hacienda.<br>\u2013 Decreto expedido anualmente por el Ministerio de Econom\u00eda, Fomento y Turismo, que fija lista de mercanc\u00edas excluidas del reintegro a exportaciones de la ley N\u00b018.480 y se\u00f1ala valores de los montos m\u00e1ximos exportados para el a\u00f1o.<\/p>\n\n\n\n<h2 class=\"wp-block-heading\">3.- DESTINATARIOS<\/h2>\n\n\n\n<p>Personas Naturales o Jur\u00eddicas, exportadores en general, que transformen insumos nacionales e importados en productos diferentes que se exportan.<\/p>\n\n\n\n<h2 class=\"wp-block-heading\">4.- ORGANISMOS INVOLUCRADOS<\/h2>\n\n\n\n<p>\u2013 Servicio de Tesorer\u00edas (TGR)<br>\u2013 Servicio Nacional de Aduanas (SNA)<br>\u2013 Ministerio de Econom\u00eda, Fomento y Turismo.<\/p>\n\n\n\n<h2 class=\"wp-block-heading\">5.- PLAZOS<\/h2>\n\n\n\n<p>El plazo para requerir el reintegro ante el Servicio de Tesorer\u00edas es de 120 d\u00edas h\u00e1biles administrativos, contado desde la fecha de legalizaci\u00f3n del Documento \u00danico de Salida (DUS) ante el SNA de la exportaci\u00f3n por la cual se pida el beneficio, para todas aquellas aceptadas a tr\u00e1mite por el Servicio.<br>Para estos efectos y, ante la no obligaci\u00f3n de retorno, el Servicio de Tesorer\u00edas, ha determinado que el plazo de 120 d\u00edas h\u00e1biles se contar\u00e1 desde la fecha de \u201cvencimiento de la operaci\u00f3n\u201d, esto es, aquella fecha que, para el pago de la exportaci\u00f3n, se ha convenido libremente entre el exportador y el importador extranjero y, que se indique en el DUS en el recuadro \u201cAntecedentes Financieros\u201d; informaci\u00f3n que debe ser proporcionada por el exportador al Agente de Aduanas respectivo.<\/p>\n\n\n\n<h2 class=\"wp-block-heading\">6.- PROCEDIMIENTO<\/h2>\n\n\n\n<p>Para solicitar el pago del Reintegro Simplificado de la ley N\u00b0 18.480, sobre los productos que se exporten, es requisito esencial que hayan sido elaborados con al menos un 50% de materia prima importada. El contribuyente o interesado deber\u00e1 dirigirse a la Tesorer\u00eda correspondiente a la jurisdicci\u00f3n de su domicilio y presentar los antecedentes necesarios para ello seg\u00fan se indica en los puntos 6.1 y 6.2 siguientes. En ambas situaciones la solicitud debe ser efectuada mediante el formulario 70 (formato adjunto en anexo N\u00b01), que tiene el car\u00e1cter de declaraci\u00f3n jurada, y que debe ser suscrita ante Notario:<\/p>\n\n\n\n<h3 class=\"wp-block-heading\">6.1- PRIMERA PRESENTACI\u00d3N: DOCUMENTOS QUE DEBE PRESENTAR EL INTERESADO PARA SOLICITAR LA BONIFICACION<\/h3>\n\n\n\n<p>a) RUT o C.I. del exportador.<br>b) Declaraci\u00f3n Jurada realizada en el Formulario 70 \u201cReintegro Simplificado a Exportadores, ley N\u00ba18.480 y sus Modificaciones\u201d, firmada ante Notario.<br>c) Original y una fotocopia simple de Iniciaci\u00f3n de Actividades. El original ser\u00e1 requerido s\u00f3lo en la presentaci\u00f3n de la primera solicitud y siempre que el contribuyente a\u00fan no figure como contribuyente del Impuesto a la Renta por esta actividad y posteriormente, ser\u00e1 devuelto.<br>d) En caso que el solicitante sea una persona jur\u00eddica, debe presentar copia autorizada de escritura p\u00fablica donde consta la constituci\u00f3n de la sociedad, y en la que conste la identidad del representante legal, documento que deber\u00e1 tener una vigencia de un a\u00f1o desde su otorgamiento. Transcurrido este plazo su vigencia se acreditar\u00e1 mediante certificaci\u00f3n que debe estampar el respectivo Archivero Judicial, la cual durar\u00e1 un a\u00f1o y as\u00ed sucesivamente.<br>f) Registro de Personas Jur\u00eddicas Receptoras de Fondos P\u00fablicos ley 19.862 registrada en www.tgr.cl, vigente.<br>A partir de la documentaci\u00f3n aportada, Tesorer\u00eda la remitir\u00e1 al Servicio Nacional de Aduanas, verificando en l\u00ednea, la validaci\u00f3n de los DUS incluidos en la solicitud (Formulario 70), y generar\u00e1 una Resoluci\u00f3n solicitando antecedentes complementarios, a fin de verificar la procedencia del beneficio, dentro de los cinco d\u00edas h\u00e1biles siguientes a la recepci\u00f3n de la solicitud por parte de Tesorer\u00eda. Si el contribuyente no retira personalmente la Resoluci\u00f3n al quinto d\u00eda h\u00e1bil, la Tesorer\u00eda la enviar\u00e1 por carta certificada. Cabe tener presente que este es un procedimiento de aplicaci\u00f3n general establecido entre el Servicio Nacional de Aduanas y el Servicio de Tesorer\u00edas, cuando se trata de este tipo de beneficios.<\/p>\n\n\n\n<h3 class=\"wp-block-heading\">6.2 SEGUNDA PRESENTACI\u00d3N ANTECEDENTES ADICIONALES QUE DEBE PRESENTAR EL INTERESADO:<\/h3>\n\n\n\n<p>El interesado deber\u00e1 presentar dentro del plazo de 15 d\u00edas, contados desde la fecha en que Tesorer\u00eda le comunique la Resoluci\u00f3n de Antecedentes complementarios, la siguiente documentaci\u00f3n en dos ejemplares:<br>a) Una carta del contribuyente solicitando reconsideraci\u00f3n para las DUS suspendidas en que indica y adjunta las resoluciones por las que est\u00e1 apelando y especificando el folio de los formularios 70 presentados.<br>b) Resumen del proceso de fabricaci\u00f3n del producto exportado, explicando la forma en que se incorpora la materia prima por la cual se est\u00e1 solicitando reintegro simplificado.<br>c) Formulario 70 original y fotocopia en que declara los DUS por el cual se solicita la Bonificaci\u00f3n.<br>d) DUS por el cual(es) se solicita reintegro (dos ejemplares).<br>e) Tabla explicativa de costo de insumos incorporados a mercanc\u00edas exportadas por DUS. Esta tabla debe incluir partida arancelaria y venir separada por \u00edtem e indicar la cantidad de insumos incorporados al producto exportado con su respectivo su valor, incorporando tambi\u00e9n el saldo disponible por cada \u00edtem de las DIN. En anexo N\u00b02 se adjunta formato de esta tabla.<br>f) Copia de la factura de exportaci\u00f3n relacionada con los DUS por los cuales se solicita reintegro.<br>g) Copia DIN o factura de compra de mercanc\u00eda importada que sirve para la elaboraci\u00f3n de los productos exportados.<br>La Tesorer\u00eda respectiva se abstendr\u00e1 de recepcionar la presentaci\u00f3n si la informaci\u00f3n solicitada no se encuentra completa.<br>Los documentos presentados, ser\u00e1n enviados al Servicio Nacional de Aduanas para que fiscalice e informe si cumple o no con la normativa vigente para impetrar el beneficio.<br>Si la respuesta es favorable al contribuyente Tesorer\u00eda pagar\u00e1 las DUS que en opini\u00f3n de Aduana cumplan con los requisitos de la ley.<br>Si la respuesta no es favorable al contribuyente, porque a juicio de Aduana no cumple con los requisitos de la ley, Tesorer\u00eda informar\u00e1 al contribuyente esta situaci\u00f3n. Al respecto, los rechazos pueden ser de dos tipos: de Forma o de Fondo y la Tesorer\u00eda correspondiente indicar\u00e1 claramente si se trata de uno u otro y proceder\u00e1 de la siguiente manera:<br>1. Si los DUS son rechazados por cuestiones de forma, la Tesorer\u00eda informar\u00e1 mediante oficio esta situaci\u00f3n y el contribuyente podr\u00e1 presentar nuevamente los antecedentes solicitados en este punto (6.2), subsanando los errores informados en el oficio y que no permitieron a Aduana emitir una opini\u00f3n, en el plazo de 15 d\u00edas corridos desde la fecha de comunicaci\u00f3n del oficio citado.<br>2. Si los DUS son rechazados por cuestiones de fondo Tesorer\u00eda deber\u00e1 generar una Resoluci\u00f3n de Rechazo definitivo y el contribuyente podr\u00e1 proceder de acuerdo a los descrito en el punto 6.3 de la presente circular.<br>Todas las resoluciones a las que se hace menci\u00f3n en los puntos 6.1, 6.2 y 6.3, ser\u00e1n emitidas por el Director Regional Tesorero o Tesorero Provincial correspondiente a la jurisdicci\u00f3n del contribuyente.<\/p>\n\n\n\n<h3 class=\"wp-block-heading\">6.3.- RECHAZO O DENEGACI\u00d3N DEL BENEFICIO EN SEGUNDA PRESENTACI\u00d3N DE RECONSIDERACI\u00d3N POR CUESTIONES DE FONDO:<\/h3>\n\n\n\n<p>Si producto de la opini\u00f3n de Aduanas informada por Tesorer\u00eda, el beneficio no puede ser otorgado por temas de fondo descritos en el punto 6.4 el contribuyente interesado podr\u00e1 presentar una solicitud de Reconsideraci\u00f3n ante la Tesorer\u00eda General de la Rep\u00fablica, dentro del plazo de 30 d\u00edas h\u00e1biles administrativos, contados desde la fecha de comunicaci\u00f3n del rechazo a trav\u00e9s de una Resoluci\u00f3n.<br>En esta solicitud de Reconsideraci\u00f3n el contribuyente deber\u00e1 adjuntar toda la documentaci\u00f3n que respalde su petici\u00f3n incluyendo las respectivas resoluciones de rechazo.<br>Presentada la reconsideraci\u00f3n por el contribuyente, la Tesorera General de la Rep\u00fablica deber\u00e1, dentro de 10 d\u00edas h\u00e1biles, enviar los antecedentes aportados por el contribuyente a la Comisi\u00f3n T\u00e9cnica y solicitar informe respecto a la procedencia del pago del beneficio. Esta Comisi\u00f3n se pronunciar\u00e1 dentro del plazo de 60 d\u00edas contados desde la fecha de petici\u00f3n del informe. A su vez la Tesorera General de la Rep\u00fablica deber\u00e1 pronunciarse en definitiva dentro del plazo de 20 d\u00edas h\u00e1biles, contado desde la fecha de recepci\u00f3n del informe de la Comisi\u00f3n. La Tesorer\u00eda informar\u00e1 al interesado mediante oficio lo resuelto por esta Comisi\u00f3n.<br>Los integrantes de la Comisi\u00f3n T\u00e9cnica ser\u00e1n nombrados, a proposici\u00f3n de la entidad que representan, mediante resoluci\u00f3n del Ministerio de Econom\u00eda, Fomento y Reconstrucci\u00f3n, la que deber\u00e1 publicarse en el Diario Oficial.<br>En su cometido la comisi\u00f3n deber\u00e1 ponderar los antecedentes recibidos y los planteamientos que los interesados hagan valer.<\/p>\n\n\n\n<h3 class=\"wp-block-heading\">6.4.- CAUSALES DE RECHAZO DE FORMA Y DE FONDO<\/h3>\n\n\n\n<p>Es importante se\u00f1alar que el rechazo puede ser respecto de una o m\u00e1s declaraciones de exportaci\u00f3n contenidas en la solicitud de reintegro, Formulario 70. En consecuencia, solo se pagar\u00e1 aquellas que no fueron rechazadas.<br>A continuaci\u00f3n, se detallan las causales de rechazo:<br>RECHAZOS DE FORMA<br>MOTIVO<br>ERROR EN LA PLANILLA DE C\u00c1LCULO<br>ERROR EN EL ENVIO DE DOCUMENTACI\u00d3N SUSTENTANTE<br>FALTA DE DOCUMENTACI\u00d3N<br>ERRORES EN DIGITACI\u00d3N DE LA INFORMACI\u00d3N<br>RECHAZOS DE FONDO<br>MERCANCIA PRESUNTAMENTE NACIONAL<br>MERCANCIA PRESUNTAMENTE IMPORTADA<br>No ser\u00e1n causales de Reconsideraci\u00f3n las siguientes causales<br>MOTIVO<br>OPERACI\u00d3N CON ITEM EXCLUIDO<br>OPERACI\u00d3N INEXISTENTE<br>REGISTRA PAGO TOTAL ANTERIOR<br>EN FISCALIZACI\u00d3N<br>FUERA DE PLAZO<\/p>\n\n\n\n<h3 class=\"wp-block-heading\">6.5.- CONTRIBUYENTES EN ETAPA DE INVESTIGACI\u00d3N<\/h3>\n\n\n\n<p>El Servicio Nacional de Aduanas, a trav\u00e9s de la Subdirecci\u00f3n de Fiscalizaci\u00f3n de la Direcci\u00f3n Nacional, comunicar\u00e1 al Servicio de Tesorer\u00edas, que ha iniciado un proceso de investigaci\u00f3n que puede afectar a determinados contribuyentes o bien, a ciertos DUS.<br>Si se concluye que no existe anormalidad en el DUS, la Tesorer\u00eda deber\u00e1 recibir una nueva solicitud de reintegro del exportador, incluyendo exclusivamente aquellos DUS que, habiendo sido sometidos a investigaci\u00f3n, no presentan dificultad para acceder al pago del beneficio.<br>Si de la investigaci\u00f3n efectuada por el Servicio Nacional de Aduanas, se origina un antejuicio por fraude aduanero ante el Tribunal Tributario y Aduanero, y \u00e9ste decreta una medida precautoria de no cursar el pago del reintegro, el Servicio de Tesorer\u00edas debe cumplirla cabalmente, no pudiendo de modo alguno discutir o cuestionar su aplicaci\u00f3n.<br>Lo anterior significa que Tesorer\u00edas no debe efectuar los pagos o devoluciones retenidas y no procede que el Tesorero dicte una nueva Resoluci\u00f3n de no pago por esta medida precautoria, por cuanto es otra la autoridad que determina no cursar finalmente estas solicitudes.<\/p>\n\n\n<p>[\/vc_column_text][\/vc_column][vc_column width=\u00bb1\/3&#8243;][\/vc_column][\/vc_row]<\/p>","protected":false},"excerpt":{"rendered":"<p>[vc_row][vc_column width=\u00bb2\/3&#8243;][vc_column_text] BENEFICIO DE REINTEGRO SIMPLIFICADO A EXPORTACIONES CIRCULAR N \u00b0 28 del 27-11-2018 &nbsp; CLIC PARA VER: Circular N\u00b0 28, versi\u00f3n 1.0 de 27-11-2018. Reintegro Simplificado ley N\u00b0 18 480 CIRCULAR N\u00b0 28 Fecha Emisi\u00f3n 27-11-2018 Versi\u00f3n 1.0&nbsp; BENEFICIO DE REINTEGRO SIMPLIFICADO A EXPORTACIONES 1.- MATERIA El sistema simplificado de reintegro, establecido en la [&hellip;]<\/p>\n","protected":false},"author":1,"featured_media":0,"parent":0,"menu_order":0,"comment_status":"closed","ping_status":"closed","template":"","meta":{"_monsterinsights_skip_tracking":false,"_monsterinsights_sitenote_active":false,"_monsterinsights_sitenote_note":"","_monsterinsights_sitenote_category":0,"footnotes":"","_joinchat":[]},"yoast_head":"<!-- This site is optimized with the Yoast SEO plugin v21.5 - https:\/\/yoast.com\/wordpress\/plugins\/seo\/ -->\n<title>PAGO A EXPORTADORES DEL REINTEGRO A EXPORTACIONES<\/title>\n<meta name=\"description\" content=\"tiene como objetivo favorecer la exportaci\u00f3n de productos menores no tradicionales, a trav\u00e9s de un mecanismo simplificado de grav\u00e1menes aduaneros\" \/>\n<meta name=\"robots\" content=\"index, follow, max-snippet:-1, max-image-preview:large, max-video-preview:-1\" \/>\n<link rel=\"canonical\" href=\"https:\/\/a-tributario.cl\/index.php\/pago-a-los-exportadores-del-beneficio-de-reintegro-simplificado-a-exportaciones-establecido-en-la-ley-no-18-480-y-sus-modificaciones\/\" \/>\n<meta property=\"og:locale\" content=\"es_ES\" \/>\n<meta property=\"og:type\" content=\"article\" \/>\n<meta property=\"og:title\" content=\"PAGO A EXPORTADORES DEL REINTEGRO A EXPORTACIONES\" \/>\n<meta property=\"og:description\" content=\"tiene como objetivo favorecer la exportaci\u00f3n de productos menores no tradicionales, a trav\u00e9s de un mecanismo simplificado de grav\u00e1menes aduaneros\" \/>\n<meta property=\"og:url\" content=\"https:\/\/a-tributario.cl\/index.php\/pago-a-los-exportadores-del-beneficio-de-reintegro-simplificado-a-exportaciones-establecido-en-la-ley-no-18-480-y-sus-modificaciones\/\" \/>\n<meta property=\"og:site_name\" content=\"ABOGADO TRIBUTARIO R&amp;R\" \/>\n<meta property=\"article:publisher\" content=\"https:\/\/www.facebook.com\/AbogadosTributariosIUS\/\" \/>\n<meta property=\"article:modified_time\" content=\"2021-12-15T20:00:39+00:00\" \/>\n<meta name=\"twitter:card\" content=\"summary_large_image\" \/>\n<meta name=\"twitter:site\" content=\"@ius_asesores\" \/>\n<meta name=\"twitter:label1\" content=\"Tiempo de lectura\" \/>\n\t<meta name=\"twitter:data1\" content=\"10 minutos\" \/>\n<script type=\"application\/ld+json\" class=\"yoast-schema-graph\">{\"@context\":\"https:\/\/schema.org\",\"@graph\":[{\"@type\":\"WebPage\",\"@id\":\"https:\/\/a-tributario.cl\/index.php\/pago-a-los-exportadores-del-beneficio-de-reintegro-simplificado-a-exportaciones-establecido-en-la-ley-no-18-480-y-sus-modificaciones\/\",\"url\":\"https:\/\/a-tributario.cl\/index.php\/pago-a-los-exportadores-del-beneficio-de-reintegro-simplificado-a-exportaciones-establecido-en-la-ley-no-18-480-y-sus-modificaciones\/\",\"name\":\"PAGO A EXPORTADORES DEL REINTEGRO A EXPORTACIONES\",\"isPartOf\":{\"@id\":\"https:\/\/a-tributario.cl\/#website\"},\"datePublished\":\"2021-01-24T01:19:24+00:00\",\"dateModified\":\"2021-12-15T20:00:39+00:00\",\"description\":\"tiene como objetivo favorecer la exportaci\u00f3n de productos menores no tradicionales, a trav\u00e9s de un mecanismo simplificado de grav\u00e1menes aduaneros\",\"breadcrumb\":{\"@id\":\"https:\/\/a-tributario.cl\/index.php\/pago-a-los-exportadores-del-beneficio-de-reintegro-simplificado-a-exportaciones-establecido-en-la-ley-no-18-480-y-sus-modificaciones\/#breadcrumb\"},\"inLanguage\":\"es\",\"potentialAction\":[{\"@type\":\"ReadAction\",\"target\":[\"https:\/\/a-tributario.cl\/index.php\/pago-a-los-exportadores-del-beneficio-de-reintegro-simplificado-a-exportaciones-establecido-en-la-ley-no-18-480-y-sus-modificaciones\/\"]}]},{\"@type\":\"BreadcrumbList\",\"@id\":\"https:\/\/a-tributario.cl\/index.php\/pago-a-los-exportadores-del-beneficio-de-reintegro-simplificado-a-exportaciones-establecido-en-la-ley-no-18-480-y-sus-modificaciones\/#breadcrumb\",\"itemListElement\":[{\"@type\":\"ListItem\",\"position\":1,\"name\":\"Portada\",\"item\":\"https:\/\/a-tributario.cl\/\"},{\"@type\":\"ListItem\",\"position\":2,\"name\":\"PAGO A EXPORTADORES DE REINTEGRO LEY 18.480\"}]},{\"@type\":\"WebSite\",\"@id\":\"https:\/\/a-tributario.cl\/#website\",\"url\":\"https:\/\/a-tributario.cl\/\",\"name\":\"ABOGADO TRIBUTARIO R&amp;R\",\"description\":\"ASESOR\u00cdA TRIBUTARIA, DEFENSA LIQUIDACI\u00d3N Y GIRO SII, PRESCRIPCI\u00d3N IMPUESTOS DEFENSA COBRO TESORER\u00cdA\",\"publisher\":{\"@id\":\"https:\/\/a-tributario.cl\/#organization\"},\"potentialAction\":[{\"@type\":\"SearchAction\",\"target\":{\"@type\":\"EntryPoint\",\"urlTemplate\":\"https:\/\/a-tributario.cl\/?s={search_term_string}\"},\"query-input\":\"required name=search_term_string\"}],\"inLanguage\":\"es\"},{\"@type\":\"Organization\",\"@id\":\"https:\/\/a-tributario.cl\/#organization\",\"name\":\"Abogado Tributario Let\",\"url\":\"https:\/\/a-tributario.cl\/\",\"logo\":{\"@type\":\"ImageObject\",\"inLanguage\":\"es\",\"@id\":\"https:\/\/a-tributario.cl\/#\/schema\/logo\/image\/\",\"url\":\"https:\/\/a-tributario.cl\/wp-content\/uploads\/2019\/04\/Image-2018-e1556290954199.jpeg\",\"contentUrl\":\"https:\/\/a-tributario.cl\/wp-content\/uploads\/2019\/04\/Image-2018-e1556290954199.jpeg\",\"width\":128,\"height\":128,\"caption\":\"Abogado Tributario Let\"},\"image\":{\"@id\":\"https:\/\/a-tributario.cl\/#\/schema\/logo\/image\/\"},\"sameAs\":[\"https:\/\/www.facebook.com\/AbogadosTributariosIUS\/\",\"https:\/\/twitter.com\/ius_asesores\",\"https:\/\/www.linkedin.com\/in\/abogadotributario\/\"]}]}<\/script>\n<!-- \/ Yoast SEO plugin. -->","yoast_head_json":{"title":"PAGO A EXPORTADORES DEL REINTEGRO A EXPORTACIONES","description":"tiene como objetivo favorecer la exportaci\u00f3n de productos menores no tradicionales, a trav\u00e9s de un mecanismo simplificado de grav\u00e1menes aduaneros","robots":{"index":"index","follow":"follow","max-snippet":"max-snippet:-1","max-image-preview":"max-image-preview:large","max-video-preview":"max-video-preview:-1"},"canonical":"https:\/\/a-tributario.cl\/index.php\/pago-a-los-exportadores-del-beneficio-de-reintegro-simplificado-a-exportaciones-establecido-en-la-ley-no-18-480-y-sus-modificaciones\/","og_locale":"es_ES","og_type":"article","og_title":"PAGO A EXPORTADORES DEL REINTEGRO A EXPORTACIONES","og_description":"tiene como objetivo favorecer la exportaci\u00f3n de productos menores no tradicionales, a trav\u00e9s de un mecanismo simplificado de grav\u00e1menes aduaneros","og_url":"https:\/\/a-tributario.cl\/index.php\/pago-a-los-exportadores-del-beneficio-de-reintegro-simplificado-a-exportaciones-establecido-en-la-ley-no-18-480-y-sus-modificaciones\/","og_site_name":"ABOGADO TRIBUTARIO R&amp;R","article_publisher":"https:\/\/www.facebook.com\/AbogadosTributariosIUS\/","article_modified_time":"2021-12-15T20:00:39+00:00","twitter_card":"summary_large_image","twitter_site":"@ius_asesores","twitter_misc":{"Tiempo de lectura":"10 minutos"},"schema":{"@context":"https:\/\/schema.org","@graph":[{"@type":"WebPage","@id":"https:\/\/a-tributario.cl\/index.php\/pago-a-los-exportadores-del-beneficio-de-reintegro-simplificado-a-exportaciones-establecido-en-la-ley-no-18-480-y-sus-modificaciones\/","url":"https:\/\/a-tributario.cl\/index.php\/pago-a-los-exportadores-del-beneficio-de-reintegro-simplificado-a-exportaciones-establecido-en-la-ley-no-18-480-y-sus-modificaciones\/","name":"PAGO A EXPORTADORES DEL REINTEGRO A EXPORTACIONES","isPartOf":{"@id":"https:\/\/a-tributario.cl\/#website"},"datePublished":"2021-01-24T01:19:24+00:00","dateModified":"2021-12-15T20:00:39+00:00","description":"tiene como objetivo favorecer la exportaci\u00f3n de productos menores no tradicionales, a trav\u00e9s de un mecanismo simplificado de grav\u00e1menes aduaneros","breadcrumb":{"@id":"https:\/\/a-tributario.cl\/index.php\/pago-a-los-exportadores-del-beneficio-de-reintegro-simplificado-a-exportaciones-establecido-en-la-ley-no-18-480-y-sus-modificaciones\/#breadcrumb"},"inLanguage":"es","potentialAction":[{"@type":"ReadAction","target":["https:\/\/a-tributario.cl\/index.php\/pago-a-los-exportadores-del-beneficio-de-reintegro-simplificado-a-exportaciones-establecido-en-la-ley-no-18-480-y-sus-modificaciones\/"]}]},{"@type":"BreadcrumbList","@id":"https:\/\/a-tributario.cl\/index.php\/pago-a-los-exportadores-del-beneficio-de-reintegro-simplificado-a-exportaciones-establecido-en-la-ley-no-18-480-y-sus-modificaciones\/#breadcrumb","itemListElement":[{"@type":"ListItem","position":1,"name":"Portada","item":"https:\/\/a-tributario.cl\/"},{"@type":"ListItem","position":2,"name":"PAGO A EXPORTADORES DE REINTEGRO LEY 18.480"}]},{"@type":"WebSite","@id":"https:\/\/a-tributario.cl\/#website","url":"https:\/\/a-tributario.cl\/","name":"ABOGADO TRIBUTARIO R&amp;R","description":"ASESOR\u00cdA TRIBUTARIA, DEFENSA LIQUIDACI\u00d3N Y GIRO SII, PRESCRIPCI\u00d3N IMPUESTOS DEFENSA COBRO TESORER\u00cdA","publisher":{"@id":"https:\/\/a-tributario.cl\/#organization"},"potentialAction":[{"@type":"SearchAction","target":{"@type":"EntryPoint","urlTemplate":"https:\/\/a-tributario.cl\/?s={search_term_string}"},"query-input":"required name=search_term_string"}],"inLanguage":"es"},{"@type":"Organization","@id":"https:\/\/a-tributario.cl\/#organization","name":"Abogado Tributario Let","url":"https:\/\/a-tributario.cl\/","logo":{"@type":"ImageObject","inLanguage":"es","@id":"https:\/\/a-tributario.cl\/#\/schema\/logo\/image\/","url":"https:\/\/a-tributario.cl\/wp-content\/uploads\/2019\/04\/Image-2018-e1556290954199.jpeg","contentUrl":"https:\/\/a-tributario.cl\/wp-content\/uploads\/2019\/04\/Image-2018-e1556290954199.jpeg","width":128,"height":128,"caption":"Abogado Tributario Let"},"image":{"@id":"https:\/\/a-tributario.cl\/#\/schema\/logo\/image\/"},"sameAs":["https:\/\/www.facebook.com\/AbogadosTributariosIUS\/","https:\/\/twitter.com\/ius_asesores","https:\/\/www.linkedin.com\/in\/abogadotributario\/"]}]}},"_links":{"self":[{"href":"https:\/\/a-tributario.cl\/index.php\/wp-json\/wp\/v2\/pages\/4714"}],"collection":[{"href":"https:\/\/a-tributario.cl\/index.php\/wp-json\/wp\/v2\/pages"}],"about":[{"href":"https:\/\/a-tributario.cl\/index.php\/wp-json\/wp\/v2\/types\/page"}],"author":[{"embeddable":true,"href":"https:\/\/a-tributario.cl\/index.php\/wp-json\/wp\/v2\/users\/1"}],"replies":[{"embeddable":true,"href":"https:\/\/a-tributario.cl\/index.php\/wp-json\/wp\/v2\/comments?post=4714"}],"version-history":[{"count":4,"href":"https:\/\/a-tributario.cl\/index.php\/wp-json\/wp\/v2\/pages\/4714\/revisions"}],"predecessor-version":[{"id":4755,"href":"https:\/\/a-tributario.cl\/index.php\/wp-json\/wp\/v2\/pages\/4714\/revisions\/4755"}],"wp:attachment":[{"href":"https:\/\/a-tributario.cl\/index.php\/wp-json\/wp\/v2\/media?parent=4714"}],"curies":[{"name":"wp","href":"https:\/\/api.w.org\/{rel}","templated":true}]}}