{"id":5278,"date":"2021-07-11T21:49:41","date_gmt":"2021-07-11T21:49:41","guid":{"rendered":"https:\/\/a-tributario.cl\/?page_id=5278"},"modified":"2021-07-11T22:54:31","modified_gmt":"2021-07-11T22:54:31","slug":"defensa-tributaria-rav-sii","status":"publish","type":"page","link":"https:\/\/a-tributario.cl\/index.php\/defensa-tributaria-rav-sii\/","title":{"rendered":"DEFENSA TRIBUTARIA RAV SII"},"content":{"rendered":"<p>[vc_row][vc_column width=\u00bb1\/2&#8243;][vc_column_text]<\/p>\n<p><\/p>\n\n\n<\/p>\n<p>\n\n\n<p><\/p>\n<p><\/p>\n\n\n<\/p>\n<h4 class=\"wp-block-heading\"><em>Importante: esta informaci\u00f3n que\u00a0<\/em><em> entrega el Servicio <\/em><\/h4>\n<h4><em>de\u00a0<\/em><em>Impuestos\u00a0<\/em><em> Internos, es s\u00f3lo una gu\u00eda de apoyo\u00a0<\/em><em>para <\/em><\/h4>\n<h4><em>los\u00a0<\/em><em> contribuyentes.<\/em><\/h4>\n<h4>\u00a0<\/h4>\n<p>\n\n\n<p><\/p>\n<p><\/p>\n\n\n<\/p>\n<p><strong>LA RAV DEBE SER PREPARADA POR\u00a0<\/strong><strong> UN PROFESIONAL \u2013<\/strong><\/p>\n<p><strong>ABOGADO\u00a0<\/strong><strong> TRIBUTARIO LET SpA CUENTA CON\u00a0<\/strong><strong> LOS PROFESIONALES CON EL\u00a0<\/strong><strong> CONOCIMIENTO Y LA EXPERIENCIA\u00a0<\/strong><strong> EN\u00a0<\/strong><strong> LA MATERIA \u2013<\/strong><\/p>\n<p>\n\n\n<p><\/p>\n<p><\/p>\n\n\n<\/p>\n<h4 class=\"wp-block-heading\">ART\u00cdCULO 123 BIS, DEL C\u00d3DIGO\u00a0TRIBUTARIO.<\/h4>\n<p>\n\n\n<p><\/p>\n<p><\/p>\n\n\n<\/p>\n<h6 class=\"wp-block-heading\"><em>FUENTE:<\/em>\u00a0SII<\/h6>\n<p>\n\n\n<p><\/p>\n<p><\/p>\n\n\n<\/p>\n<h6 class=\"wp-block-heading\"><a href=\"https:\/\/www.sii.cl\/como_se_hace_para\/solicitar_rav.pdf\" target=\"_blank\" rel=\"noreferrer noopener\">chrome-extension:\/\/oemmndcbldboiebfnladdacbdfmadadm\/http:\/\/www.sii.cl\/como_se_hace_para\/solicitar_rav.pdf<\/a><\/h6>\n<p>\n\n\n<p><\/p>\n<p><\/p>\n\n\n<\/p>\n<h6 class=\"wp-block-heading\">ACTUALIZADA POR ABOGADO TRIBUTARIO LET SpA<\/h6>\n<p>&nbsp;<\/p>\n<h1>DEFENSA TRIBUTARIA RAV SII<\/h1>\n<p>\n\n\n<p><\/p>\n<p><\/p>\n\n\n<\/p>\n<p>\n\n\n<p><\/p>\n<p><\/p>\n\n\n<\/p>\n<h3 class=\"wp-block-heading\">\u00a0<\/h3>\n<p>\n\n\n<p><\/p>\n<p><\/p>\n\n\n<\/p>\n<p><em>Este instructivo ha sido confeccionado de acuerdo con la normativa e instrucciones vigente; las modificaciones\u00a0 posteriores deber\u00e1n ser consideradas para la aplicaci\u00f3n de la\u00a0 informaci\u00f3n contenida en este documento<\/em><\/p>\n<p>\n\n\n<p><\/p>\n<p><\/p>\n\n\n<\/p>\n<p>Descripci\u00f3n del tr\u00e1mite paso a paso para deducir el recurso de reposici\u00f3n administrativa del art.123 bis del\u00a0<a href=\"https:\/\/go.vlex.com\/vid\/238902154?fbt=webapp_preview\" target=\"_blank\" rel=\"noreferrer noopener\">C\u00f3digo Tributario<\/a>.\u00a0<em>(Ver).<\/em><\/p>\n<p>\n\n\n<p><\/p>\n<p><\/p>\n\n\n<\/p>\n<h3 class=\"wp-block-heading\"><strong>\u00bfA qu\u00e9 se refiere este tr\u00e1mite?<\/strong><\/h3>\n<p>\n\n\n<p><\/p>\n<p><\/p>\n\n\n<\/p>\n<ul>\n<li>El recurso de reposici\u00f3n administrativa voluntaria, es un recurso administrativo especial previo a la reclamaci\u00f3n judicial, que se encuentra establecido en favor de los contribuyentes, para que el Director Regional, Director de Grandes Contribuyentes, Subdirector de Fiscalizaci\u00f3n, o en quien \u00e9stos deleguen sus facultades, resuelvan estos recursos que recaen en ciertos actos del Servicio de Impuestos Internos, en su caso, de acuerdo a lo dispuesto en el\u00a0<a href=\"https:\/\/go.vlex.com\/vid\/238902154\/node\/123.bis?fbt=webapp_preview\" target=\"_blank\" rel=\"noreferrer noopener\">art\u00edculo 123 bis<\/a>\u00a0del\u00a0C\u00f3digo Tributario.<br \/>Este Recurso permite la impugnaci\u00f3n en el \u00e1mbito administrativo de los siguientes actos:<br \/>2.1. Liquidaci\u00f3n de impuestos;<br \/>2.2. Giros de Impuestos;<br \/>2.3. Pagos de Impuestos;<br \/>2.4. Resoluciones que incidan en el pago de un impuesto o en los elementos que sirven de base para determinarlo o que denieguen peticiones a que se refiere el\u00a0<a href=\"https:\/\/go.vlex.com\/vid\/238902154\/node\/126?fbt=webapp_preview\" target=\"_blank\" rel=\"noreferrer noopener\">art\u00edculo 126\u00a0<\/a>del\u00a0C\u00f3digo Tributario.<\/li>\n<\/ul>\n<p>\n\n\n<p><\/p>\n<p><\/p>\n\n\n<\/p>\n<h3 class=\"wp-block-heading\"><strong>\u00bfQui\u00e9nes pueden realizar este tr\u00e1mite?<\/strong><\/h3>\n<p>\n\n\n<p><\/p>\n<p><\/p>\n\n\n<\/p>\n<p>Los contribuyentes a los que se les haya notificado alguna de las actuaciones precedentemente indicadas, que quieran impugnar los actos mencionados.<\/p>\n<p>\n\n\n<p><\/p>\n<p><\/p>\n\n\n<\/p>\n<h3 class=\"wp-block-heading\"><strong>\u00bfCu\u00e1ndo se puede realizar este tr\u00e1mite?<\/strong><\/h3>\n<p>\n\n\n<p><\/p>\n<p><\/p>\n\n\n<\/p>\n<p>El plazo fatal para interponer el recurso de reposici\u00f3n administrativa voluntaria es de 30 d\u00edas h\u00e1biles\u00a0<a href=\"https:\/\/www.a-tributario.cl\/index.php\/ley-21039\/\" target=\"_blank\" rel=\"noreferrer noopener\"><em>(antes 15 -plazo modificado por\u00a0Ley 21.039<\/em><\/a>\u00a0\u00a0<em><a href=\"https:\/\/www.a-tributario.cl\/index.php\/ley-21039\/\" target=\"_blank\" rel=\"noreferrer noopener\">art 2 N\u00b0 5 letra a)<\/a>\u00a0<\/em>contados desde el d\u00eda siguiente a la notificaci\u00f3n del acto impugnado. En igual momento comenzar\u00e1 a correr el plazo de 90 d\u00edas para reclamar en sede jurisdiccional, ante los Tribunales Tributarios y Aduaneros, el cual no se suspende ni se interrumpe por la interposici\u00f3n del recurso de reposici\u00f3n administrativa. El plazo se\u00f1alado se cuenta desde las 00:00 horas del d\u00eda siguiente en que se entienda notificado el acto impugnado.<\/p>\n<p>\n\n\n<p><\/p>\n<p><\/p>\n\n\n<\/p>\n<h3 class=\"wp-block-heading\"><strong>\u00bfD\u00f3nde se realiza este tr\u00e1mite?<\/strong><\/h3>\n<p>\n\n\n<p><\/p>\n<p><\/p>\n\n\n<\/p>\n<p>El contribuyente deber\u00e1 comparecer ante la oficina que sirve de secretar\u00eda a la Oficina o Departamento Jur\u00eddico o de Procedimientos Administrativos Tributarios de la respectiva Direcci\u00f3n Regional, ante la Direcci\u00f3n de Grandes Contribuyentes o Subdirecci\u00f3n de Fiscalizaci\u00f3n, o ante la Unidad del Servicio con jurisdicci\u00f3n en la comuna en que tenga el domicilio el contribuyente interesado, seg\u00fan corresponda, dentro del horario de atenci\u00f3n al p\u00fablico. La presentaci\u00f3n deber\u00e1 ser realizada por escrito mediante un formulario destinado al efecto, correspondiendo actualmente hacer uso del Formulario 3314, el cual deber\u00e1 necesariamente contener la identificaci\u00f3n del contribuyente interesado, la individualizaci\u00f3n de la actuaci\u00f3n o actuaciones del Servicio a impugnar, y el detalle de los fundamentos de hecho y derecho invocados, as\u00ed como tambi\u00e9n la documentaci\u00f3n que se adjunta a dicho formulario en caso de ser correspondiente. Adicionalmente al formulario y documentos se\u00f1alados, se puede acompa\u00f1ar un escrito con los fundamentos que sustentan la solicitud deducida<\/p>\n<p>\n\n\n<p><\/p>\n<p><\/p>\n\n\n<\/p>\n<h3 class=\"wp-block-heading\"><strong>Requisitos para efectuar el tr\u00e1mite<\/strong><\/h3>\n<p>\n\n\n<p><\/p>\n<p><\/p>\n\n\n<\/p>\n<p>6.1.- Se debe presentar el Formulario 3314, en original y dos copias. El original debe estar firmado por el contribuyente, representante legal o mandatario.<\/p>\n<p>6.2.-Se deber\u00e1 exhibir el Rol \u00danico Tributario o C\u00e9dula Nacional de Identidad del solicitante o fotocopia autorizada ante Notario P\u00fablico. Si la solicitud es presentada por el representante legal o un mandatario del contribuyente, adem\u00e1s debe exhibir el t\u00edtulo en que conste su calidad de tal y su C\u00e9dula de Identidad o fotocopia de \u00e9sta, autorizada ante Notario P\u00fablico.<\/p>\n<p>\n\n\n<p><\/p>\n<p><\/p>\n\n\n<\/p>\n<p>6.3.- Se debe especificar claramente en el formulario la o las actuaciones impugnadas. En este sentido deber\u00e1 indicarse el n\u00famero y fecha de la liquidaci\u00f3n, resoluci\u00f3n o giro y las partidas y elementos impugnados, si corresponde.<\/p>\n<p>\n\n\n<p><\/p>\n<p><\/p>\n\n\n<\/p>\n<p>6.4.- Se debe formular en forma clara, expresa y precisa, los hechos y los fundamentos de derecho que se se\u00f1ala existir en el acto, especificando los hechos, razones y peticiones en que consiste la solicitud.<\/p>\n<p>\n\n\n<p><\/p>\n<p><\/p>\n\n\n<\/p>\n<h3 class=\"wp-block-heading\">(<em><strong>POR ESTA RAZ\u00d3N LA RAV DEBE SER PREPARADA POR UN PROFESIONAL \u2013 PREFERENTEMENTE ABOGADO \u2013 \u2013 ABOGADO TRIBUTARIO LET SpA CUENTA CON LOS PROFESIONALES CON EL CONOCIMIENTO Y LA EXPERIENCIA REQUERIDA)<\/strong><\/em><\/h3>\n<p>\n\n\n<p><\/p>\n<p><\/p>\n\n\n<\/p>\n<p>6.5.- Se deben acompa\u00f1ar y precisar los documentos para fundamentar la petici\u00f3n<\/p>\n<p>\n\n\n<p><\/p>\n<p><\/p>\n\n\n<\/p>\n<p><strong>Observaciones<\/strong><\/p>\n<p>\n\n\n<p><\/p>\n<p><\/p>\n\n\n<\/p>\n<p>La presentaci\u00f3n del recurso de reposici\u00f3n administrativa voluntaria, no interrumpe ni suspende el plazo para la interposici\u00f3n de la reclamaci\u00f3n judicial frente a los Tribunales Tributarios y Aduaneros.<\/p>\n<p>\n\n\n<p><\/p>\n<p><\/p>\n\n\n<\/p>\n<h3 class=\"wp-block-heading\">El 2018 el SII modifica el Recurso de Reposici\u00f3n Administrativa\u00a0<strong><em>Voluntaria (RAV)<\/em><\/strong>\u00a0potenciando derechos de contribuyentes<\/h3>\n<p>\n\n\n<p><\/p>\n<p><\/p>\n\n\n<\/p>\n<h4 class=\"wp-block-heading\"><a href=\"https:\/\/www.a-tributario.cl\/index.php\/circular-34-sii-2018-imparte-instrucciones-relativas-al-procedimiento-de-reposicion-administrativa-establecido-en-el-articulo-123-bis-del-codigo-tributario-modificado-por-la-ley-n-21-039\/\" target=\"_blank\" rel=\"noreferrer noopener\">CIRCULAR 34 SII-2018<\/a>\u00a0IMPARTE INSTRUCCIONES RELATIVAS AL PROCEDIMIENTO DE REPOSICI\u00d3N ADMINISTRATIVA ESTABLECIDO EN EL ART\u00cdCULO 123 BIS DEL\u00a0<a href=\"https:\/\/go.vlex.com\/vid\/238902154?fbt=webapp_preview\" target=\"_blank\" rel=\"noreferrer noopener\">C\u00d3DIGO TRIBUTARIO<\/a>, MODIFICADO POR LA\u00a0<a href=\"https:\/\/go.vlex.com\/vid\/695232505?fbt=webapp_preview\" target=\"_blank\" rel=\"noreferrer noopener\">LEY N\u00b0 21.039<\/a>.<\/h4>\n<p>\n\n\n<p><\/p>\n<p><\/p>\n\n\n<\/p>\n<ul>\n<li><strong><em>La Reposici\u00f3n Administrativa Voluntaria (RAV) es una instancia de revisi\u00f3n de los actos de fiscalizaci\u00f3n, previa a la reclamaci\u00f3n judicial, respecto a liquidaciones, giros y pagos de impuestos, as\u00ed como de Resoluciones que incidan en el pago o que denieguen peticiones de devoluci\u00f3n.<\/em><\/strong><\/li>\n<\/ul>\n<p>\n\n\n<p><\/p>\n<p><\/p>\n\n\n<\/p>\n<ul>\n<li><strong><em>Se incorpora una audiencia de cierre para acercar posiciones con el contribuyente y solucionar la controversia.<\/em><\/strong><\/li>\n<\/ul>\n<p>\n\n\n<p><\/p>\n<p><\/p>\n\n\n<\/p>\n<ul>\n<li><strong><em>El Servicio corregir\u00e1 cualquier error que se detecte en el proceso, aun cuando no haya sido incluido por el contribuyente en su presentaci\u00f3n inicial.<\/em><\/strong><\/li>\n<\/ul>\n<p>\n\n\n<p><\/p>\n<p><\/p>\n\n\n<\/p>\n<p><strong>Normativa y Legislaci\u00f3n relacionada al tr\u00e1mite\u00a0<\/strong>Consulte la siguiente normativa tributaria en el sitio web del SII (www.sii.cl), men\u00fa Normativa y Legislaci\u00f3n, opci\u00f3n M\u00e1s Informaci\u00f3n:<\/p>\n<p>\n\n\n<p><\/p>\n<p><\/p>\n\n\n<\/p>\n<p>\uf0b7 Decreto ley N\u00ba 830, sobre C\u00f3digo Tributario, especialmente Art\u00edculo 123 bis.<\/p>\n<p>\n\n\n<p><\/p>\n<p><\/p>\n\n\n<\/p>\n<p>\uf0b7 Ley N\u00b0 19.880 sobre Bases de los Procedimientos Administrativos (Supletoriamente).<\/p>\n<p>\n\n\n<p><\/p>\n<p><\/p>\n\n\n<\/p>\n<p>\uf0b7\u00a0<a href=\"https:\/\/www.a-tributario.cl\/index.php\/circular-n13-del-sii-del-29-de-enero-del-2010\/?preview_id=2477&amp;preview_nonce=848632ca8a&amp;preview=true\" target=\"_blank\" rel=\"noreferrer noopener\">Circular N\u00b0 13, de 29 de enero de 2010, modifica y deroga en lo pertinente a la Circular N\u00b0 26 de 2008.<\/a><\/p>\n<p>\n\n\n<p><\/p>\n<p><\/p>\n\n\n<\/p>\n<p>\uf0b7 Circular N\u00b0 26, de 28 abril de 2008, instrucciones relacionadas con la revisi\u00f3n de las actuaciones de fiscalizaci\u00f3n, en la parte pertinente.<\/p>\n<p>\n\n\n<p><\/p>\n<p><\/p>\n\n\n<\/p>\n<p>\uf0b7 Circular N\u00b0 51, de 23 de septiembre de 2005.<\/p>\n<p>\n\n\n<p><\/p>\n<p>[\/vc_column_text][\/vc_column][vc_column width=\u00bb1\/2&#8243;][\/vc_column][\/vc_row]<\/p>","protected":false},"excerpt":{"rendered":"<p>[vc_row][vc_column width=\u00bb1\/2&#8243;][vc_column_text] Importante: esta informaci\u00f3n que\u00a0 entrega el Servicio de\u00a0Impuestos\u00a0 Internos, es s\u00f3lo una gu\u00eda de apoyo\u00a0para los\u00a0 contribuyentes. \u00a0 LA RAV DEBE SER PREPARADA POR\u00a0 UN PROFESIONAL \u2013 ABOGADO\u00a0 TRIBUTARIO LET SpA CUENTA CON\u00a0 LOS PROFESIONALES CON EL\u00a0 CONOCIMIENTO Y LA EXPERIENCIA\u00a0 EN\u00a0 LA MATERIA \u2013 ART\u00cdCULO 123 BIS, DEL C\u00d3DIGO\u00a0TRIBUTARIO. FUENTE:\u00a0SII chrome-extension:\/\/oemmndcbldboiebfnladdacbdfmadadm\/http:\/\/www.sii.cl\/como_se_hace_para\/solicitar_rav.pdf ACTUALIZADA [&hellip;]<\/p>\n","protected":false},"author":1,"featured_media":0,"parent":0,"menu_order":0,"comment_status":"closed","ping_status":"closed","template":"","meta":{"_monsterinsights_skip_tracking":false,"_monsterinsights_sitenote_active":false,"_monsterinsights_sitenote_note":"","_monsterinsights_sitenote_category":0,"footnotes":"","_joinchat":[]},"yoast_head":"<!-- This site is optimized with the Yoast SEO plugin v21.5 - https:\/\/yoast.com\/wordpress\/plugins\/seo\/ -->\n<title>DEFENSA TRIBUTARIA RAV SII - ABOGADO TRIBUTARIO LET<\/title>\n<meta name=\"description\" content=\"La RAV es un recurso administrativo especial previo a la reclamaci\u00f3n judicial, que se encuentra establecido en favor de los contribuyentes\" \/>\n<meta name=\"robots\" content=\"index, follow, max-snippet:-1, max-image-preview:large, max-video-preview:-1\" \/>\n<link rel=\"canonical\" href=\"https:\/\/a-tributario.cl\/index.php\/defensa-tributaria-rav-sii\/\" \/>\n<meta property=\"og:locale\" content=\"es_ES\" \/>\n<meta property=\"og:type\" content=\"article\" \/>\n<meta property=\"og:title\" content=\"DEFENSA TRIBUTARIA RAV SII - ABOGADO TRIBUTARIO LET\" \/>\n<meta property=\"og:description\" content=\"La RAV es un recurso administrativo especial previo a la reclamaci\u00f3n judicial, que se encuentra establecido en favor de los contribuyentes\" \/>\n<meta property=\"og:url\" content=\"https:\/\/a-tributario.cl\/index.php\/defensa-tributaria-rav-sii\/\" \/>\n<meta property=\"og:site_name\" content=\"ABOGADO TRIBUTARIO R&amp;R\" \/>\n<meta property=\"article:publisher\" content=\"https:\/\/www.facebook.com\/AbogadosTributariosIUS\/\" \/>\n<meta property=\"article:modified_time\" content=\"2021-07-11T22:54:31+00:00\" \/>\n<meta name=\"twitter:card\" content=\"summary_large_image\" \/>\n<meta name=\"twitter:site\" content=\"@ius_asesores\" \/>\n<meta name=\"twitter:label1\" content=\"Tiempo de lectura\" \/>\n\t<meta name=\"twitter:data1\" content=\"5 minutos\" \/>\n<script type=\"application\/ld+json\" class=\"yoast-schema-graph\">{\"@context\":\"https:\/\/schema.org\",\"@graph\":[{\"@type\":\"WebPage\",\"@id\":\"https:\/\/a-tributario.cl\/index.php\/defensa-tributaria-rav-sii\/\",\"url\":\"https:\/\/a-tributario.cl\/index.php\/defensa-tributaria-rav-sii\/\",\"name\":\"DEFENSA TRIBUTARIA RAV SII - ABOGADO TRIBUTARIO LET\",\"isPartOf\":{\"@id\":\"https:\/\/a-tributario.cl\/#website\"},\"datePublished\":\"2021-07-11T21:49:41+00:00\",\"dateModified\":\"2021-07-11T22:54:31+00:00\",\"description\":\"La RAV es un recurso administrativo especial previo a la reclamaci\u00f3n judicial, que se encuentra establecido en favor de los contribuyentes\",\"breadcrumb\":{\"@id\":\"https:\/\/a-tributario.cl\/index.php\/defensa-tributaria-rav-sii\/#breadcrumb\"},\"inLanguage\":\"es\",\"potentialAction\":[{\"@type\":\"ReadAction\",\"target\":[\"https:\/\/a-tributario.cl\/index.php\/defensa-tributaria-rav-sii\/\"]}]},{\"@type\":\"BreadcrumbList\",\"@id\":\"https:\/\/a-tributario.cl\/index.php\/defensa-tributaria-rav-sii\/#breadcrumb\",\"itemListElement\":[{\"@type\":\"ListItem\",\"position\":1,\"name\":\"Portada\",\"item\":\"https:\/\/a-tributario.cl\/\"},{\"@type\":\"ListItem\",\"position\":2,\"name\":\"DEFENSA TRIBUTARIA RAV SII\"}]},{\"@type\":\"WebSite\",\"@id\":\"https:\/\/a-tributario.cl\/#website\",\"url\":\"https:\/\/a-tributario.cl\/\",\"name\":\"ABOGADO TRIBUTARIO R&amp;R\",\"description\":\"ASESOR\u00cdA TRIBUTARIA, DEFENSA LIQUIDACI\u00d3N Y GIRO SII, PRESCRIPCI\u00d3N IMPUESTOS DEFENSA COBRO TESORER\u00cdA\",\"publisher\":{\"@id\":\"https:\/\/a-tributario.cl\/#organization\"},\"potentialAction\":[{\"@type\":\"SearchAction\",\"target\":{\"@type\":\"EntryPoint\",\"urlTemplate\":\"https:\/\/a-tributario.cl\/?s={search_term_string}\"},\"query-input\":\"required name=search_term_string\"}],\"inLanguage\":\"es\"},{\"@type\":\"Organization\",\"@id\":\"https:\/\/a-tributario.cl\/#organization\",\"name\":\"Abogado Tributario Let\",\"url\":\"https:\/\/a-tributario.cl\/\",\"logo\":{\"@type\":\"ImageObject\",\"inLanguage\":\"es\",\"@id\":\"https:\/\/a-tributario.cl\/#\/schema\/logo\/image\/\",\"url\":\"https:\/\/a-tributario.cl\/wp-content\/uploads\/2019\/04\/Image-2018-e1556290954199.jpeg\",\"contentUrl\":\"https:\/\/a-tributario.cl\/wp-content\/uploads\/2019\/04\/Image-2018-e1556290954199.jpeg\",\"width\":128,\"height\":128,\"caption\":\"Abogado Tributario Let\"},\"image\":{\"@id\":\"https:\/\/a-tributario.cl\/#\/schema\/logo\/image\/\"},\"sameAs\":[\"https:\/\/www.facebook.com\/AbogadosTributariosIUS\/\",\"https:\/\/twitter.com\/ius_asesores\",\"https:\/\/www.linkedin.com\/in\/abogadotributario\/\"]}]}<\/script>\n<!-- \/ Yoast SEO plugin. -->","yoast_head_json":{"title":"DEFENSA TRIBUTARIA RAV SII - ABOGADO TRIBUTARIO LET","description":"La RAV es un recurso administrativo especial previo a la reclamaci\u00f3n judicial, que se encuentra establecido en favor de los contribuyentes","robots":{"index":"index","follow":"follow","max-snippet":"max-snippet:-1","max-image-preview":"max-image-preview:large","max-video-preview":"max-video-preview:-1"},"canonical":"https:\/\/a-tributario.cl\/index.php\/defensa-tributaria-rav-sii\/","og_locale":"es_ES","og_type":"article","og_title":"DEFENSA TRIBUTARIA RAV SII - ABOGADO TRIBUTARIO LET","og_description":"La RAV es un recurso administrativo especial previo a la reclamaci\u00f3n judicial, que se encuentra establecido en favor de los contribuyentes","og_url":"https:\/\/a-tributario.cl\/index.php\/defensa-tributaria-rav-sii\/","og_site_name":"ABOGADO TRIBUTARIO R&amp;R","article_publisher":"https:\/\/www.facebook.com\/AbogadosTributariosIUS\/","article_modified_time":"2021-07-11T22:54:31+00:00","twitter_card":"summary_large_image","twitter_site":"@ius_asesores","twitter_misc":{"Tiempo de lectura":"5 minutos"},"schema":{"@context":"https:\/\/schema.org","@graph":[{"@type":"WebPage","@id":"https:\/\/a-tributario.cl\/index.php\/defensa-tributaria-rav-sii\/","url":"https:\/\/a-tributario.cl\/index.php\/defensa-tributaria-rav-sii\/","name":"DEFENSA TRIBUTARIA RAV SII - ABOGADO TRIBUTARIO LET","isPartOf":{"@id":"https:\/\/a-tributario.cl\/#website"},"datePublished":"2021-07-11T21:49:41+00:00","dateModified":"2021-07-11T22:54:31+00:00","description":"La RAV es un recurso administrativo especial previo a la reclamaci\u00f3n judicial, que se encuentra establecido en favor de los contribuyentes","breadcrumb":{"@id":"https:\/\/a-tributario.cl\/index.php\/defensa-tributaria-rav-sii\/#breadcrumb"},"inLanguage":"es","potentialAction":[{"@type":"ReadAction","target":["https:\/\/a-tributario.cl\/index.php\/defensa-tributaria-rav-sii\/"]}]},{"@type":"BreadcrumbList","@id":"https:\/\/a-tributario.cl\/index.php\/defensa-tributaria-rav-sii\/#breadcrumb","itemListElement":[{"@type":"ListItem","position":1,"name":"Portada","item":"https:\/\/a-tributario.cl\/"},{"@type":"ListItem","position":2,"name":"DEFENSA TRIBUTARIA RAV SII"}]},{"@type":"WebSite","@id":"https:\/\/a-tributario.cl\/#website","url":"https:\/\/a-tributario.cl\/","name":"ABOGADO TRIBUTARIO R&amp;R","description":"ASESOR\u00cdA TRIBUTARIA, DEFENSA LIQUIDACI\u00d3N Y GIRO SII, PRESCRIPCI\u00d3N IMPUESTOS DEFENSA COBRO TESORER\u00cdA","publisher":{"@id":"https:\/\/a-tributario.cl\/#organization"},"potentialAction":[{"@type":"SearchAction","target":{"@type":"EntryPoint","urlTemplate":"https:\/\/a-tributario.cl\/?s={search_term_string}"},"query-input":"required name=search_term_string"}],"inLanguage":"es"},{"@type":"Organization","@id":"https:\/\/a-tributario.cl\/#organization","name":"Abogado Tributario Let","url":"https:\/\/a-tributario.cl\/","logo":{"@type":"ImageObject","inLanguage":"es","@id":"https:\/\/a-tributario.cl\/#\/schema\/logo\/image\/","url":"https:\/\/a-tributario.cl\/wp-content\/uploads\/2019\/04\/Image-2018-e1556290954199.jpeg","contentUrl":"https:\/\/a-tributario.cl\/wp-content\/uploads\/2019\/04\/Image-2018-e1556290954199.jpeg","width":128,"height":128,"caption":"Abogado Tributario Let"},"image":{"@id":"https:\/\/a-tributario.cl\/#\/schema\/logo\/image\/"},"sameAs":["https:\/\/www.facebook.com\/AbogadosTributariosIUS\/","https:\/\/twitter.com\/ius_asesores","https:\/\/www.linkedin.com\/in\/abogadotributario\/"]}]}},"_links":{"self":[{"href":"https:\/\/a-tributario.cl\/index.php\/wp-json\/wp\/v2\/pages\/5278"}],"collection":[{"href":"https:\/\/a-tributario.cl\/index.php\/wp-json\/wp\/v2\/pages"}],"about":[{"href":"https:\/\/a-tributario.cl\/index.php\/wp-json\/wp\/v2\/types\/page"}],"author":[{"embeddable":true,"href":"https:\/\/a-tributario.cl\/index.php\/wp-json\/wp\/v2\/users\/1"}],"replies":[{"embeddable":true,"href":"https:\/\/a-tributario.cl\/index.php\/wp-json\/wp\/v2\/comments?post=5278"}],"version-history":[{"count":9,"href":"https:\/\/a-tributario.cl\/index.php\/wp-json\/wp\/v2\/pages\/5278\/revisions"}],"predecessor-version":[{"id":5288,"href":"https:\/\/a-tributario.cl\/index.php\/wp-json\/wp\/v2\/pages\/5278\/revisions\/5288"}],"wp:attachment":[{"href":"https:\/\/a-tributario.cl\/index.php\/wp-json\/wp\/v2\/media?parent=5278"}],"curies":[{"name":"wp","href":"https:\/\/api.w.org\/{rel}","templated":true}]}}