{"id":5533,"date":"2022-01-02T19:41:36","date_gmt":"2022-01-02T19:41:36","guid":{"rendered":"https:\/\/a-tributario.cl\/?page_id=5533"},"modified":"2023-12-15T02:56:10","modified_gmt":"2023-12-15T02:56:10","slug":"defensa-cobro-impuestos","status":"publish","type":"page","link":"https:\/\/a-tributario.cl\/index.php\/defensa-cobro-impuestos\/","title":{"rendered":"DEFENSA COBRO IMPUESTOS"},"content":{"rendered":"[vc_row][vc_column width=\u00bb1\/2&#8243;][vc_cta h2=\u00bb\u00bb]<ol>\n<li>Embargos de <strong><span style=\"vertical-align: inherit; color: #003300;\"><a style=\"color: #003300;\" href=\"https:\/\/www.tgr.cl\/\" target=\"_blank\" rel=\"noopener noreferrer\">Tesorer\u00eda<\/a><\/span><\/strong><\/li>\n<li>Deuda antigua<\/li>\n<li>Trabas en el SII por deuda<\/li>\n<\/ol>\n<ul>\n<li style=\"text-align: left;\"><span style=\"vertical-align: inherit;\">Defensa en\u00a0 juicio de cobro de deuda de Impuestos (IVA-RENTA), ejercido por Tesorer\u00eda<\/span><\/li>\n<li style=\"text-align: left;\"><span style=\"vertical-align: inherit;\">Soluci\u00f3n definitiva a\u00a0 deuda de impuestos, v\u00eda recursos judiciales<\/span><\/li>\n<li style=\"text-align: left;\"><span style=\"vertical-align: inherit;\">Eliminamos deuda y se alza los embargos v\u00eda Prescripci\u00f3n<\/span><\/li>\n<li style=\"text-align: left;\"><span style=\"vertical-align: inherit;\">Consulte\u00a0 gratuitamente, <\/span><span style=\"vertical-align: inherit;\">para una evaluaci\u00f3n<\/span><\/li>\n<\/ul>\n<h4><strong><span style=\"color: #003300;\"><a style=\"color: #003300;\" href=\"https:\/\/www.google.com\/search?q=ABOGADO+ALEJANDRO+RAMIREZ+VALDIVIA&amp;newwindow=1&amp;sxsrf=ALiCzsbtKAnHOvZvFJq8DL_zSujCZtuQzg:1652901606391&amp;ei=5kaFYpGnF-681sQP-oyvyAc&amp;start=0&amp;sa=N&amp;ved=2ahUKEwiRsuOo4un3AhVunpUCHXrGC3k4ChDy0wN6BAgBED0&amp;biw=1517&amp;bih=694&amp;dpr=0.9\" target=\"_blank\" rel=\"noopener\">ALEJANDRO RAMIREZ VALDIVIA &#8211; ABOGADO TRIBUTARISTA<\/a><\/span><\/strong><\/h4>[\/vc_cta][\/vc_column][vc_column width=\u00bb1\/2&#8243;][vc_single_image image=\u00bb2746&#8243; img_size=\u00bbfull\u00bb][\/vc_column][\/vc_row][vc_row][vc_column][vc_column_text]<p><!-- \/wp:list --><\/p>\n<p><!-- wp:paragraph --><\/p>\n<p><!-- \/wp:paragraph --><\/p>\n<div style=\"width: 1920px;\" class=\"wp-video\"><!--[if lt IE 9]><script>document.createElement('video');<\/script><![endif]-->\n<video class=\"wp-video-shortcode\" id=\"video-5533-1\" width=\"1920\" height=\"1080\" preload=\"metadata\" controls=\"controls\"><source type=\"video\/mp4\" src=\"https:\/\/www.a-tributario.cl\/wp-content\/uploads\/2020\/05\/DEFENSA-DEUDA-IMPUESTO-IVA-RENTA-.mp4?_=1\" \/><a href=\"https:\/\/www.a-tributario.cl\/wp-content\/uploads\/2020\/05\/DEFENSA-DEUDA-IMPUESTO-IVA-RENTA-.mp4\">https:\/\/www.a-tributario.cl\/wp-content\/uploads\/2020\/05\/DEFENSA-DEUDA-IMPUESTO-IVA-RENTA-.mp4<\/a><\/video><\/div>\n<h4 class=\"code\" data-lang=\"HTML\"><code><\/code><\/h4>[\/vc_column_text][\/vc_column][\/vc_row][vc_row][vc_column width=\u00bb1\/2&#8243;][vc_cta h2=\u00bb\u00bb]<ul>\n<li>Suspensi\u00f3n de Remate<\/li>\n<li><span style=\"vertical-align: inherit;\">Alzamiento de Embargo<\/span><\/li>\n<li><span style=\"vertical-align: inherit;\">Protecci\u00f3n contra Arresto<\/span><\/li>\n<li><span style=\"color: #003300;\"><strong><a style=\"color: #003300;\" href=\"https:\/\/www.a-tributario.cl\/index.php\/prescripcion-impuestos\/\" target=\"_blank\" rel=\"noreferrer noopener\"><span style=\"vertical-align: inherit;\">Eliminaci\u00f3n Deuda Impuesto V\u00eda Prescripci\u00f3n<\/span><\/a><\/strong><\/span><\/li>\n<li><span style=\"color: #003300;\"><strong><a style=\"color: #003300;\" href=\"https:\/\/a-tributario.cl\/index.php\/prescripcion-impuestos-chile-2\/\" target=\"_blank\" rel=\"noopener noreferrer\">Prescripci\u00f3n de la Acci\u00f3n de Cobro<\/a><\/strong><\/span><\/li>\n<li><span style=\"vertical-align: inherit;\">Liberaci\u00f3n del Cobro por Medio de Recursos Judiciales<\/span><\/li>\n<li><!-- wp:heading --><span style=\"vertical-align: inherit;\">Embargo Tesorer\u00eda<\/span><\/li>\n<li><span style=\"vertical-align: inherit;\">Defensa Tributaria<\/span><\/li>\n<\/ul>\n<p><!-- \/wp:heading --><\/p>\n<p><!-- wp:paragraph --><\/p>[\/vc_cta][\/vc_column][vc_column width=\u00bb1\/2&#8243;][vc_cta h2=\u00bb\u00bb]<p>&nbsp;<\/p>\n<h3 style=\"text-align: center;\"><span style=\"color: #003300;\"><a style=\"color: #003300;\" href=\"https:\/\/www.a-tributario.cl\/index.php\/sentencias-judiciales\/\" target=\"_blank\" rel=\"noopener noreferrer\">Ver<\/a><\/span><\/h3>\n<h3 style=\"text-align: center;\"><span style=\"color: #003300;\"><a style=\"color: #003300;\" href=\"https:\/\/www.a-tributario.cl\/index.php\/sentencias-judiciales\/\" target=\"_blank\" rel=\"noopener noreferrer\">SENTENCIAS JUDICIALES<\/a><\/span><\/h3>\n<p>&nbsp;<\/p>\n<p>&nbsp;<\/p>[\/vc_cta][\/vc_column][\/vc_row][vc_row][vc_column][vc_cta h2=\u00bbTESORER\u00cdA\u00bb]<h3 style=\"text-align: left;\">Defensa Tributaria<\/h3>\n<h3 style=\"text-align: left;\">Embargo<\/h3>\n<h4 style=\"text-align: left;\"><strong><span style=\"vertical-align: inherit;\">Juicio de Cobro Impuestos de Tesorer\u00eda<\/span><\/strong><\/h4>\n<p style=\"text-align: left;\"><span style=\"vertical-align: inherit;\">Los juicios de cobro tributario tienen dos fases o etapas la primera administrativa y la segunda judicial<\/span><\/p>[\/vc_cta][\/vc_column][\/vc_row][vc_row][vc_column][vc_cta h2=\u00bbA.- ETAPA ADMINISTRATIVA\u00bb]<h4><!-- \/wp:paragraph --><\/h4>\n<h4><!-- wp:paragraph --><\/h4>\n<p><span style=\"vertical-align: inherit;\">En esta fase se da inicio al juicio de cobro, donde se realizan los embargos y se debe interponer la excepciones<\/span><\/p>\n<p><!-- \/wp:paragraph --><\/p>\n<p><!-- wp:paragraph --><\/p>\n<p><span style=\"vertical-align: inherit;\">Nuestro Estudio Jur\u00eddico, especializado en defensa tributaria, dar\u00e1 soluci\u00f3n al embargo de Tesorer\u00eda, lo representamos interponiendo las excepciones o incidentes que corresponda, entre otras la de prescripci\u00f3n.<\/span><\/p>\n<p><!-- \/wp:paragraph --><\/p>\n<p><!-- wp:paragraph --><\/p>\n<p><!-- \/wp:paragraph --><\/p>\n<p><!-- wp:paragraph --><\/p>\n<p><strong><span style=\"vertical-align: inherit;\">La notificaci\u00f3n, requerimiento y embargo<\/span><\/strong><\/p>\n<p><!-- \/wp:paragraph --><\/p>\n<p><!-- wp:paragraph --><\/p>\n<p><span style=\"vertical-align: inherit;\">Practicado el requerimiento en alguna de las formas pertinentes, sin que se obtenga el pago, el recaudador fiscal, personalmente, proceder\u00e1 a la traba del embargo; pero, trat\u00e1ndose de bienes ra\u00edces, el embargo no surtir\u00e1 efecto respecto de terceros, sino una vez que se haya inscrito en el conservador de bienes ra\u00edces correspondiente<\/span><\/p>\n<p><!-- \/wp:paragraph --><\/p>\n<p><!-- wp:paragraph --><\/p>\n<p><strong><span style=\"vertical-align: inherit;\">Del plazo para oponer excepciones<\/span><\/strong><\/p>\n<p><!-- \/wp:paragraph --><\/p>\n<p><!-- wp:paragraph --><\/p>\n<p><span style=\"vertical-align: inherit;\">El ejecutado podr\u00e1 oponerse a la ejecuci\u00f3n ante la tesorer\u00eda comunal respectiva, dentro del plazo de 10 d\u00edas h\u00e1biles contados desde la fecha del requerimiento de pago practicado conforme al art\u00edculo 171\u00b0<\/span><\/p>\n<p><!-- \/wp:paragraph --><\/p>\n<p><!-- wp:paragraph --><\/p>\n<p><strong><span style=\"vertical-align: inherit;\">De las excepciones admisibles<\/span><\/strong><\/p>\n<p><!-- \/wp:paragraph --><\/p>\n<p><!-- wp:paragraph --><\/p>\n<p><span style=\"vertical-align: inherit;\">La oposici\u00f3n del ejecutado s\u00f3lo ser\u00e1 admisible cuando se funde en alguna de las siguientes excepciones<\/span><\/p>\n<p><span style=\"vertical-align: inherit;\">1\u00b0.- pago de la deuda<\/span><\/p>\n<p><a href=\"https:\/\/www.a-tributario.cl\/index.php\/prescripcion-impuestos\/\" target=\"_blank\" rel=\"noreferrer noopener\"><span style=\"vertical-align: inherit;\">2\u00b0.- prescripci\u00f3n<\/span><\/a><\/p>\n<p><span style=\"vertical-align: inherit;\">3\u00b0.- no empecer el t\u00edtulo al ejecutado<\/span><\/p>\n<h4><!-- \/wp:paragraph --><\/h4>\n<h4><!-- wp:list {\"ordered\":true} --><\/h4>\n<h2 style=\"text-align: center;\">\u00a0<\/h2>[\/vc_cta][vc_cta h2=\u00bbB.- ETAPA JUDICIAL\u00bb]<h4><!-- \/wp:list --><\/h4>\n<h4><!-- wp:paragraph --><\/h4>\n<p><span style=\"vertical-align: inherit;\">En esta fase no es posible interponer excepciones, sin embargo, nuestra experiencia en esta materia nos permite interponer los recursos legales necesarios, tendientes a paralizar el procedimiento y suspender los remates. Consulte por una Asesor\u00eda Tributaria para evitar el remate de sus bienes<\/span><\/p>\n<h4 class=\"code\" data-lang=\"HTML\">\u00a0<\/h4>\n<p>&nbsp;<\/p>[\/vc_cta][\/vc_column][\/vc_row]","protected":false},"excerpt":{"rendered":"<p>[vc_row][vc_column width=\u00bb1\/2&#8243;][vc_cta h2=\u00bb\u00bb] Embargos de Tesorer\u00eda Deuda antigua Trabas en el SII por deuda Defensa en\u00a0 juicio de cobro de deuda de Impuestos (IVA-RENTA), ejercido por Tesorer\u00eda Soluci\u00f3n definitiva a\u00a0 deuda de impuestos, v\u00eda recursos judiciales Eliminamos deuda y se alza los embargos v\u00eda Prescripci\u00f3n Consulte\u00a0 gratuitamente, para una evaluaci\u00f3n ALEJANDRO RAMIREZ VALDIVIA &#8211; ABOGADO [&hellip;]<\/p>\n","protected":false},"author":1,"featured_media":0,"parent":0,"menu_order":0,"comment_status":"closed","ping_status":"closed","template":"","meta":{"_monsterinsights_skip_tracking":false,"_monsterinsights_sitenote_active":false,"_monsterinsights_sitenote_note":"","_monsterinsights_sitenote_category":0,"footnotes":"","_joinchat":[]},"yoast_head":"<!-- This site is optimized with the Yoast SEO plugin v21.5 - https:\/\/yoast.com\/wordpress\/plugins\/seo\/ -->\n<title>DEFENSA COBRO IMPUESTOS<\/title>\n<meta name=\"description\" content=\"Defensa en Cobro Impuestos (IVA - RENTA) TESORERIA. Eliminaci\u00f3n total de Deuda Impuestos, V\u00eda Recurso Judicial - ABOGADO TRIBUTARIO 950959243\" \/>\n<meta name=\"robots\" content=\"index, follow, max-snippet:-1, max-image-preview:large, max-video-preview:-1\" \/>\n<link rel=\"canonical\" href=\"https:\/\/a-tributario.cl\/index.php\/defensa-cobro-impuestos\/\" \/>\n<meta property=\"og:locale\" content=\"es_ES\" \/>\n<meta property=\"og:type\" content=\"article\" \/>\n<meta property=\"og:title\" content=\"DEFENSA COBRO IMPUESTOS\" \/>\n<meta property=\"og:description\" content=\"Defensa en Cobro Impuestos (IVA - RENTA) TESORERIA. Eliminaci\u00f3n total de Deuda Impuestos, V\u00eda Recurso Judicial - ABOGADO TRIBUTARIO 950959243\" \/>\n<meta property=\"og:url\" content=\"https:\/\/a-tributario.cl\/index.php\/defensa-cobro-impuestos\/\" \/>\n<meta property=\"og:site_name\" content=\"ABOGADO TRIBUTARIO R&amp;R\" \/>\n<meta property=\"article:publisher\" content=\"https:\/\/www.facebook.com\/AbogadosTributariosIUS\/\" \/>\n<meta property=\"article:modified_time\" content=\"2023-12-15T02:56:10+00:00\" \/>\n<meta name=\"twitter:card\" content=\"summary_large_image\" \/>\n<meta name=\"twitter:site\" content=\"@ius_asesores\" \/>\n<meta name=\"twitter:label1\" content=\"Tiempo de lectura\" \/>\n\t<meta name=\"twitter:data1\" content=\"3 minutos\" \/>\n<script type=\"application\/ld+json\" class=\"yoast-schema-graph\">{\"@context\":\"https:\/\/schema.org\",\"@graph\":[{\"@type\":\"WebPage\",\"@id\":\"https:\/\/a-tributario.cl\/index.php\/defensa-cobro-impuestos\/\",\"url\":\"https:\/\/a-tributario.cl\/index.php\/defensa-cobro-impuestos\/\",\"name\":\"DEFENSA COBRO IMPUESTOS\",\"isPartOf\":{\"@id\":\"https:\/\/a-tributario.cl\/#website\"},\"datePublished\":\"2022-01-02T19:41:36+00:00\",\"dateModified\":\"2023-12-15T02:56:10+00:00\",\"description\":\"Defensa en Cobro Impuestos (IVA - RENTA) TESORERIA. Eliminaci\u00f3n total de Deuda Impuestos, V\u00eda Recurso Judicial - ABOGADO TRIBUTARIO 950959243\",\"breadcrumb\":{\"@id\":\"https:\/\/a-tributario.cl\/index.php\/defensa-cobro-impuestos\/#breadcrumb\"},\"inLanguage\":\"es\",\"potentialAction\":[{\"@type\":\"ReadAction\",\"target\":[\"https:\/\/a-tributario.cl\/index.php\/defensa-cobro-impuestos\/\"]}]},{\"@type\":\"BreadcrumbList\",\"@id\":\"https:\/\/a-tributario.cl\/index.php\/defensa-cobro-impuestos\/#breadcrumb\",\"itemListElement\":[{\"@type\":\"ListItem\",\"position\":1,\"name\":\"Portada\",\"item\":\"https:\/\/a-tributario.cl\/\"},{\"@type\":\"ListItem\",\"position\":2,\"name\":\"DEFENSA COBRO IMPUESTOS\"}]},{\"@type\":\"WebSite\",\"@id\":\"https:\/\/a-tributario.cl\/#website\",\"url\":\"https:\/\/a-tributario.cl\/\",\"name\":\"ABOGADO TRIBUTARIO R&amp;R\",\"description\":\"ASESOR\u00cdA TRIBUTARIA, DEFENSA LIQUIDACI\u00d3N Y GIRO SII, PRESCRIPCI\u00d3N IMPUESTOS DEFENSA COBRO TESORER\u00cdA\",\"publisher\":{\"@id\":\"https:\/\/a-tributario.cl\/#organization\"},\"potentialAction\":[{\"@type\":\"SearchAction\",\"target\":{\"@type\":\"EntryPoint\",\"urlTemplate\":\"https:\/\/a-tributario.cl\/?s={search_term_string}\"},\"query-input\":\"required name=search_term_string\"}],\"inLanguage\":\"es\"},{\"@type\":\"Organization\",\"@id\":\"https:\/\/a-tributario.cl\/#organization\",\"name\":\"Abogado Tributario Let\",\"url\":\"https:\/\/a-tributario.cl\/\",\"logo\":{\"@type\":\"ImageObject\",\"inLanguage\":\"es\",\"@id\":\"https:\/\/a-tributario.cl\/#\/schema\/logo\/image\/\",\"url\":\"https:\/\/a-tributario.cl\/wp-content\/uploads\/2019\/04\/Image-2018-e1556290954199.jpeg\",\"contentUrl\":\"https:\/\/a-tributario.cl\/wp-content\/uploads\/2019\/04\/Image-2018-e1556290954199.jpeg\",\"width\":128,\"height\":128,\"caption\":\"Abogado Tributario Let\"},\"image\":{\"@id\":\"https:\/\/a-tributario.cl\/#\/schema\/logo\/image\/\"},\"sameAs\":[\"https:\/\/www.facebook.com\/AbogadosTributariosIUS\/\",\"https:\/\/twitter.com\/ius_asesores\",\"https:\/\/www.linkedin.com\/in\/abogadotributario\/\"]}]}<\/script>\n<!-- \/ Yoast SEO plugin. -->","yoast_head_json":{"title":"DEFENSA COBRO IMPUESTOS","description":"Defensa en Cobro Impuestos (IVA - RENTA) TESORERIA. Eliminaci\u00f3n total de Deuda Impuestos, V\u00eda Recurso Judicial - ABOGADO TRIBUTARIO 950959243","robots":{"index":"index","follow":"follow","max-snippet":"max-snippet:-1","max-image-preview":"max-image-preview:large","max-video-preview":"max-video-preview:-1"},"canonical":"https:\/\/a-tributario.cl\/index.php\/defensa-cobro-impuestos\/","og_locale":"es_ES","og_type":"article","og_title":"DEFENSA COBRO IMPUESTOS","og_description":"Defensa en Cobro Impuestos (IVA - RENTA) TESORERIA. Eliminaci\u00f3n total de Deuda Impuestos, V\u00eda Recurso Judicial - ABOGADO TRIBUTARIO 950959243","og_url":"https:\/\/a-tributario.cl\/index.php\/defensa-cobro-impuestos\/","og_site_name":"ABOGADO TRIBUTARIO R&amp;R","article_publisher":"https:\/\/www.facebook.com\/AbogadosTributariosIUS\/","article_modified_time":"2023-12-15T02:56:10+00:00","twitter_card":"summary_large_image","twitter_site":"@ius_asesores","twitter_misc":{"Tiempo de lectura":"3 minutos"},"schema":{"@context":"https:\/\/schema.org","@graph":[{"@type":"WebPage","@id":"https:\/\/a-tributario.cl\/index.php\/defensa-cobro-impuestos\/","url":"https:\/\/a-tributario.cl\/index.php\/defensa-cobro-impuestos\/","name":"DEFENSA COBRO IMPUESTOS","isPartOf":{"@id":"https:\/\/a-tributario.cl\/#website"},"datePublished":"2022-01-02T19:41:36+00:00","dateModified":"2023-12-15T02:56:10+00:00","description":"Defensa en Cobro Impuestos (IVA - RENTA) TESORERIA. Eliminaci\u00f3n total de Deuda Impuestos, V\u00eda Recurso Judicial - ABOGADO TRIBUTARIO 950959243","breadcrumb":{"@id":"https:\/\/a-tributario.cl\/index.php\/defensa-cobro-impuestos\/#breadcrumb"},"inLanguage":"es","potentialAction":[{"@type":"ReadAction","target":["https:\/\/a-tributario.cl\/index.php\/defensa-cobro-impuestos\/"]}]},{"@type":"BreadcrumbList","@id":"https:\/\/a-tributario.cl\/index.php\/defensa-cobro-impuestos\/#breadcrumb","itemListElement":[{"@type":"ListItem","position":1,"name":"Portada","item":"https:\/\/a-tributario.cl\/"},{"@type":"ListItem","position":2,"name":"DEFENSA COBRO IMPUESTOS"}]},{"@type":"WebSite","@id":"https:\/\/a-tributario.cl\/#website","url":"https:\/\/a-tributario.cl\/","name":"ABOGADO TRIBUTARIO R&amp;R","description":"ASESOR\u00cdA TRIBUTARIA, DEFENSA LIQUIDACI\u00d3N Y GIRO SII, PRESCRIPCI\u00d3N IMPUESTOS DEFENSA COBRO TESORER\u00cdA","publisher":{"@id":"https:\/\/a-tributario.cl\/#organization"},"potentialAction":[{"@type":"SearchAction","target":{"@type":"EntryPoint","urlTemplate":"https:\/\/a-tributario.cl\/?s={search_term_string}"},"query-input":"required name=search_term_string"}],"inLanguage":"es"},{"@type":"Organization","@id":"https:\/\/a-tributario.cl\/#organization","name":"Abogado Tributario Let","url":"https:\/\/a-tributario.cl\/","logo":{"@type":"ImageObject","inLanguage":"es","@id":"https:\/\/a-tributario.cl\/#\/schema\/logo\/image\/","url":"https:\/\/a-tributario.cl\/wp-content\/uploads\/2019\/04\/Image-2018-e1556290954199.jpeg","contentUrl":"https:\/\/a-tributario.cl\/wp-content\/uploads\/2019\/04\/Image-2018-e1556290954199.jpeg","width":128,"height":128,"caption":"Abogado Tributario Let"},"image":{"@id":"https:\/\/a-tributario.cl\/#\/schema\/logo\/image\/"},"sameAs":["https:\/\/www.facebook.com\/AbogadosTributariosIUS\/","https:\/\/twitter.com\/ius_asesores","https:\/\/www.linkedin.com\/in\/abogadotributario\/"]}]}},"_links":{"self":[{"href":"https:\/\/a-tributario.cl\/index.php\/wp-json\/wp\/v2\/pages\/5533"}],"collection":[{"href":"https:\/\/a-tributario.cl\/index.php\/wp-json\/wp\/v2\/pages"}],"about":[{"href":"https:\/\/a-tributario.cl\/index.php\/wp-json\/wp\/v2\/types\/page"}],"author":[{"embeddable":true,"href":"https:\/\/a-tributario.cl\/index.php\/wp-json\/wp\/v2\/users\/1"}],"replies":[{"embeddable":true,"href":"https:\/\/a-tributario.cl\/index.php\/wp-json\/wp\/v2\/comments?post=5533"}],"version-history":[{"count":7,"href":"https:\/\/a-tributario.cl\/index.php\/wp-json\/wp\/v2\/pages\/5533\/revisions"}],"predecessor-version":[{"id":5806,"href":"https:\/\/a-tributario.cl\/index.php\/wp-json\/wp\/v2\/pages\/5533\/revisions\/5806"}],"wp:attachment":[{"href":"https:\/\/a-tributario.cl\/index.php\/wp-json\/wp\/v2\/media?parent=5533"}],"curies":[{"name":"wp","href":"https:\/\/api.w.org\/{rel}","templated":true}]}}